Last updated on 2025-10-31 14:49:49 CET.
| Flavor | Version | Tinstall | Tcheck | Ttotal | Status | Flags | 
|---|---|---|---|---|---|---|
| r-devel-linux-x86_64-debian-clang | 2.0.2 | 15.57 | 146.59 | 162.16 | NOTE | |
| r-devel-linux-x86_64-debian-gcc | 2.0.2 | 9.28 | 106.51 | 115.79 | NOTE | |
| r-devel-linux-x86_64-fedora-clang | 2.0.2 | 38.00 | 206.76 | 244.76 | OK | |
| r-devel-linux-x86_64-fedora-gcc | 2.0.2 | 40.00 | 206.04 | 246.04 | OK | |
| r-devel-windows-x86_64 | 2.0.2 | 17.00 | 133.00 | 150.00 | OK | |
| r-patched-linux-x86_64 | 2.0.2 | 14.56 | 136.82 | 151.38 | OK | |
| r-release-linux-x86_64 | 2.0.2 | 15.55 | 136.69 | 152.24 | OK | |
| r-release-macos-arm64 | 2.0.2 | 8.00 | 74.00 | 82.00 | OK | |
| r-release-macos-x86_64 | 2.0.2 | 11.00 | 112.00 | 123.00 | OK | |
| r-release-windows-x86_64 | 2.0.2 | 17.00 | 133.00 | 150.00 | OK | |
| r-oldrel-macos-arm64 | 2.0.2 | 6.00 | 54.00 | 60.00 | OK | |
| r-oldrel-macos-x86_64 | 2.0.2 | 9.00 | 79.00 | 88.00 | OK | |
| r-oldrel-windows-x86_64 | 2.0.2 | 23.00 | 170.00 | 193.00 | OK | 
Version: 2.0.2
Check: CRAN incoming feasibility
Result: NOTE
  Maintainer: ‘Marieke van der Maaten-Theunissen <marieke.theunissen@tu-dresden.de>’
  
  No Authors@R field in DESCRIPTION.
  Please add one, modifying
    Authors@R: c(person(given = "Marieke",
                        family = "van der Maaten-Theunissen",
                        role = c("aut", "cph", "cre", "trl"),
                        email = "marieke.theunissen@tu-dresden.de"),
                 person(given = "Ernst",
                        family = "van der Maaten",
                        role = c("aut", "trl")),
                 person(given = "Gottfried",
                        family = "Jetsckhe",
                        role = c("aut", "trl")),
                 person(given = "Mario",
                        family = "Trouillier",
                        role = c("aut", "trl")))
  as necessary.
Flavors: r-devel-linux-x86_64-debian-clang, r-devel-linux-x86_64-debian-gcc