CRAN Package Check Results for Package plsmod

Last updated on 2025-10-21 23:51:04 CEST.

Flavor Version Tinstall Tcheck Ttotal Status Flags
r-devel-linux-x86_64-debian-clang 1.0.0 13.42 107.62 121.04 NOTE
r-devel-linux-x86_64-debian-gcc 1.0.0 9.50 79.57 89.07 NOTE
r-devel-linux-x86_64-fedora-clang 1.0.0 28.00 156.92 184.92 OK
r-devel-linux-x86_64-fedora-gcc 1.0.0 30.00 148.62 178.62 OK
r-devel-windows-x86_64 1.0.0 14.00 103.00 117.00 OK
r-patched-linux-x86_64 1.0.0 12.91 100.59 113.50 OK
r-release-linux-x86_64 1.0.0 12.84 101.13 113.97 OK
r-release-macos-arm64 1.0.0 5.00 39.00 44.00 OK
r-release-macos-x86_64 1.0.0 11.00 94.00 105.00 OK
r-release-windows-x86_64 1.0.0 15.00 105.00 120.00 OK
r-oldrel-macos-arm64 1.0.0 5.00 41.00 46.00 OK
r-oldrel-macos-x86_64 1.0.0 7.00 67.00 74.00 OK
r-oldrel-windows-x86_64 1.0.0 19.00 129.00 148.00 OK

Check Details

Version: 1.0.0
Check: HTML version of manual
Result: NOTE Found the following HTML validation problems: multi_predict.html:74:1 (multi_predict.Rd:29): Warning: missing </ul> before </div> Flavors: r-devel-linux-x86_64-debian-clang, r-devel-linux-x86_64-debian-gcc