Last updated on 2025-10-22 23:50:05 CEST.
Flavor | Version | Tinstall | Tcheck | Ttotal | Status | Flags |
---|---|---|---|---|---|---|
r-devel-linux-x86_64-debian-clang | 0.8.1 | 27.32 | 272.28 | 299.60 | NOTE | |
r-devel-linux-x86_64-debian-gcc | 0.8.1 | 19.00 | 175.64 | 194.64 | OK | |
r-devel-linux-x86_64-fedora-clang | 0.8.1 | 138.00 | 351.99 | 489.99 | OK | |
r-devel-linux-x86_64-fedora-gcc | 0.8.1 | 58.00 | 384.46 | 442.46 | OK | |
r-devel-windows-x86_64 | 0.8.1 | 27.00 | 259.00 | 286.00 | OK | |
r-patched-linux-x86_64 | 0.8.1 | 35.97 | 256.70 | 292.67 | OK | |
r-release-linux-x86_64 | 0.8.1 | 19.80 | 254.17 | 273.97 | OK | |
r-release-macos-arm64 | 0.8.1 | 11.00 | 92.00 | 103.00 | OK | |
r-release-macos-x86_64 | 0.8.1 | 28.00 | 235.00 | 263.00 | OK | |
r-release-windows-x86_64 | 0.8.1 | 29.00 | 253.00 | 282.00 | OK | |
r-oldrel-macos-arm64 | 0.8.1 | 13.00 | 107.00 | 120.00 | NOTE | |
r-oldrel-macos-x86_64 | 0.8.1 | 27.00 | 236.00 | 263.00 | NOTE | |
r-oldrel-windows-x86_64 | 0.8.1 | 39.00 | 332.00 | 371.00 | OK |
Version: 0.8.1
Check: HTML version of manual
Result: NOTE
Found the following HTML validation problems:
ClustreePlotAtomic.html:155:1 (ClustreePlotAtomic.Rd:83): Warning: missing </ul> before </div>
DensityHistoPlotAtomic.html:269:1 (DensityHistoPlotAtomic.Rd:155): Warning: missing </ul> before </div>
GSEAPlotAtomic.html:147:1 (GSEAPlotAtomic.Rd:73): Warning: missing </ul> before </div>
LinePlotSingle.html:292:1 (LinePlotSingle.Rd:166): Warning: missing </ul> before </div>
PieChartAtomic.html:179:1 (PieChartAtomic.Rd:97): Warning: missing </ul> before </div>
RidgePlotAtomic.html:237:1 (RidgePlotAtomic.Rd:135): Warning: missing </ul> before </div>
SplitBarPlotAtomic.html:247:1 (SplitBarPlotAtomic.Rd:139): Warning: missing </ul> before </div>
common_args.html:251:1 (common_args.Rd:125): Warning: missing </ul> before </div>
dot-anno_ggcat.html:110:1 (dot-anno_ggcat.Rd:50): Warning: missing </ul> before </div>
dot-compute_velocity_on_grid.html:88:1 (dot-compute_velocity_on_grid.Rd:36): Warning: missing </ul> before </div>
heatmap-anno.html:258:1 (heatmap-anno.Rd:203): Warning: missing </ul> before </div>
heatmap-layer.html:133:1 (heatmap-layer.Rd:75): Warning: missing </ul> before </div>
validate_common_args.html:217:1 (validate_common_args.Rd:123): Warning: missing </ul> before </div>
Flavor: r-devel-linux-x86_64-debian-clang
Version: 0.8.1
Check: package dependencies
Result: NOTE
Package suggested but not available for checking: ‘ggmanh’
Flavors: r-oldrel-macos-arm64, r-oldrel-macos-x86_64