Last updated on 2025-10-28 18:49:59 CET.
| Flavor | Version | Tinstall | Tcheck | Ttotal | Status | Flags |
|---|---|---|---|---|---|---|
| r-devel-linux-x86_64-debian-clang | 0.2.0 | 1.53 | 24.14 | 25.67 | OK | |
| r-devel-linux-x86_64-debian-gcc | 0.2.0 | 1.16 | 19.38 | 20.54 | OK | |
| r-devel-linux-x86_64-fedora-clang | 0.2.0 | 36.63 | OK | |||
| r-devel-linux-x86_64-fedora-gcc | 0.2.0 | 35.09 | OK | |||
| r-devel-windows-x86_64 | 0.2.0 | 3.00 | 49.00 | 52.00 | OK | |
| r-patched-linux-x86_64 | 0.2.0 | 1.39 | 21.49 | 22.88 | OK | |
| r-release-linux-x86_64 | 0.2.0 | 1.29 | 21.64 | 22.93 | OK | |
| r-release-macos-arm64 | 0.2.0 | 1.00 | 15.00 | 16.00 | OK | |
| r-release-macos-x86_64 | 0.2.0 | 1.00 | 29.00 | 30.00 | OK | |
| r-release-windows-x86_64 | 0.2.0 | 4.00 | 51.00 | 55.00 | OK | |
| r-oldrel-macos-arm64 | 0.2.0 | 1.00 | 20.00 | 21.00 | NOTE | |
| r-oldrel-macos-x86_64 | 0.2.0 | 2.00 | 33.00 | 35.00 | NOTE | |
| r-oldrel-windows-x86_64 | 0.2.0 | 2.00 | 52.00 | 54.00 | NOTE |
Version: 0.2.0
Check: LazyData
Result: NOTE
'LazyData' is specified without a 'data' directory
Flavors: r-oldrel-macos-arm64, r-oldrel-macos-x86_64, r-oldrel-windows-x86_64