Last updated on 2025-10-21 17:49:57 CEST.
Flavor | Version | Tinstall | Tcheck | Ttotal | Status | Flags |
---|---|---|---|---|---|---|
r-devel-linux-x86_64-debian-clang | 0.1.7 | 6.52 | 96.47 | 102.99 | NOTE | |
r-devel-linux-x86_64-debian-gcc | 0.1.7 | 4.87 | 66.76 | 71.63 | NOTE | |
r-devel-linux-x86_64-fedora-clang | 0.1.7 | 13.00 | 139.78 | 152.78 | OK | |
r-devel-linux-x86_64-fedora-gcc | 0.1.7 | 14.00 | 137.21 | 151.21 | OK | |
r-devel-windows-x86_64 | 0.1.7 | 9.00 | 113.00 | 122.00 | OK | |
r-patched-linux-x86_64 | 0.1.7 | 7.22 | 90.03 | 97.25 | OK | |
r-release-linux-x86_64 | 0.1.7 | 6.51 | 90.46 | 96.97 | OK | |
r-release-macos-arm64 | 0.1.7 | 3.00 | 33.00 | 36.00 | OK | |
r-release-macos-x86_64 | 0.1.7 | 4.00 | 65.00 | 69.00 | OK | |
r-release-windows-x86_64 | 0.1.7 | 9.00 | 114.00 | 123.00 | OK | |
r-oldrel-macos-arm64 | 0.1.7 | 3.00 | 34.00 | 37.00 | OK | |
r-oldrel-macos-x86_64 | 0.1.7 | 4.00 | 52.00 | 56.00 | OK | |
r-oldrel-windows-x86_64 | 0.1.7 | 11.00 | 141.00 | 152.00 | OK |
Version: 0.1.7
Check: HTML version of manual
Result: NOTE
Found the following HTML validation problems:
check_plate_input.html:50:1 (check_plate_input.Rd:12): Warning: missing </ul> before </div>
is_1536.html:46:1 (is_1536.Rd:10): Warning: missing </ul> before </div>
plate_effect.html:52:1 (plate_effect.Rd:12): Warning: missing </ul> before </div>
plate_map_multiple.html:51:1 (plate_map_multiple.Rd:12): Warning: missing </ul> before </div>
Flavors: r-devel-linux-x86_64-debian-clang, r-devel-linux-x86_64-debian-gcc