Last updated on 2025-10-20 23:50:15 CEST.
Flavor | Version | Tinstall | Tcheck | Ttotal | Status | Flags |
---|---|---|---|---|---|---|
r-devel-linux-x86_64-debian-clang | 2.1.3 | 10.32 | 304.66 | 314.98 | OK | |
r-devel-linux-x86_64-debian-gcc | 2.1.3 | 7.14 | 221.17 | 228.31 | NOTE | |
r-devel-linux-x86_64-fedora-clang | 2.1.3 | 467.08 | OK | |||
r-devel-linux-x86_64-fedora-gcc | 2.1.3 | 483.91 | OK | |||
r-devel-windows-x86_64 | 2.1.3 | 13.00 | 197.00 | 210.00 | OK | |
r-patched-linux-x86_64 | 2.1.3 | 10.28 | 294.51 | 304.79 | OK | |
r-release-linux-x86_64 | 2.1.3 | 10.05 | 293.32 | 303.37 | OK | |
r-release-macos-arm64 | 2.1.3 | 94.00 | OK | |||
r-release-macos-x86_64 | 2.1.3 | 202.00 | OK | |||
r-release-windows-x86_64 | 2.1.3 | 14.00 | 195.00 | 209.00 | OK | |
r-oldrel-macos-arm64 | 2.1.3 | 92.00 | OK | |||
r-oldrel-macos-x86_64 | 2.1.3 | 195.00 | OK | |||
r-oldrel-windows-x86_64 | 2.1.3 | 17.00 | 226.00 | 243.00 | OK |
Version: 2.1.3
Check: HTML version of manual
Result: NOTE
Found the following HTML validation problems:
as_pkgdown.html:52:1 (as_pkgdown.Rd:13): Warning: missing </ul> before </div>
build_favicons.html:60:1 (build_favicons.Rd:12): Warning: missing </ul> before </div>
build_redirects.html:67:1 (build_redirects.Rd:13): Warning: missing </ul> before </div>
build_site_github_pages.html:93:1 (build_site_github_pages.Rd:30): Warning: missing </ul> before </div>
check_pkgdown.html:68:1 (check_pkgdown.Rd:13): Warning: missing </ul> before </div>
clean.html:58:1 (clean.Rd:17): Warning: missing </ul> before </div>
deploy_site_github.html:113:1 (deploy_site_github.Rd:44): Warning: missing </ul> before </div>
deploy_to_branch.html:91:1 (deploy_to_branch.Rd:39): Warning: missing </ul> before </div>
preview_site.html:58:1 (preview_site.Rd:15): Warning: missing </ul> before </div>
render_page.html:86:1 (render_page.Rd:32): Warning: missing </ul> before </div>
Flavor: r-devel-linux-x86_64-debian-gcc