Last updated on 2025-11-21 14:49:52 CET.
| Flavor | Version | Tinstall | Tcheck | Ttotal | Status | Flags |
|---|---|---|---|---|---|---|
| r-devel-linux-x86_64-debian-clang | 0.1.1 | 3.30 | 33.69 | 36.99 | NOTE | |
| r-devel-linux-x86_64-debian-gcc | 0.1.1 | 2.52 | 27.12 | 29.64 | NOTE | |
| r-devel-linux-x86_64-fedora-clang | 0.1.1 | 54.04 | NOTE | |||
| r-devel-linux-x86_64-fedora-gcc | 0.1.1 | 51.13 | NOTE | |||
| r-devel-windows-x86_64 | 0.1.1 | 7.00 | 49.00 | 56.00 | NOTE | |
| r-patched-linux-x86_64 | 0.1.1 | 3.45 | 31.30 | 34.75 | NOTE | |
| r-release-linux-x86_64 | 0.1.1 | 2.76 | 31.14 | 33.90 | NOTE | |
| r-release-macos-arm64 | 0.1.1 | NOTE | ||||
| r-release-macos-x86_64 | 0.1.1 | 3.00 | 30.00 | 33.00 | NOTE | |
| r-release-windows-x86_64 | 0.1.1 | 6.00 | 49.00 | 55.00 | NOTE | |
| r-oldrel-macos-arm64 | 0.1.1 | NOTE | ||||
| r-oldrel-macos-x86_64 | 0.1.1 | 2.00 | 27.00 | 29.00 | NOTE | |
| r-oldrel-windows-x86_64 | 0.1.1 | 7.00 | 62.00 | 69.00 | NOTE |
Version: 0.1.1
Check: Rd files
Result: NOTE
checkRd: (-1) get_pixels.Rd:27-29: Lost braces
27 | if (interactive()) {
| ^
Flavors: r-devel-linux-x86_64-debian-clang, r-devel-linux-x86_64-debian-gcc, r-devel-linux-x86_64-fedora-clang, r-devel-linux-x86_64-fedora-gcc, r-devel-windows-x86_64, r-patched-linux-x86_64, r-release-linux-x86_64, r-release-macos-arm64, r-release-macos-x86_64, r-release-windows-x86_64, r-oldrel-macos-arm64, r-oldrel-macos-x86_64, r-oldrel-windows-x86_64
Version: 0.1.1
Check: LazyData
Result: NOTE
'LazyData' is specified without a 'data' directory
Flavors: r-oldrel-macos-arm64, r-oldrel-macos-x86_64, r-oldrel-windows-x86_64