Last updated on 2025-11-15 00:50:34 CET.
| Flavor | Version | Tinstall | Tcheck | Ttotal | Status | Flags |
|---|---|---|---|---|---|---|
| r-devel-linux-x86_64-debian-clang | 0.1.1 | 8.15 | 69.32 | 77.47 | OK | |
| r-devel-linux-x86_64-debian-gcc | 0.1.1 | 6.52 | 49.59 | 56.11 | OK | |
| r-devel-linux-x86_64-fedora-clang | 0.1.1 | 23.00 | 95.50 | 118.50 | OK | |
| r-devel-linux-x86_64-fedora-gcc | 0.1.1 | 19.00 | 90.24 | 109.24 | OK | |
| r-devel-windows-x86_64 | 0.1.1 | 12.00 | 74.00 | 86.00 | OK | |
| r-patched-linux-x86_64 | 0.1.1 | 7.20 | 63.35 | 70.55 | OK | |
| r-release-linux-x86_64 | 0.1.1 | 7.85 | 63.20 | 71.05 | OK | |
| r-release-macos-arm64 | 0.1.1 | 3.00 | 28.00 | 31.00 | OK | |
| r-release-macos-x86_64 | 0.1.1 | 5.00 | 48.00 | 53.00 | OK | |
| r-release-windows-x86_64 | 0.1.1 | 11.00 | 73.00 | 84.00 | OK | |
| r-oldrel-macos-arm64 | 0.1.1 | 3.00 | 27.00 | 30.00 | NOTE | |
| r-oldrel-macos-x86_64 | 0.1.1 | 5.00 | 37.00 | 42.00 | NOTE | |
| r-oldrel-windows-x86_64 | 0.1.1 | 14.00 | 92.00 | 106.00 | NOTE |
Version: 0.1.1
Check: LazyData
Result: NOTE
'LazyData' is specified without a 'data' directory
Flavors: r-oldrel-macos-arm64, r-oldrel-macos-x86_64, r-oldrel-windows-x86_64