Last updated on 2025-10-31 20:48:46 CET.
| Flavor | Version | Tinstall | Tcheck | Ttotal | Status | Flags | 
|---|---|---|---|---|---|---|
| r-devel-linux-x86_64-debian-clang | 0.1.1 | 345.61 | 174.18 | 519.79 | OK | |
| r-devel-linux-x86_64-debian-gcc | 0.1.1 | 323.85 | 150.10 | 473.95 | OK | |
| r-devel-linux-x86_64-fedora-clang | 0.1.1 | 720.00 | 69.31 | 789.31 | OK | |
| r-devel-linux-x86_64-fedora-gcc | 0.1.1 | 1080.00 | -19.62 | 1060.38 | OK | |
| r-devel-windows-x86_64 | 0.1.1 | 397.00 | 207.00 | 604.00 | OK | |
| r-patched-linux-x86_64 | 0.1.1 | 425.22 | 199.58 | 624.80 | OK | |
| r-release-linux-x86_64 | 0.1.1 | 411.46 | 199.63 | 611.09 | OK | |
| r-release-macos-arm64 | 0.1.1 | 116.00 | 36.00 | 152.00 | OK | |
| r-release-macos-x86_64 | 0.1.1 | 163.00 | 70.00 | 233.00 | OK | |
| r-release-windows-x86_64 | 0.1.1 | 392.00 | 207.00 | 599.00 | OK | |
| r-oldrel-macos-arm64 | 0.1.1 | 141.00 | 48.00 | 189.00 | NOTE | |
| r-oldrel-macos-x86_64 | 0.1.1 | 165.00 | 98.00 | 263.00 | NOTE | |
| r-oldrel-windows-x86_64 | 0.1.1 | 442.00 | 264.00 | 706.00 | NOTE | 
Version: 0.1.1
Check: installed package size
Result: NOTE
    installed size is 84.9Mb
    sub-directories of 1Mb or more:
      libs  84.6Mb
Flavors: r-oldrel-macos-arm64, r-oldrel-macos-x86_64
Version: 0.1.1
Check: for GNU extensions in Makefiles
Result: NOTE
  GNU make is a SystemRequirements.
Flavors: r-oldrel-macos-arm64, r-oldrel-macos-x86_64, r-oldrel-windows-x86_64