Last updated on 2025-10-26 17:50:42 CET.
| Flavor | Version | Tinstall | Tcheck | Ttotal | Status | Flags |
|---|---|---|---|---|---|---|
| r-devel-linux-x86_64-debian-clang | 0.2.1 | 123.23 | 225.72 | 348.95 | OK | |
| r-devel-linux-x86_64-debian-gcc | 0.2.1 | 123.68 | 179.35 | 303.03 | OK | |
| r-devel-linux-x86_64-fedora-clang | 0.2.1 | 252.00 | 270.50 | 522.50 | OK | |
| r-devel-linux-x86_64-fedora-gcc | 0.2.1 | 384.00 | 278.23 | 662.23 | OK | |
| r-devel-windows-x86_64 | 0.2.1 | 144.00 | 294.00 | 438.00 | OK | |
| r-patched-linux-x86_64 | 0.2.1 | 145.92 | 237.05 | 382.97 | OK | |
| r-release-linux-x86_64 | 0.2.1 | 143.80 | 236.00 | 379.80 | OK | |
| r-release-macos-arm64 | 0.2.1 | 51.00 | 97.00 | 148.00 | OK | |
| r-release-macos-x86_64 | 0.2.1 | 128.00 | 323.00 | 451.00 | OK | |
| r-release-windows-x86_64 | 0.2.1 | 145.00 | 288.00 | 433.00 | OK | |
| r-oldrel-macos-arm64 | 0.2.1 | 26.00 | 62.00 | 88.00 | NOTE | |
| r-oldrel-macos-x86_64 | 0.2.1 | 50.00 | 106.00 | 156.00 | NOTE | |
| r-oldrel-windows-x86_64 | 0.2.1 | 170.00 | 379.00 | 549.00 | NOTE |
Version: 0.2.1
Check: installed package size
Result: NOTE
installed size is 40.5Mb
sub-directories of 1Mb or more:
libs 40.2Mb
Flavors: r-oldrel-macos-arm64, r-oldrel-macos-x86_64
Version: 0.2.1
Check: for GNU extensions in Makefiles
Result: NOTE
GNU make is a SystemRequirements.
Flavors: r-oldrel-macos-arm64, r-oldrel-macos-x86_64, r-oldrel-windows-x86_64