Last updated on 2025-10-31 07:51:53 CET.
| Flavor | Version | Tinstall | Tcheck | Ttotal | Status | Flags | 
|---|---|---|---|---|---|---|
| r-devel-linux-x86_64-debian-clang | 0.5.3 | 40.76 | 32.58 | 73.34 | OK | |
| r-devel-linux-x86_64-debian-gcc | 0.5.3 | 32.39 | 25.68 | 58.07 | OK | |
| r-devel-linux-x86_64-fedora-clang | 0.5.3 | 86.00 | 49.22 | 135.22 | OK | |
| r-devel-linux-x86_64-fedora-gcc | 0.5.3 | 86.00 | 41.97 | 127.97 | OK | |
| r-devel-windows-x86_64 | 0.5.3 | 84.00 | 78.00 | 162.00 | OK | |
| r-patched-linux-x86_64 | 0.5.3 | 44.22 | 31.13 | 75.35 | OK | |
| r-release-linux-x86_64 | 0.5.3 | 43.25 | 31.17 | 74.42 | OK | |
| r-release-macos-arm64 | 0.5.3 | 24.00 | 18.00 | 42.00 | OK | |
| r-release-macos-x86_64 | 0.5.3 | 30.00 | 38.00 | 68.00 | OK | |
| r-release-windows-x86_64 | 0.5.3 | 90.00 | 78.00 | 168.00 | OK | |
| r-oldrel-macos-arm64 | 0.5.3 | 19.00 | 20.00 | 39.00 | NOTE | |
| r-oldrel-macos-x86_64 | 0.5.3 | 24.00 | 41.00 | 65.00 | NOTE | |
| r-oldrel-windows-x86_64 | 0.5.3 | 96.00 | 89.00 | 185.00 | NOTE | 
Version: 0.5.3
Check: installed package size
Result: NOTE
    installed size is 17.1Mb
    sub-directories of 1Mb or more:
      include  12.8Mb
      libs      4.1Mb
Flavors: r-oldrel-macos-arm64, r-oldrel-macos-x86_64, r-oldrel-windows-x86_64