Last updated on 2025-11-15 00:50:33 CET.
| Flavor | Version | Tinstall | Tcheck | Ttotal | Status | Flags |
|---|---|---|---|---|---|---|
| r-devel-linux-x86_64-debian-clang | 0.1.3 | 6.06 | 58.63 | 64.69 | NOTE | |
| r-devel-linux-x86_64-debian-gcc | 0.1.3 | 4.41 | 43.17 | 47.58 | NOTE | |
| r-devel-linux-x86_64-fedora-clang | 0.1.3 | 12.00 | 85.14 | 97.14 | OK | |
| r-devel-linux-x86_64-fedora-gcc | 0.1.3 | 13.00 | 99.28 | 112.28 | OK | |
| r-devel-windows-x86_64 | 0.1.3 | 10.00 | 78.00 | 88.00 | OK | |
| r-patched-linux-x86_64 | 0.1.3 | 5.23 | 55.85 | 61.08 | OK | |
| r-release-linux-x86_64 | 0.1.3 | 5.74 | 55.14 | 60.88 | OK | |
| r-release-macos-arm64 | 0.1.3 | 2.00 | 30.00 | 32.00 | OK | |
| r-release-macos-x86_64 | 0.1.3 | 4.00 | 57.00 | 61.00 | OK | |
| r-release-windows-x86_64 | 0.1.3 | 8.00 | 68.00 | 76.00 | OK | |
| r-oldrel-macos-arm64 | 0.1.3 | 3.00 | 27.00 | 30.00 | OK | |
| r-oldrel-macos-x86_64 | 0.1.3 | 4.00 | 45.00 | 49.00 | OK | |
| r-oldrel-windows-x86_64 | 0.1.3 | 11.00 | 80.00 | 91.00 | OK |
Version: 0.1.3
Check: CRAN incoming feasibility
Result: NOTE
Maintainer: ‘KM Gates <gateskm@email.unc.edu>’
No Authors@R field in DESCRIPTION.
Please add one, modifying
Authors@R: c(person(given = "KM",
family = "Gates",
role = c("aut", "cre"),
email = "gateskm@email.unc.edu"),
person(given = "Zachary",
family = "Fisher",
role = "aut"),
person(given = "Cara",
family = "Arizmendi",
role = "aut"))
as necessary.
Flavors: r-devel-linux-x86_64-debian-clang, r-devel-linux-x86_64-debian-gcc