Last updated on 2025-07-28 13:49:42 CEST.
Flavor | Version | Tinstall | Tcheck | Ttotal | Status | Flags |
---|---|---|---|---|---|---|
r-devel-linux-x86_64-debian-clang | 2.2.2 | 2.82 | 38.18 | 41.00 | NOTE | |
r-devel-linux-x86_64-debian-gcc | 2.2.2 | 1.90 | 29.89 | 31.79 | NOTE | |
r-devel-linux-x86_64-fedora-clang | 2.2.2 | 60.75 | OK | |||
r-devel-linux-x86_64-fedora-gcc | 2.2.2 | 73.85 | OK | |||
r-devel-windows-x86_64 | 2.2.2 | 4.00 | 82.00 | 86.00 | OK | |
r-patched-linux-x86_64 | 2.2.2 | 2.76 | 35.54 | 38.30 | OK | |
r-release-linux-x86_64 | 2.2.2 | 2.58 | 35.66 | 38.24 | OK | |
r-release-macos-arm64 | 2.2.2 | 31.00 | OK | |||
r-release-macos-x86_64 | 2.2.2 | 56.00 | OK | |||
r-release-windows-x86_64 | 2.2.2 | 3.00 | 66.00 | 69.00 | OK | |
r-oldrel-macos-arm64 | 2.2.2 | 26.00 | OK | |||
r-oldrel-macos-x86_64 | 2.2.2 | 74.00 | OK | |||
r-oldrel-windows-x86_64 | 2.2.2 | 4.00 | 74.00 | 78.00 | OK |
Version: 2.2.2
Check: CRAN incoming feasibility
Result: NOTE
Maintainer: ‘Maxime Turgeon <maxime.turgeon@mail.mcgill.ca>’
Package CITATION file contains call(s) to old-style personList() or
as.personList(). Please use c() on person objects instead.
Package CITATION file contains call(s) to old-style citEntry(). Please
use bibentry() instead.
Flavors: r-devel-linux-x86_64-debian-clang, r-devel-linux-x86_64-debian-gcc