Last updated on 2025-10-31 07:51:53 CET.
| Flavor | Version | Tinstall | Tcheck | Ttotal | Status | Flags | 
|---|---|---|---|---|---|---|
| r-devel-linux-x86_64-debian-clang | 1.2 | 3.92 | 30.77 | 34.69 | NOTE | |
| r-devel-linux-x86_64-debian-gcc | 1.2 | 2.85 | 25.16 | 28.01 | NOTE | |
| r-devel-linux-x86_64-fedora-clang | 1.2 | 52.61 | OK | |||
| r-devel-linux-x86_64-fedora-gcc | 1.2 | 62.12 | OK | |||
| r-devel-windows-x86_64 | 1.2 | 6.00 | 50.00 | 56.00 | OK | |
| r-patched-linux-x86_64 | 1.2 | 3.64 | 29.23 | 32.87 | OK | |
| r-release-linux-x86_64 | 1.2 | 3.58 | 29.42 | 33.00 | OK | |
| r-release-macos-arm64 | 1.2 | 4.00 | 29.00 | 33.00 | OK | |
| r-release-macos-x86_64 | 1.2 | 6.00 | 43.00 | 49.00 | OK | |
| r-release-windows-x86_64 | 1.2 | 9.00 | 40.00 | 49.00 | OK | |
| r-oldrel-macos-arm64 | 1.2 | 3.00 | 24.00 | 27.00 | NOTE | |
| r-oldrel-macos-x86_64 | 1.2 | 4.00 | 32.00 | 36.00 | NOTE | |
| r-oldrel-windows-x86_64 | 1.2 | 9.00 | 62.00 | 71.00 | NOTE | 
Version: 1.2
Check: CRAN incoming feasibility
Result: NOTE
  Maintainer: ‘Rob Tibshirani <tibs@stanford.edu>’
  
  No Authors@R field in DESCRIPTION.
  Please add one, modifying
    Authors@R: c(person(given = "Jerome",
                        family = "Friedman",
                        role = "aut"),
                 person(given = "Kenneth",
                        family = "Tay",
                        role = "aut"),
                 person(given = "Robert",
                        family = "Tibshirani",
                        role = "aut"),
                 person(given = "Rob",
                        family = "Tibshirani",
                        role = "cre",
                        email = "tibs@stanford.edu"))
  as necessary.
  
  The Description field contains
    regression' <arXiv:1810.04651>.
  Please refer to arXiv e-prints via their arXiv DOI <doi:10.48550/arXiv.YYMM.NNNNN>.
Flavors: r-devel-linux-x86_64-debian-clang, r-devel-linux-x86_64-debian-gcc
Version: 1.2
Check: LazyData
Result: NOTE
    'LazyData' is specified without a 'data' directory
Flavors: r-oldrel-macos-arm64, r-oldrel-macos-x86_64, r-oldrel-windows-x86_64