Last updated on 2025-07-24 06:49:34 CEST.
Flavor | Version | Tinstall | Tcheck | Ttotal | Status | Flags |
---|---|---|---|---|---|---|
r-devel-linux-x86_64-debian-clang | 0.9.0 | 148.75 | 352.64 | 501.39 | OK | |
r-devel-linux-x86_64-debian-gcc | 0.9.0 | 83.21 | 235.51 | 318.72 | OK | |
r-devel-linux-x86_64-fedora-clang | 0.9.0 | 750.88 | OK | |||
r-devel-linux-x86_64-fedora-gcc | 0.9.0 | 689.87 | OK | |||
r-devel-windows-x86_64 | 0.9.0 | 137.00 | 607.00 | 744.00 | OK | |
r-patched-linux-x86_64 | 0.9.0 | 158.41 | 322.12 | 480.53 | OK | |
r-release-linux-x86_64 | 0.9.0 | 139.14 | 325.32 | 464.46 | OK | |
r-release-macos-arm64 | 0.9.0 | 197.00 | OK | |||
r-release-macos-x86_64 | 0.9.0 | 408.00 | OK | |||
r-release-windows-x86_64 | 0.9.0 | 140.00 | 582.00 | 722.00 | OK | |
r-oldrel-macos-arm64 | 0.9.0 | 178.00 | NOTE | |||
r-oldrel-macos-x86_64 | 0.9.0 | 359.00 | NOTE | |||
r-oldrel-windows-x86_64 | 0.9.0 | 203.00 | 653.00 | 856.00 | NOTE |
Version: 0.9.0
Check: installed package size
Result: NOTE
installed size is 7.8Mb
sub-directories of 1Mb or more:
R 3.1Mb
help 4.4Mb
Flavors: r-oldrel-macos-arm64, r-oldrel-macos-x86_64, r-oldrel-windows-x86_64