CRAN Package Check Results for Package paws.end.user.computing

Last updated on 2025-10-22 05:51:20 CEST.

Flavor Version Tinstall Tcheck Ttotal Status Flags
r-devel-linux-x86_64-debian-clang 0.9.0 29.78 108.04 137.82 NOTE
r-devel-linux-x86_64-debian-gcc 0.9.0 18.84 73.42 92.26 NOTE
r-devel-linux-x86_64-fedora-clang 0.9.0 71.00 115.86 186.86 OK
r-devel-linux-x86_64-fedora-gcc 0.9.0 64.00 114.91 178.91 OK
r-devel-windows-x86_64 0.9.0 31.00 165.00 196.00 OK
r-patched-linux-x86_64 0.9.0 39.40 100.23 139.63 OK
r-release-linux-x86_64 0.9.0 25.99 99.33 125.32 OK
r-release-macos-arm64 0.9.0 15.00 50.00 65.00 OK
r-release-macos-x86_64 0.9.0 29.00 80.00 109.00 OK
r-release-windows-x86_64 0.9.0 32.00 167.00 199.00 OK
r-oldrel-macos-arm64 0.9.0 12.00 45.00 57.00 OK
r-oldrel-macos-x86_64 0.9.0 27.00 78.00 105.00 OK
r-oldrel-windows-x86_64 0.9.0 42.00 188.00 230.00 OK

Check Details

Version: 0.9.0
Check: HTML version of manual
Result: NOTE Found the following HTML validation problems: appstream_associate_app_block_builder_app_block.html:55:1 (appstream_associate_app_block_builder_app_block.Rd:15): Warning: missing </ul> before </div> appstream_associate_application_fleet.html:52:1 (appstream_associate_application_fleet.Rd:12): Warning: missing </ul> before </div> appstream_associate_application_to_entitlement.html:60:1 (appstream_associate_application_to_entitlement.Rd:18): Warning: missing </ul> before </div> appstream_associate_fleet.html:52:1 (appstream_associate_fleet.Rd:12): Warning: missing </ul> before </div> appstream_batch_associate_user_stack.html:48:1 (appstream_batch_associate_user_stack.Rd:10): Warning: missing </ul> before </div> appstream_batch_disassociate_user_stack.html:48:1 (appstream_batch_disassociate_user_stack.Rd:10): Warning: missing </ul> before </div> appstream_copy_image.html:68:1 (appstream_copy_image.Rd:24): Warning: missing </ul> before </div> appstream_create_app_block.html:87:1 (appstream_create_app_block.Rd:35): Warning: missing </ul> before </div> appstream_create_app_block_builder.html:142:1 (appstream_create_app_block_builder.Rd:75): Warning: missing </ul> before </div> appstream_create_app_block_builder_streaming_url.html:56:1 (appstream_create_app_block_builder_streaming_url.Rd:16): Warning: missing </ul> before </div> appstream_create_application.html:104:1 (appstream_create_application.Rd:46): Warning: missing </ul> before </div> appstream_create_directory_config.html:77:1 (appstream_create_directory_config.Rd:33): Warning: missing </ul> before </div> appstream_create_entitlement.html:70:1 (appstream_create_entitlement.Rd:24): Warning: missing </ul> before </div> appstream_create_fleet.html:389:1 (appstream_create_fleet.Rd:213): Warning: missing </ul> before </div> appstream_create_image_builder.html:239:1 (appstream_create_image_builder.Rd:110): Warning: missing </ul> before </div> appstream_create_image_builder_streaming_url.html:53:1 (appstream_create_image_builder_streaming_url.Rd:13): Warning: missing </ul> before </div> appstream_create_stack.html:127:1 (appstream_create_stack.Rd:67): Warning: missing </ul> before </div> appstream_create_streaming_url.html:81:1 (appstream_create_streaming_url.Rd:33): Warning: missing </ul> before </div> appstream_create_theme_for_stack.html:85:1 (appstream_create_theme_for_stack.Rd:37): Warning: missing </ul> before </div> appstream_create_updated_image.html:94:1 (appstream_create_updated_image.Rd:46): Warning: missing </ul> before </div> appstream_create_user.html:82:1 (appstream_create_user.Rd:36): Warning: missing </ul> before </div> appstream_delete_app_block.html:48:1 (appstream_delete_app_block.Rd:10): Warning: missing </ul> before </div> appstream_delete_app_block_builder.html:48:1 (appstream_delete_app_block_builder.Rd:10): Warning: missing </ul> before </div> appstream_delete_application.html:48:1 (appstream_delete_application.Rd:10): Warning: missing </ul> before </div> appstream_delete_directory_config.html:48:1 (appstream_delete_directory_config.Rd:10): Warning: missing </ul> before </div> appstream_delete_entitlement.html:52:1 (appstream_delete_entitlement.Rd:12): Warning: missing </ul> before </div> appstream_delete_fleet.html:48:1 (appstream_delete_fleet.Rd:10): Warning: missing </ul> before </div> appstream_delete_image.html:48:1 (appstream_delete_image.Rd:10): Warning: missing </ul> before </div> appstream_delete_image_builder.html:48:1 (appstream_delete_image_builder.Rd:10): Warning: missing </ul> before </div> appstream_delete_image_permissions.html:53:1 (appstream_delete_image_permissions.Rd:13): Warning: missing </ul> before </div> appstream_delete_stack.html:48:1 (appstream_delete_stack.Rd:10): Warning: missing </ul> before </div> appstream_delete_theme_for_stack.html:49:1 (appstream_delete_theme_for_stack.Rd:11): Warning: missing </ul> before </div> appstream_delete_user.html:54:1 (appstream_delete_user.Rd:14): Warning: missing </ul> before </div> appstream_describe_app_block_builder_app_block_associations.html:67:1 (appstream_describe_app_block_builder_app_block_associations.Rd:23): Warning: missing </ul> before </div> appstream_describe_app_block_builders.html:61:1 (appstream_describe_app_block_builders.Rd:19): Warning: missing </ul> before </div> appstream_describe_app_blocks.html:57:1 (appstream_describe_app_blocks.Rd:15): Warning: missing </ul> before </div> appstream_describe_application_fleet_associations.html:67:1 (appstream_describe_application_fleet_associations.Rd:23): Warning: missing </ul> before </div> appstream_describe_applications.html:61:1 (appstream_describe_applications.Rd:19): Warning: missing </ul> before </div> appstream_describe_directory_configs.html:62:1 (appstream_describe_directory_configs.Rd:20): Warning: missing </ul> before </div> appstream_describe_entitlements.html:66:1 (appstream_describe_entitlements.Rd:22): Warning: missing </ul> before </div> appstream_describe_fleets.html:54:1 (appstream_describe_fleets.Rd:14): Warning: missing </ul> before </div> appstream_describe_image_builders.html:62:1 (appstream_describe_image_builders.Rd:20): Warning: missing </ul> before </div> appstream_describe_image_permissions.html:69:1 (appstream_describe_image_permissions.Rd:25): Warning: missing </ul> before </div> appstream_describe_images.html:72:1 (appstream_describe_images.Rd:26): Warning: missing </ul> before </div> appstream_describe_sessions.html:86:1 (appstream_describe_sessions.Rd:36): Warning: missing </ul> before </div> appstream_describe_stacks.html:54:1 (appstream_describe_stacks.Rd:14): Warning: missing </ul> before </div> appstream_describe_theme_for_stack.html:48:1 (appstream_describe_theme_for_stack.Rd:10): Warning: missing </ul> before </div> appstream_describe_usage_report_subscriptions.html:56:1 (appstream_describe_usage_report_subscriptions.Rd:16): Warning: missing </ul> before </div> appstream_describe_user_stack_associations.html:74:1 (appstream_describe_user_stack_associations.Rd:28): Warning: missing </ul> before </div> appstream_describe_users.html:63:1 (appstream_describe_users.Rd:21): Warning: missing </ul> before </div> appstream_disable_user.html:54:1 (appstream_disable_user.Rd:14): Warning: missing </ul> before </div> appstream_disassociate_app_block_builder_app_block.html:55:1 (appstream_disassociate_app_block_builder_app_block.Rd:15): Warning: missing </ul> before </div> appstream_disassociate_application_fleet.html:52:1 (appstream_disassociate_application_fleet.Rd:12): Warning: missing </ul> before </div> appstream_disassociate_application_from_entitlement.html:60:1 (appstream_disassociate_application_from_entitlement.Rd:18): Warning: missing </ul> before </div> appstream_disassociate_fleet.html:52:1 (appstream_disassociate_fleet.Rd:12): Warning: missing </ul> before </div> appstream_enable_user.html:57:1 (appstream_enable_user.Rd:17): Warning: missing </ul> before </div> appstream_expire_session.html:48:1 (appstream_expire_session.Rd:10): Warning: missing </ul> before </div> appstream_list_associated_fleets.html:54:1 (appstream_list_associated_fleets.Rd:14): Warning: missing </ul> before </div> appstream_list_associated_stacks.html:54:1 (appstream_list_associated_stacks.Rd:14): Warning: missing </ul> before </div> appstream_list_entitled_applications.html:66:1 (appstream_list_entitled_applications.Rd:22): Warning: missing </ul> before </div> appstream_list_tags_for_resource.html:48:1 (appstream_list_tags_for_resource.Rd:10): Warning: missing </ul> before </div> appstream_start_app_block_builder.html:48:1 (appstream_start_app_block_builder.Rd:10): Warning: missing </ul> before </div> appstream_start_fleet.html:48:1 (appstream_start_fleet.Rd:10): Warning: missing </ul> before </div> appstream_start_image_builder.html:53:1 (appstream_start_image_builder.Rd:13): Warning: missing </ul> before </div> appstream_stop_app_block_builder.html:48:1 (appstream_stop_app_block_builder.Rd:10): Warning: missing </ul> before </div> appstream_stop_fleet.html:48:1 (appstream_stop_fleet.Rd:10): Warning: missing </ul> before </div> appstream_stop_image_builder.html:48:1 (appstream_stop_image_builder.Rd:10): Warning: missing </ul> before </div> appstream_tag_resource.html:61:1 (appstream_tag_resource.Rd:21): Warning: missing </ul> before </div> appstream_untag_resource.html:52:1 (appstream_untag_resource.Rd:12): Warning: missing </ul> before </div> appstream_update_app_block_builder.html:130:1 (appstream_update_app_block_builder.Rd:63): Warning: missing </ul> before </div> appstream_update_application.html:92:1 (appstream_update_application.Rd:38): Warning: missing </ul> before </div> appstream_update_directory_config.html:76:1 (appstream_update_directory_config.Rd:32): Warning: missing </ul> before </div> appstream_update_entitlement.html:70:1 (appstream_update_entitlement.Rd:24): Warning: missing </ul> before </div> appstream_update_fleet.html:341:1 (appstream_update_fleet.Rd:179): Warning: missing </ul> before </div> appstream_update_image_permissions.html:57:1 (appstream_update_image_permissions.Rd:15): Warning: missing </ul> before </div> appstream_update_stack.html:120:1 (appstream_update_stack.Rd:58): Warning: missing </ul> before </div> appstream_update_theme_for_stack.html:96:1 (appstream_update_theme_for_stack.Rd:44): Warning: missing </ul> before </div> chatbot_associate_to_configuration.html:53:1 (chatbot_associate_to_configuration.Rd:13): Warning: missing </ul> before </div> chatbot_create_chime_webhook_configuration.html:90:1 (chatbot_create_chime_webhook_configuration.Rd:40): Warning: missing </ul> before </div> chatbot_create_custom_action.html:88:1 (chatbot_create_custom_action.Rd:40): Warning: missing </ul> before </div> chatbot_create_microsoft_teams_channel_configuration.html:118:1 (chatbot_create_microsoft_teams_channel_configuration.Rd:58): Warning: missing </ul> before </div> chatbot_create_slack_channel_configuration.html:107:1 (chatbot_create_slack_channel_configuration.Rd:51): Warning: missing </ul> before </div> chatbot_delete_chime_webhook_configuration.html:49:1 (chatbot_delete_chime_webhook_configuration.Rd:11): Warning: missing </ul> before </div> chatbot_delete_custom_action.html:48:1 (chatbot_delete_custom_action.Rd:10): Warning: missing </ul> before </div> chatbot_delete_microsoft_teams_channel_configuration.html:49:1 (chatbot_delete_microsoft_teams_channel_configuration.Rd:11): Warning: missing </ul> before </div> chatbot_delete_microsoft_teams_configured_team.html:54:1 (chatbot_delete_microsoft_teams_configured_team.Rd:16): Warning: missing </ul> before </div> chatbot_delete_microsoft_teams_user_identity.html:53:1 (chatbot_delete_microsoft_teams_user_identity.Rd:13): Warning: missing </ul> before </div> chatbot_delete_slack_channel_configuration.html:49:1 (chatbot_delete_slack_channel_configuration.Rd:11): Warning: missing </ul> before </div> chatbot_delete_slack_user_identity.html:61:1 (chatbot_delete_slack_user_identity.Rd:19): Warning: missing </ul> before </div> chatbot_delete_slack_workspace_authorization.html:49:1 (chatbot_delete_slack_workspace_authorization.Rd:11): Warning: missing </ul> before </div> chatbot_describe_chime_webhook_configurations.html:67:1 (chatbot_describe_chime_webhook_configurations.Rd:25): Warning: missing </ul> before </div> chatbot_describe_slack_channel_configurations.html:67:1 (chatbot_describe_slack_channel_configurations.Rd:25): Warning: missing </ul> before </div> chatbot_describe_slack_user_identities.html:66:1 (chatbot_describe_slack_user_identities.Rd:24): Warning: missing </ul> before </div> chatbot_describe_slack_workspaces.html:58:1 (chatbot_describe_slack_workspaces.Rd:18): Warning: missing </ul> before </div> chatbot_disassociate_from_configuration.html:54:1 (chatbot_disassociate_from_configuration.Rd:14): Warning: missing </ul> before </div> chatbot_get_custom_action.html:49:1 (chatbot_get_custom_action.Rd:11): Warning: missing </ul> before </div> chatbot_get_microsoft_teams_channel_configuration.html:49:1 (chatbot_get_microsoft_teams_channel_configuration.Rd:11): Warning: missing </ul> before </div> chatbot_list_associations.html:65:1 (chatbot_list_associations.Rd:23): Warning: missing </ul> before </div> chatbot_list_custom_actions.html:57:1 (chatbot_list_custom_actions.Rd:17): Warning: missing </ul> before </div> chatbot_list_microsoft_teams_channel_configurations.html:71:1 (chatbot_list_microsoft_teams_channel_configurations.Rd:29): Warning: missing </ul> before </div> chatbot_list_microsoft_teams_configured_teams.html:60:1 (chatbot_list_microsoft_teams_configured_teams.Rd:20): Warning: missing </ul> before </div> chatbot_list_microsoft_teams_user_identities.html:66:1 (chatbot_list_microsoft_teams_user_identities.Rd:24): Warning: missing </ul> before </div> chatbot_list_tags_for_resource.html:49:1 (chatbot_list_tags_for_resource.Rd:11): Warning: missing </ul> before </div> chatbot_tag_resource.html:53:1 (chatbot_tag_resource.Rd:13): Warning: missing </ul> before </div> chatbot_untag_resource.html:57:1 (chatbot_untag_resource.Rd:17): Warning: missing </ul> before </div> chatbot_update_account_preferences.html:65:1 (chatbot_update_account_preferences.Rd:25): Warning: missing </ul> before </div> chatbot_update_chime_webhook_configuration.html:84:1 (chatbot_update_chime_webhook_configuration.Rd:36): Warning: missing </ul> before </div> chatbot_update_custom_action.html:68:1 (chatbot_update_custom_action.Rd:24): Warning: missing </ul> before </div> chatbot_update_microsoft_teams_channel_configuration.html:93:1 (chatbot_update_microsoft_teams_channel_configuration.Rd:41): Warning: missing </ul> before </div> chatbot_update_slack_channel_configuration.html:97:1 (chatbot_update_slack_channel_configuration.Rd:45): Warning: missing </ul> before </div> ivschat_create_chat_token.html:78:1 (ivschat_create_chat_token.Rd:32): Warning: missing </ul> before </div> ivschat_create_logging_configuration.html:68:1 (ivschat_create_logging_configuration.Rd:26): Warning: missing </ul> before </div> ivschat_create_room.html:83:1 (ivschat_create_room.Rd:35): Warning: missing </ul> before </div> ivschat_delete_logging_configuration.html:48:1 (ivschat_delete_logging_configuration.Rd:10): Warning: missing </ul> before </div> ivschat_delete_message.html:61:1 (ivschat_delete_message.Rd:19): Warning: missing </ul> before </div> ivschat_delete_room.html:48:1 (ivschat_delete_room.Rd:10): Warning: missing </ul> before </div> ivschat_disconnect_user.html:57:1 (ivschat_disconnect_user.Rd:15): Warning: missing </ul> before </div> ivschat_get_logging_configuration.html:48:1 (ivschat_get_logging_configuration.Rd:10): Warning: missing </ul> before </div> ivschat_get_room.html:49:1 (ivschat_get_room.Rd:11): Warning: missing </ul> before </div> ivschat_list_logging_configurations.html:54:1 (ivschat_list_logging_configurations.Rd:14): Warning: missing </ul> before </div> ivschat_list_rooms.html:72:1 (ivschat_list_rooms.Rd:26): Warning: missing </ul> before </div> ivschat_list_tags_for_resource.html:48:1 (ivschat_list_tags_for_resource.Rd:10): Warning: missing </ul> before </div> ivschat_send_event.html:58:1 (ivschat_send_event.Rd:16): Warning: missing </ul> before </div> ivschat_tag_resource.html:57:1 (ivschat_tag_resource.Rd:17): Warning: missing </ul> before </div> ivschat_untag_resource.html:57:1 (ivschat_untag_resource.Rd:17): Warning: missing </ul> before </div> ivschat_update_logging_configuration.html:62:1 (ivschat_update_logging_configuration.Rd:20): Warning: missing </ul> before </div> ivschat_update_room.html:80:1 (ivschat_update_room.Rd:32): Warning: missing </ul> before </div> workdocs_abort_document_version_upload.html:62:1 (workdocs_abort_document_version_upload.Rd:20): Warning: missing </ul> before </div> workdocs_activate_user.html:53:1 (workdocs_activate_user.Rd:13): Warning: missing </ul> before </div> workdocs_add_resource_permissions.html:66:1 (workdocs_add_resource_permissions.Rd:22): Warning: missing </ul> before </div> workdocs_create_comment.html:90:1 (workdocs_create_comment.Rd:38): Warning: missing </ul> before </div> workdocs_create_custom_metadata.html:68:1 (workdocs_create_custom_metadata.Rd:24): Warning: missing </ul> before </div> workdocs_create_folder.html:57:1 (workdocs_create_folder.Rd:15): Warning: missing </ul> before </div> workdocs_create_labels.html:58:1 (workdocs_create_labels.Rd:16): Warning: missing </ul> before </div> workdocs_create_notification_subscription.html:67:1 (workdocs_create_notification_subscription.Rd:23): Warning: missing </ul> before </div> workdocs_create_user.html:91:1 (workdocs_create_user.Rd:37): Warning: missing </ul> before </div> workdocs_deactivate_user.html:54:1 (workdocs_deactivate_user.Rd:14): Warning: missing </ul> before </div> workdocs_delete_comment.html:66:1 (workdocs_delete_comment.Rd:22): Warning: missing </ul> before </div> workdocs_delete_custom_metadata.html:73:1 (workdocs_delete_custom_metadata.Rd:27): Warning: missing </ul> before </div> workdocs_delete_document.html:53:1 (workdocs_delete_document.Rd:13): Warning: missing </ul> before </div> workdocs_delete_document_version.html:66:1 (workdocs_delete_document_version.Rd:22): Warning: missing </ul> before </div> workdocs_delete_folder.html:53:1 (workdocs_delete_folder.Rd:13): Warning: missing </ul> before </div> workdocs_delete_folder_contents.html:53:1 (workdocs_delete_folder_contents.Rd:13): Warning: missing </ul> before </div> workdocs_delete_labels.html:66:1 (workdocs_delete_labels.Rd:22): Warning: missing </ul> before </div> workdocs_delete_notification_subscription.html:52:1 (workdocs_delete_notification_subscription.Rd:12): Warning: missing </ul> before </div> workdocs_delete_user.html:54:1 (workdocs_delete_user.Rd:14): Warning: missing </ul> before </div> workdocs_describe_activities.html:107:1 (workdocs_describe_activities.Rd:51): Warning: missing </ul> before </div> workdocs_describe_comments.html:72:1 (workdocs_describe_comments.Rd:26): Warning: missing </ul> before </div> workdocs_describe_document_versions.html:79:1 (workdocs_describe_document_versions.Rd:31): Warning: missing </ul> before </div> workdocs_describe_folder_contents.html:89:1 (workdocs_describe_folder_contents.Rd:37): Warning: missing </ul> before </div> workdocs_describe_groups.html:72:1 (workdocs_describe_groups.Rd:26): Warning: missing </ul> before </div> workdocs_describe_notification_subscriptions.html:61:1 (workdocs_describe_notification_subscriptions.Rd:19): Warning: missing </ul> before </div> workdocs_describe_resource_permissions.html:72:1 (workdocs_describe_resource_permissions.Rd:26): Warning: missing </ul> before </div> workdocs_describe_root_folders.html:62:1 (workdocs_describe_root_folders.Rd:20): Warning: missing </ul> before </div> workdocs_describe_users.html:122:1 (workdocs_describe_users.Rd:57): Warning: missing </ul> before </div> workdocs_get_current_user.html:49:1 (workdocs_get_current_user.Rd:11): Warning: missing </ul> before </div> workdocs_get_document.html:61:1 (workdocs_get_document.Rd:19): Warning: missing </ul> before </div> workdocs_get_document_path.html:73:1 (workdocs_get_document_path.Rd:27): Warning: missing </ul> before </div> workdocs_get_document_version.html:72:1 (workdocs_get_document_version.Rd:26): Warning: missing </ul> before </div> workdocs_get_folder.html:61:1 (workdocs_get_folder.Rd:19): Warning: missing </ul> before </div> workdocs_get_folder_path.html:73:1 (workdocs_get_folder_path.Rd:27): Warning: missing </ul> before </div> workdocs_get_resources.html:73:1 (workdocs_get_resources.Rd:27): Warning: missing </ul> before </div> workdocs_initiate_document_version_upload.html:86:1 (workdocs_initiate_document_version_upload.Rd:34): Warning: missing </ul> before </div> workdocs_remove_all_resource_permissions.html:56:1 (workdocs_remove_all_resource_permissions.Rd:16): Warning: missing </ul> before </div> workdocs_remove_resource_permission.html:67:1 (workdocs_remove_resource_permission.Rd:23): Warning: missing </ul> before </div> workdocs_restore_document_versions.html:53:1 (workdocs_restore_document_versions.Rd:13): Warning: missing </ul> before </div> workdocs_search_resources.html:98:1 (workdocs_search_resources.Rd:44): Warning: missing </ul> before </div> workdocs_update_document.html:72:1 (workdocs_update_document.Rd:26): Warning: missing </ul> before </div> workdocs_update_document_version.html:66:1 (workdocs_update_document_version.Rd:22): Warning: missing </ul> before </div> workdocs_update_folder.html:72:1 (workdocs_update_folder.Rd:26): Warning: missing </ul> before </div> workdocs_update_user.html:93:1 (workdocs_update_user.Rd:39): Warning: missing </ul> before </div> workmail_associate_delegate_to_resource.html:87:1 (workmail_associate_delegate_to_resource.Rd:31): Warning: missing </ul> before </div> workmail_associate_member_to_group.html:88:1 (workmail_associate_member_to_group.Rd:32): Warning: missing </ul> before </div> workmail_assume_impersonation_role.html:53:1 (workmail_assume_impersonation_role.Rd:13): Warning: missing </ul> before </div> workmail_cancel_mailbox_export_job.html:56:1 (workmail_cancel_mailbox_export_job.Rd:14): Warning: missing </ul> before </div> workmail_create_alias.html:56:1 (workmail_create_alias.Rd:14): Warning: missing </ul> before </div> workmail_create_availability_configuration.html:77:1 (workmail_create_availability_configuration.Rd:31): Warning: missing </ul> before </div> workmail_create_group.html:58:1 (workmail_create_group.Rd:16): Warning: missing </ul> before </div> workmail_create_identity_center_application.html:61:1 (workmail_create_identity_center_application.Rd:19): Warning: missing </ul> before </div> workmail_create_impersonation_role.html:76:1 (workmail_create_impersonation_role.Rd:28): Warning: missing </ul> before </div> workmail_create_mobile_device_access_rule.html:116:1 (workmail_create_mobile_device_access_rule.Rd:54): Warning: missing </ul> before </div> workmail_create_organization.html:77:1 (workmail_create_organization.Rd:29): Warning: missing </ul> before </div> workmail_create_resource.html:73:1 (workmail_create_resource.Rd:27): Warning: missing </ul> before </div> workmail_create_user.html:99:1 (workmail_create_user.Rd:45): Warning: missing </ul> before </div> workmail_delete_access_control_rule.html:52:1 (workmail_delete_access_control_rule.Rd:12): Warning: missing </ul> before </div> workmail_delete_alias.html:60:1 (workmail_delete_alias.Rd:18): Warning: missing </ul> before </div> workmail_delete_availability_configuration.html:54:1 (workmail_delete_availability_configuration.Rd:14): Warning: missing </ul> before </div> workmail_delete_email_monitoring_configuration.html:49:1 (workmail_delete_email_monitoring_configuration.Rd:11): Warning: missing </ul> before </div> workmail_delete_group.html:65:1 (workmail_delete_group.Rd:20): Warning: missing </ul> before </div> workmail_delete_identity_center_application.html:48:1 (workmail_delete_identity_center_application.Rd:10): Warning: missing </ul> before </div> workmail_delete_identity_provider_configuration.html:48:1 (workmail_delete_identity_provider_configuration.Rd:10): Warning: missing </ul> before </div> workmail_delete_impersonation_role.html:52:1 (workmail_delete_impersonation_role.Rd:12): Warning: missing </ul> before </div> workmail_delete_mailbox_permissions.html:91:1 (workmail_delete_mailbox_permissions.Rd:35): Warning: missing </ul> before </div> workmail_delete_mobile_device_access_override.html:72:1 (workmail_delete_mobile_device_access_override.Rd:23): Warning: missing </ul> before </div> workmail_delete_mobile_device_access_rule.html:56:1 (workmail_delete_mobile_device_access_rule.Rd:16): Warning: missing </ul> before </div> workmail_delete_organization.html:74:1 (workmail_delete_organization.Rd:28): Warning: missing </ul> before </div> workmail_delete_personal_access_token.html:53:1 (workmail_delete_personal_access_token.Rd:13): Warning: missing </ul> before </div> workmail_delete_resource.html:65:1 (workmail_delete_resource.Rd:20): Warning: missing </ul> before </div> workmail_delete_retention_policy.html:52:1 (workmail_delete_retention_policy.Rd:12): Warning: missing </ul> before </div> workmail_delete_user.html:65:1 (workmail_delete_user.Rd:20): Warning: missing </ul> before </div> workmail_deregister_from_work_mail.html:70:1 (workmail_deregister_from_work_mail.Rd:23): Warning: missing </ul> before </div> workmail_deregister_mail_domain.html:53:1 (workmail_deregister_mail_domain.Rd:13): Warning: missing </ul> before </div> workmail_describe_email_monitoring_configuration.html:50:1 (workmail_describe_email_monitoring_configuration.Rd:12): Warning: missing </ul> before </div> workmail_describe_entity.html:52:1 (workmail_describe_entity.Rd:12): Warning: missing </ul> before </div> workmail_describe_group.html:68:1 (workmail_describe_group.Rd:21): Warning: missing </ul> before </div> workmail_describe_identity_provider_configuration.html:49:1 (workmail_describe_identity_provider_configuration.Rd:11): Warning: missing </ul> before </div> workmail_describe_inbound_dmarc_settings.html:48:1 (workmail_describe_inbound_dmarc_settings.Rd:10): Warning: missing </ul> before </div> workmail_describe_mailbox_export_job.html:52:1 (workmail_describe_mailbox_export_job.Rd:12): Warning: missing </ul> before </div> workmail_describe_organization.html:49:1 (workmail_describe_organization.Rd:11): Warning: missing </ul> before </div> workmail_describe_resource.html:68:1 (workmail_describe_resource.Rd:21): Warning: missing </ul> before </div> workmail_describe_user.html:68:1 (workmail_describe_user.Rd:21): Warning: missing </ul> before </div> workmail_disassociate_delegate_from_resource.html:93:1 (workmail_disassociate_delegate_from_resource.Rd:37): Warning: missing </ul> before </div> workmail_disassociate_member_from_group.html:88:1 (workmail_disassociate_member_from_group.Rd:32): Warning: missing </ul> before </div> workmail_get_access_control_effect.html:73:1 (workmail_get_access_control_effect.Rd:27): Warning: missing </ul> before </div> workmail_get_default_retention_policy.html:48:1 (workmail_get_default_retention_policy.Rd:10): Warning: missing </ul> before </div> workmail_get_impersonation_role.html:52:1 (workmail_get_impersonation_role.Rd:12): Warning: missing </ul> before </div> workmail_get_impersonation_role_effect.html:74:1 (workmail_get_impersonation_role_effect.Rd:25): Warning: missing </ul> before </div> workmail_get_mail_domain.html:53:1 (workmail_get_mail_domain.Rd:13): Warning: missing </ul> before </div> workmail_get_mailbox_details.html:69:1 (workmail_get_mailbox_details.Rd:22): Warning: missing </ul> before </div> workmail_get_mobile_device_access_effect.html:71:1 (workmail_get_mobile_device_access_effect.Rd:25): Warning: missing </ul> before </div> workmail_get_mobile_device_access_override.html:72:1 (workmail_get_mobile_device_access_override.Rd:23): Warning: missing </ul> before </div> workmail_get_personal_access_token_metadata.html:56:1 (workmail_get_personal_access_token_metadata.Rd:16): Warning: missing </ul> before </div> workmail_list_access_control_rules.html:48:1 (workmail_list_access_control_rules.Rd:10): Warning: missing </ul> before </div> workmail_list_aliases.html:67:1 (workmail_list_aliases.Rd:23): Warning: missing </ul> before </div> workmail_list_availability_configurations.html:63:1 (workmail_list_availability_configurations.Rd:21): Warning: missing </ul> before </div> workmail_list_group_members.html:83:1 (workmail_list_group_members.Rd:32): Warning: missing </ul> before </div> workmail_list_groups.html:67:1 (workmail_list_groups.Rd:23): Warning: missing </ul> before </div> workmail_list_groups_for_entity.html:87:1 (workmail_list_groups_for_entity.Rd:34): Warning: missing </ul> before </div> workmail_list_impersonation_roles.html:62:1 (workmail_list_impersonation_roles.Rd:20): Warning: missing </ul> before </div> workmail_list_mail_domains.html:57:1 (workmail_list_mail_domains.Rd:15): Warning: missing </ul> before </div> workmail_list_mailbox_export_jobs.html:61:1 (workmail_list_mailbox_export_jobs.Rd:19): Warning: missing </ul> before </div> workmail_list_mailbox_permissions.html:85:1 (workmail_list_mailbox_permissions.Rd:34): Warning: missing </ul> before </div> workmail_list_mobile_device_access_overrides.html:87:1 (workmail_list_mobile_device_access_overrides.Rd:34): Warning: missing </ul> before </div> workmail_list_mobile_device_access_rules.html:49:1 (workmail_list_mobile_device_access_rules.Rd:11): Warning: missing </ul> before </div> workmail_list_organizations.html:53:1 (workmail_list_organizations.Rd:13): Warning: missing </ul> before </div> workmail_list_personal_access_tokens.html:65:1 (workmail_list_personal_access_tokens.Rd:21): Warning: missing </ul> before </div> workmail_list_resource_delegates.html:82:1 (workmail_list_resource_delegates.Rd:31): Warning: missing </ul> before </div> workmail_list_resources.html:67:1 (workmail_list_resources.Rd:23): Warning: missing </ul> before </div> workmail_list_tags_for_resource.html:48:1 (workmail_list_tags_for_resource.Rd:10): Warning: missing </ul> before </div> workmail_list_users.html:67:1 (workmail_list_users.Rd:23): Warning: missing </ul> before </div> workmail_put_access_control_rule.html:109:1 (workmail_put_access_control_rule.Rd:49): Warning: missing </ul> before </div> workmail_put_email_monitoring_configuration.html:64:1 (workmail_put_email_monitoring_configuration.Rd:22): Warning: missing </ul> before </div> workmail_put_identity_provider_configuration.html:66:1 (workmail_put_identity_provider_configuration.Rd:22): Warning: missing </ul> before </div> workmail_put_inbound_dmarc_settings.html:52:1 (workmail_put_inbound_dmarc_settings.Rd:12): Warning: missing </ul> before </div> workmail_put_mailbox_permissions.html:108:1 (workmail_put_mailbox_permissions.Rd:50): Warning: missing </ul> before </div> workmail_put_mobile_device_access_override.html:86:1 (workmail_put_mobile_device_access_override.Rd:33): Warning: missing </ul> before </div> workmail_put_retention_policy.html:70:1 (workmail_put_retention_policy.Rd:24): Warning: missing </ul> before </div> workmail_register_mail_domain.html:57:1 (workmail_register_mail_domain.Rd:15): Warning: missing </ul> before </div> workmail_register_to_work_mail.html:73:1 (workmail_register_to_work_mail.Rd:26): Warning: missing </ul> before </div> workmail_reset_password.html:57:1 (workmail_reset_password.Rd:15): Warning: missing </ul> before </div> workmail_start_mailbox_export_job.html:106:1 (workmail_start_mailbox_export_job.Rd:47): Warning: missing </ul> before </div> workmail_tag_resource.html:53:1 (workmail_tag_resource.Rd:13): Warning: missing </ul> before </div> workmail_test_availability_configuration.html:67:1 (workmail_test_availability_configuration.Rd:25): Warning: missing </ul> before </div> workmail_untag_resource.html:53:1 (workmail_untag_resource.Rd:13): Warning: missing </ul> before </div> workmail_update_availability_configuration.html:73:1 (workmail_update_availability_configuration.Rd:29): Warning: missing </ul> before </div> workmail_update_default_mail_domain.html:52:1 (workmail_update_default_mail_domain.Rd:12): Warning: missing </ul> before </div> workmail_update_group.html:76:1 (workmail_update_group.Rd:27): Warning: missing </ul> before </div> workmail_update_impersonation_role.html:76:1 (workmail_update_impersonation_role.Rd:28): Warning: missing </ul> before </div> workmail_update_mailbox_quota.html:74:1 (workmail_update_mailbox_quota.Rd:25): Warning: missing </ul> before </div> workmail_update_mobile_device_access_rule.html:116:1 (workmail_update_mobile_device_access_rule.Rd:54): Warning: missing </ul> before </div> workmail_update_primary_email_address.html:74:1 (workmail_update_primary_email_address.Rd:25): Warning: missing </ul> before </div> workmail_update_resource.html:96:1 (workmail_update_resource.Rd:39): Warning: missing </ul> before </div> workmail_update_user.html:155:1 (workmail_update_user.Rd:76): Warning: missing </ul> before </div> workmailmessageflow_get_raw_message_content.html:48:1 (workmailmessageflow_get_raw_message_content.Rd:10): Warning: missing </ul> before </div> workmailmessageflow_put_raw_message_content.html:52:1 (workmailmessageflow_put_raw_message_content.Rd:12): Warning: missing </ul> before </div> workspaces_accept_account_link_invitation.html:53:1 (workspaces_accept_account_link_invitation.Rd:13): Warning: missing </ul> before </div> workspaces_associate_connection_alias.html:53:1 (workspaces_associate_connection_alias.Rd:13): Warning: missing </ul> before </div> workspaces_associate_ip_groups.html:53:1 (workspaces_associate_ip_groups.Rd:13): Warning: missing </ul> before </div> workspaces_associate_workspace_application.html:52:1 (workspaces_associate_workspace_application.Rd:12): Warning: missing </ul> before </div> workspaces_authorize_ip_rules.html:52:1 (workspaces_authorize_ip_rules.Rd:12): Warning: missing </ul> before </div> workspaces_copy_workspace_image.html:71:1 (workspaces_copy_workspace_image.Rd:25): Warning: missing </ul> before </div> workspaces_create_account_link_invitation.html:53:1 (workspaces_create_account_link_invitation.Rd:13): Warning: missing </ul> before </div> workspaces_create_connect_client_add_in.html:56:1 (workspaces_create_connect_client_add_in.Rd:14): Warning: missing </ul> before </div> workspaces_create_connection_alias.html:60:1 (workspaces_create_connection_alias.Rd:20): Warning: missing </ul> before </div> workspaces_create_ip_group.html:65:1 (workspaces_create_ip_group.Rd:21): Warning: missing </ul> before </div> workspaces_create_standby_workspaces.html:52:1 (workspaces_create_standby_workspaces.Rd:12): Warning: missing </ul> before </div> workspaces_create_tags.html:54:1 (workspaces_create_tags.Rd:14): Warning: missing </ul> before </div> workspaces_create_updated_workspace_image.html:70:1 (workspaces_create_updated_workspace_image.Rd:26): Warning: missing </ul> before </div> workspaces_create_workspace_bundle.html:83:1 (workspaces_create_workspace_bundle.Rd:34): Warning: missing </ul> before </div> workspaces_create_workspace_image.html:62:1 (workspaces_create_workspace_image.Rd:18): Warning: missing </ul> before </div> workspaces_create_workspaces.html:48:1 (workspaces_create_workspaces.Rd:10): Warning: missing </ul> before </div> workspaces_create_workspaces_pool.html:85:1 (workspaces_create_workspaces_pool.Rd:33): Warning: missing </ul> before </div> workspaces_delete_account_link_invitation.html:53:1 (workspaces_delete_account_link_invitation.Rd:13): Warning: missing </ul> before </div> workspaces_delete_client_branding.html:53:1 (workspaces_delete_client_branding.Rd:13): Warning: missing </ul> before </div> workspaces_delete_connect_client_add_in.html:53:1 (workspaces_delete_connect_client_add_in.Rd:13): Warning: missing </ul> before </div> workspaces_delete_connection_alias.html:48:1 (workspaces_delete_connection_alias.Rd:10): Warning: missing </ul> before </div> workspaces_delete_ip_group.html:48:1 (workspaces_delete_ip_group.Rd:10): Warning: missing </ul> before </div> workspaces_delete_tags.html:54:1 (workspaces_delete_tags.Rd:14): Warning: missing </ul> before </div> workspaces_delete_workspace_bundle.html:48:1 (workspaces_delete_workspace_bundle.Rd:10): Warning: missing </ul> before </div> workspaces_delete_workspace_image.html:48:1 (workspaces_delete_workspace_image.Rd:10): Warning: missing </ul> before </div> workspaces_deploy_workspace_applications.html:54:1 (workspaces_deploy_workspace_applications.Rd:14): Warning: missing </ul> before </div> workspaces_deregister_workspace_directory.html:50:1 (workspaces_deregister_workspace_directory.Rd:12): Warning: missing </ul> before </div> workspaces_describe_account_modifications.html:50:1 (workspaces_describe_account_modifications.Rd:12): Warning: missing </ul> before </div> workspaces_describe_application_associations.html:67:1 (workspaces_describe_application_associations.Rd:23): Warning: missing </ul> before </div> workspaces_describe_applications.html:82:1 (workspaces_describe_applications.Rd:32): Warning: missing </ul> before </div> workspaces_describe_bundle_associations.html:53:1 (workspaces_describe_bundle_associations.Rd:13): Warning: missing </ul> before </div> workspaces_describe_client_branding.html:49:1 (workspaces_describe_client_branding.Rd:11): Warning: missing </ul> before </div> workspaces_describe_client_properties.html:49:1 (workspaces_describe_client_properties.Rd:11): Warning: missing </ul> before </div> workspaces_describe_connect_client_add_ins.html:61:1 (workspaces_describe_connect_client_add_ins.Rd:19): Warning: missing </ul> before </div> workspaces_describe_connection_alias_permissions.html:63:1 (workspaces_describe_connection_alias_permissions.Rd:21): Warning: missing </ul> before </div> workspaces_describe_connection_aliases.html:67:1 (workspaces_describe_connection_aliases.Rd:23): Warning: missing </ul> before </div> workspaces_describe_image_associations.html:53:1 (workspaces_describe_image_associations.Rd:13): Warning: missing </ul> before </div> workspaces_describe_ip_groups.html:61:1 (workspaces_describe_ip_groups.Rd:19): Warning: missing </ul> before </div> workspaces_describe_tags.html:50:1 (workspaces_describe_tags.Rd:12): Warning: missing </ul> before </div> workspaces_describe_workspace_associations.html:56:1 (workspaces_describe_workspace_associations.Rd:16): Warning: missing </ul> before </div> workspaces_describe_workspace_bundles.html:67:1 (workspaces_describe_workspace_bundles.Rd:25): Warning: missing </ul> before </div> workspaces_describe_workspace_directories.html:73:1 (workspaces_describe_workspace_directories.Rd:27): Warning: missing </ul> before </div> workspaces_describe_workspace_image_permissions.html:62:1 (workspaces_describe_workspace_image_permissions.Rd:20): Warning: missing </ul> before </div> workspaces_describe_workspace_images.html:67:1 (workspaces_describe_workspace_images.Rd:23): Warning: missing </ul> before </div> workspaces_describe_workspace_snapshots.html:48:1 (workspaces_describe_workspace_snapshots.Rd:10): Warning: missing </ul> before </div> workspaces_describe_workspaces.html:93:1 (workspaces_describe_workspaces.Rd:43): Warning: missing </ul> before </div> workspaces_describe_workspaces_connection_status.html:56:1 (workspaces_describe_workspaces_connection_status.Rd:16): Warning: missing </ul> before </div> workspaces_describe_workspaces_pool_sessions.html:67:1 (workspaces_describe_workspaces_pool_sessions.Rd:23): Warning: missing </ul> before </div> workspaces_describe_workspaces_pools.html:66:1 (workspaces_describe_workspaces_pools.Rd:22): Warning: missing </ul> before </div> workspaces_disassociate_connection_alias.html:48:1 (workspaces_disassociate_connection_alias.Rd:10): Warning: missing </ul> before </div> workspaces_disassociate_ip_groups.html:53:1 (workspaces_disassociate_ip_groups.Rd:13): Warning: missing </ul> before </div> workspaces_disassociate_workspace_application.html:52:1 (workspaces_disassociate_workspace_application.Rd:12): Warning: missing </ul> before </div> workspaces_get_account_link.html:52:1 (workspaces_get_account_link.Rd:12): Warning: missing </ul> before </div> workspaces_import_client_branding.html:81:1 (workspaces_import_client_branding.Rd:31): Warning: missing </ul> before </div> workspaces_import_workspace_image.html:103:1 (workspaces_import_workspace_image.Rd:50): Warning: missing </ul> before </div> workspaces_list_account_links.html:61:1 (workspaces_list_account_links.Rd:19): Warning: missing </ul> before </div> workspaces_list_available_management_cidr_ranges.html:65:1 (workspaces_list_available_management_cidr_ranges.Rd:23): Warning: missing </ul> before </div> workspaces_migrate_workspace.html:53:1 (workspaces_migrate_workspace.Rd:13): Warning: missing </ul> before </div> workspaces_modify_account.html:62:1 (workspaces_modify_account.Rd:22): Warning: missing </ul> before </div> workspaces_modify_certificate_based_auth_properties.html:62:1 (workspaces_modify_certificate_based_auth_properties.Rd:20): Warning: missing </ul> before </div> workspaces_modify_client_properties.html:52:1 (workspaces_modify_client_properties.Rd:12): Warning: missing </ul> before </div> workspaces_modify_saml_properties.html:73:1 (workspaces_modify_saml_properties.Rd:26): Warning: missing </ul> before </div> workspaces_modify_selfservice_permissions.html:53:1 (workspaces_modify_selfservice_permissions.Rd:13): Warning: missing </ul> before </div> workspaces_modify_streaming_properties.html:52:1 (workspaces_modify_streaming_properties.Rd:12): Warning: missing </ul> before </div> workspaces_modify_workspace_access_properties.html:56:1 (workspaces_modify_workspace_access_properties.Rd:16): Warning: missing </ul> before </div> workspaces_modify_workspace_creation_properties.html:55:1 (workspaces_modify_workspace_creation_properties.Rd:15): Warning: missing </ul> before </div> workspaces_modify_workspace_properties.html:60:1 (workspaces_modify_workspace_properties.Rd:18): Warning: missing </ul> before </div> workspaces_modify_workspace_state.html:52:1 (workspaces_modify_workspace_state.Rd:12): Warning: missing </ul> before </div> workspaces_reboot_workspaces.html:48:1 (workspaces_reboot_workspaces.Rd:10): Warning: missing </ul> before </div> workspaces_rebuild_workspaces.html:48:1 (workspaces_rebuild_workspaces.Rd:10): Warning: missing </ul> before </div> workspaces_register_workspace_directory.html:127:1 (workspaces_register_workspace_directory.Rd:65): Warning: missing </ul> before </div> workspaces_reject_account_link_invitation.html:52:1 (workspaces_reject_account_link_invitation.Rd:12): Warning: missing </ul> before </div> workspaces_restore_workspace.html:48:1 (workspaces_restore_workspace.Rd:10): Warning: missing </ul> before </div> workspaces_revoke_ip_rules.html:52:1 (workspaces_revoke_ip_rules.Rd:12): Warning: missing </ul> before </div> workspaces_start_workspaces.html:48:1 (workspaces_start_workspaces.Rd:10): Warning: missing </ul> before </div> workspaces_start_workspaces_pool.html:48:1 (workspaces_start_workspaces_pool.Rd:10): Warning: missing </ul> before </div> workspaces_stop_workspaces.html:48:1 (workspaces_stop_workspaces.Rd:10): Warning: missing </ul> before </div> workspaces_stop_workspaces_pool.html:48:1 (workspaces_stop_workspaces_pool.Rd:10): Warning: missing </ul> before </div> workspaces_terminate_workspaces.html:48:1 (workspaces_terminate_workspaces.Rd:10): Warning: missing </ul> before </div> workspaces_terminate_workspaces_pool.html:48:1 (workspaces_terminate_workspaces_pool.Rd:10): Warning: missing </ul> before </div> workspaces_terminate_workspaces_pool_session.html:48:1 (workspaces_terminate_workspaces_pool_session.Rd:10): Warning: missing </ul> before </div> workspaces_update_connect_client_add_in.html:65:1 (workspaces_update_connect_client_add_in.Rd:21): Warning: missing </ul> before </div> workspaces_update_connection_alias_permission.html:59:1 (workspaces_update_connection_alias_permission.Rd:19): Warning: missing </ul> before </div> workspaces_update_rules_of_ip_group.html:53:1 (workspaces_update_rules_of_ip_group.Rd:13): Warning: missing </ul> before </div> workspaces_update_workspace_bundle.html:52:1 (workspaces_update_workspace_bundle.Rd:12): Warning: missing </ul> before </div> workspaces_update_workspace_image_permission.html:67:1 (workspaces_update_workspace_image_permission.Rd:25): Warning: missing </ul> before </div> workspaces_update_workspaces_pool.html:80:1 (workspaces_update_workspaces_pool.Rd:30): Warning: missing </ul> before </div> workspacesweb_associate_browser_settings.html:52:1 (workspacesweb_associate_browser_settings.Rd:12): Warning: missing </ul> before </div> workspacesweb_associate_data_protection_settings.html:55:1 (workspacesweb_associate_data_protection_settings.Rd:15): Warning: missing </ul> before </div> workspacesweb_associate_ip_access_settings.html:52:1 (workspacesweb_associate_ip_access_settings.Rd:12): Warning: missing </ul> before </div> workspacesweb_associate_network_settings.html:52:1 (workspacesweb_associate_network_settings.Rd:12): Warning: missing </ul> before </div> workspacesweb_associate_trust_store.html:52:1 (workspacesweb_associate_trust_store.Rd:12): Warning: missing </ul> before </div> workspacesweb_associate_user_access_logging_settings.html:55:1 (workspacesweb_associate_user_access_logging_settings.Rd:15): Warning: missing </ul> before </div> workspacesweb_associate_user_settings.html:52:1 (workspacesweb_associate_user_settings.Rd:12): Warning: missing </ul> before </div> workspacesweb_create_browser_settings.html:80:1 (workspacesweb_create_browser_settings.Rd:34): Warning: missing </ul> before </div> workspacesweb_create_data_protection_settings.html:90:1 (workspacesweb_create_data_protection_settings.Rd:40): Warning: missing </ul> before </div> workspacesweb_create_identity_provider.html:201:1 (workspacesweb_create_identity_provider.Rd:85): Warning: missing </ul> before </div> workspacesweb_create_ip_access_settings.html:89:1 (workspacesweb_create_ip_access_settings.Rd:39): Warning: missing </ul> before </div> workspacesweb_create_network_settings.html:82:1 (workspacesweb_create_network_settings.Rd:36): Warning: missing </ul> before </div> workspacesweb_create_portal.html:105:1 (workspacesweb_create_portal.Rd:53): Warning: missing </ul> before </div> workspacesweb_create_trust_store.html:67:1 (workspacesweb_create_trust_store.Rd:25): Warning: missing </ul> before </div> workspacesweb_create_user_access_logging_settings.html:69:1 (workspacesweb_create_user_access_logging_settings.Rd:27): Warning: missing </ul> before </div> workspacesweb_create_user_settings.html:138:1 (workspacesweb_create_user_settings.Rd:74): Warning: missing </ul> before </div> workspacesweb_delete_browser_settings.html:48:1 (workspacesweb_delete_browser_settings.Rd:10): Warning: missing </ul> before </div> workspacesweb_delete_data_protection_settings.html:48:1 (workspacesweb_delete_data_protection_settings.Rd:10): Warning: missing </ul> before </div> workspacesweb_delete_identity_provider.html:48:1 (workspacesweb_delete_identity_provider.Rd:10): Warning: missing </ul> before </div> workspacesweb_delete_ip_access_settings.html:48:1 (workspacesweb_delete_ip_access_settings.Rd:10): Warning: missing </ul> before </div> workspacesweb_delete_network_settings.html:48:1 (workspacesweb_delete_network_settings.Rd:10): Warning: missing </ul> before </div> workspacesweb_delete_portal.html:48:1 (workspacesweb_delete_portal.Rd:10): Warning: missing </ul> before </div> workspacesweb_delete_trust_store.html:48:1 (workspacesweb_delete_trust_store.Rd:10): Warning: missing </ul> before </div> workspacesweb_delete_user_access_logging_settings.html:48:1 (workspacesweb_delete_user_access_logging_settings.Rd:10): Warning: missing </ul> before </div> workspacesweb_delete_user_settings.html:48:1 (workspacesweb_delete_user_settings.Rd:10): Warning: missing </ul> before </div> workspacesweb_disassociate_browser_settings.html:48:1 (workspacesweb_disassociate_browser_settings.Rd:10): Warning: missing </ul> before </div> workspacesweb_disassociate_data_protection_settings.html:48:1 (workspacesweb_disassociate_data_protection_settings.Rd:10): Warning: missing </ul> before </div> workspacesweb_disassociate_ip_access_settings.html:48:1 (workspacesweb_disassociate_ip_access_settings.Rd:10): Warning: missing </ul> before </div> workspacesweb_disassociate_network_settings.html:48:1 (workspacesweb_disassociate_network_settings.Rd:10): Warning: missing </ul> before </div> workspacesweb_disassociate_trust_store.html:48:1 (workspacesweb_disassociate_trust_store.Rd:10): Warning: missing </ul> before </div> workspacesweb_disassociate_user_access_logging_settings.html:48:1 (workspacesweb_disassociate_user_access_logging_settings.Rd:10): Warning: missing </ul> before </div> workspacesweb_disassociate_user_settings.html:48:1 (workspacesweb_disassociate_user_settings.Rd:10): Warning: missing </ul> before </div> workspacesweb_expire_session.html:52:1 (workspacesweb_expire_session.Rd:12): Warning: missing </ul> before </div> workspacesweb_get_browser_settings.html:48:1 (workspacesweb_get_browser_settings.Rd:10): Warning: missing </ul> before </div> workspacesweb_get_data_protection_settings.html:48:1 (workspacesweb_get_data_protection_settings.Rd:10): Warning: missing </ul> before </div> workspacesweb_get_identity_provider.html:48:1 (workspacesweb_get_identity_provider.Rd:10): Warning: missing </ul> before </div> workspacesweb_get_ip_access_settings.html:48:1 (workspacesweb_get_ip_access_settings.Rd:10): Warning: missing </ul> before </div> workspacesweb_get_network_settings.html:48:1 (workspacesweb_get_network_settings.Rd:10): Warning: missing </ul> before </div> workspacesweb_get_portal.html:48:1 (workspacesweb_get_portal.Rd:10): Warning: missing </ul> before </div> workspacesweb_get_portal_service_provider_metadata.html:48:1 (workspacesweb_get_portal_service_provider_metadata.Rd:10): Warning: missing </ul> before </div> workspacesweb_get_session.html:52:1 (workspacesweb_get_session.Rd:12): Warning: missing </ul> before </div> workspacesweb_get_trust_store.html:48:1 (workspacesweb_get_trust_store.Rd:10): Warning: missing </ul> before </div> workspacesweb_get_trust_store_certificate.html:52:1 (workspacesweb_get_trust_store_certificate.Rd:12): Warning: missing </ul> before </div> workspacesweb_get_user_access_logging_settings.html:48:1 (workspacesweb_get_user_access_logging_settings.Rd:10): Warning: missing </ul> before </div> workspacesweb_get_user_settings.html:48:1 (workspacesweb_get_user_settings.Rd:10): Warning: missing </ul> before </div> workspacesweb_list_browser_settings.html:53:1 (workspacesweb_list_browser_settings.Rd:13): Warning: missing </ul> before </div> workspacesweb_list_data_protection_settings.html:56:1 (workspacesweb_list_data_protection_settings.Rd:16): Warning: missing </ul> before </div> workspacesweb_list_identity_providers.html:61:1 (workspacesweb_list_identity_providers.Rd:19): Warning: missing </ul> before </div> workspacesweb_list_ip_access_settings.html:53:1 (workspacesweb_list_ip_access_settings.Rd:13): Warning: missing </ul> before </div> workspacesweb_list_network_settings.html:53:1 (workspacesweb_list_network_settings.Rd:13): Warning: missing </ul> before </div> workspacesweb_list_portals.html:53:1 (workspacesweb_list_portals.Rd:13): Warning: missing </ul> before </div> workspacesweb_list_sessions.html:82:1 (workspacesweb_list_sessions.Rd:32): Warning: missing </ul> before </div> workspacesweb_list_tags_for_resource.html:48:1 (workspacesweb_list_tags_for_resource.Rd:10): Warning: missing </ul> before </div> workspacesweb_list_trust_store_certificates.html:61:1 (workspacesweb_list_trust_store_certificates.Rd:19): Warning: missing </ul> before </div> workspacesweb_list_trust_stores.html:53:1 (workspacesweb_list_trust_stores.Rd:13): Warning: missing </ul> before </div> workspacesweb_list_user_access_logging_settings.html:56:1 (workspacesweb_list_user_access_logging_settings.Rd:16): Warning: missing </ul> before </div> workspacesweb_list_user_settings.html:53:1 (workspacesweb_list_user_settings.Rd:13): Warning: missing </ul> before </div> workspacesweb_tag_resource.html:63:1 (workspacesweb_tag_resource.Rd:21): Warning: missing </ul> before </div> workspacesweb_untag_resource.html:52:1 (workspacesweb_untag_resource.Rd:12): Warning: missing </ul> before </div> workspacesweb_update_browser_settings.html:68:1 (workspacesweb_update_browser_settings.Rd:26): Warning: missing </ul> before </div> workspacesweb_update_data_protection_settings.html:78:1 (workspacesweb_update_data_protection_settings.Rd:32): Warning: missing </ul> before </div> workspacesweb_update_identity_provider.html:194:1 (workspacesweb_update_identity_provider.Rd:80): Warning: missing </ul> before </div> workspacesweb_update_ip_access_settings.html:77:1 (workspacesweb_update_ip_access_settings.Rd:31): Warning: missing </ul> before </div> workspacesweb_update_network_settings.html:80:1 (workspacesweb_update_network_settings.Rd:34): Warning: missing </ul> before </div> workspacesweb_update_portal.html:83:1 (workspacesweb_update_portal.Rd:37): Warning: missing </ul> before </div> workspacesweb_update_trust_store.html:72:1 (workspacesweb_update_trust_store.Rd:28): Warning: missing </ul> before </div> workspacesweb_update_user_access_logging_settings.html:67:1 (workspacesweb_update_user_access_logging_settings.Rd:25): Warning: missing </ul> before </div> workspacesweb_update_user_settings.html:128:1 (workspacesweb_update_user_settings.Rd:68): Warning: missing </ul> before </div> Flavors: r-devel-linux-x86_64-debian-clang, r-devel-linux-x86_64-debian-gcc