Last updated on 2025-07-21 14:49:17 CEST.
Flavor | Version | Tinstall | Tcheck | Ttotal | Status | Flags |
---|---|---|---|---|---|---|
r-devel-linux-x86_64-debian-clang | 0.9.2 | 3.43 | 160.43 | 163.86 | OK | |
r-devel-linux-x86_64-debian-gcc | 0.9.2 | 2.77 | 109.07 | 111.84 | OK | |
r-devel-linux-x86_64-fedora-clang | 0.9.2 | 255.27 | NOTE | |||
r-devel-linux-x86_64-fedora-gcc | 0.9.2 | 260.05 | NOTE | |||
r-devel-windows-x86_64 | 0.9.2 | 6.00 | 178.00 | 184.00 | OK | |
r-patched-linux-x86_64 | 0.9.2 | 3.94 | 152.88 | 156.82 | OK | |
r-release-linux-x86_64 | 0.9.2 | 3.79 | 152.39 | 156.18 | OK | |
r-release-macos-arm64 | 0.9.2 | 79.00 | OK | |||
r-release-macos-x86_64 | 0.9.2 | 166.00 | OK | |||
r-release-windows-x86_64 | 0.9.2 | 6.00 | 175.00 | 181.00 | OK | |
r-oldrel-macos-arm64 | 0.9.2 | 77.00 | OK | |||
r-oldrel-macos-x86_64 | 0.9.2 | 111.00 | OK | |||
r-oldrel-windows-x86_64 | 0.9.2 | 7.00 | 218.00 | 225.00 | OK |
Version: 0.9.2
Check: dependencies in R code
Result: NOTE
Namespace in Imports field not imported from: ‘methods’
All declared Imports should be used.
Flavors: r-devel-linux-x86_64-fedora-clang, r-devel-linux-x86_64-fedora-gcc