Last updated on 2025-07-03 00:50:59 CEST.
Flavor | Version | Tinstall | Tcheck | Ttotal | Status | Flags |
---|---|---|---|---|---|---|
r-devel-linux-x86_64-debian-clang | 0.1.3 | 32.68 | 57.34 | 90.02 | OK | |
r-devel-linux-x86_64-debian-gcc | 0.1.3 | 20.60 | 43.11 | 63.71 | OK | |
r-devel-linux-x86_64-fedora-clang | 0.1.3 | 140.80 | OK | |||
r-devel-linux-x86_64-fedora-gcc | 0.1.3 | 148.94 | OK | |||
r-devel-windows-x86_64 | 0.1.3 | 34.00 | 95.00 | 129.00 | OK | |
r-patched-linux-x86_64 | 0.1.3 | 32.43 | 53.92 | 86.35 | OK | |
r-release-linux-x86_64 | 0.1.3 | 29.37 | 54.33 | 83.70 | OK | |
r-release-macos-arm64 | 0.1.3 | 52.00 | OK | |||
r-release-macos-x86_64 | 0.1.3 | 92.00 | OK | |||
r-release-windows-x86_64 | 0.1.3 | 37.00 | 94.00 | 131.00 | OK | |
r-oldrel-macos-arm64 | 0.1.3 | 53.00 | NOTE | |||
r-oldrel-macos-x86_64 | 0.1.3 | 69.00 | NOTE | |||
r-oldrel-windows-x86_64 | 0.1.3 | 43.00 | 118.00 | 161.00 | OK |
Version: 0.1.3
Check: installed package size
Result: NOTE
installed size is 7.2Mb
sub-directories of 1Mb or more:
libs 6.8Mb
Flavors: r-oldrel-macos-arm64, r-oldrel-macos-x86_64