CRAN Package Check Results for Package palmerpenguins

Last updated on 2025-07-21 20:50:10 CEST.

Flavor Version Tinstall Tcheck Ttotal Status Flags
r-devel-linux-x86_64-debian-clang 0.1.1 1.45 20.68 22.13 NOTE
r-devel-linux-x86_64-debian-gcc 0.1.1 1.33 17.25 18.58 NOTE
r-devel-linux-x86_64-fedora-clang 0.1.1 33.87 OK
r-devel-linux-x86_64-fedora-gcc 0.1.1 31.58 OK
r-devel-windows-x86_64 0.1.1 6.00 41.00 47.00 OK
r-patched-linux-x86_64 0.1.1 1.42 18.32 19.74 OK
r-release-linux-x86_64 0.1.1 1.52 18.40 19.92 OK
r-release-macos-arm64 0.1.1 16.00 OK
r-release-macos-x86_64 0.1.1 32.00 OK
r-release-windows-x86_64 0.1.1 4.00 41.00 45.00 OK
r-oldrel-macos-arm64 0.1.1 22.00 OK
r-oldrel-macos-x86_64 0.1.1 20.00 OK
r-oldrel-windows-x86_64 0.1.1 3.00 44.00 47.00 OK

Check Details

Version: 0.1.1
Check: CRAN incoming feasibility
Result: NOTE Maintainer: ‘Allison Horst <ahorst@ucsb.edu>’ Package CITATION file contains call(s) to old-style citEntry(). Please use bibentry() instead. Flavors: r-devel-linux-x86_64-debian-clang, r-devel-linux-x86_64-debian-gcc