Last updated on 2025-10-25 06:49:49 CEST.
| Flavor | Version | Tinstall | Tcheck | Ttotal | Status | Flags |
|---|---|---|---|---|---|---|
| r-devel-linux-x86_64-debian-clang | 0.1.3 | 3.26 | 30.56 | 33.82 | NOTE | |
| r-devel-linux-x86_64-debian-gcc | 0.1.3 | 2.22 | 24.00 | 26.22 | NOTE | |
| r-devel-linux-x86_64-fedora-clang | 0.1.3 | 16.00 | 35.78 | 51.78 | NOTE | |
| r-devel-linux-x86_64-fedora-gcc | 0.1.3 | 18.00 | 31.88 | 49.88 | NOTE | |
| r-devel-windows-x86_64 | 0.1.3 | 4.00 | 47.00 | 51.00 | OK | |
| r-patched-linux-x86_64 | 0.1.3 | 2.83 | 27.69 | 30.52 | OK | |
| r-release-linux-x86_64 | 0.1.3 | 2.81 | 27.78 | 30.59 | OK | |
| r-release-macos-arm64 | 0.1.3 | 2.00 | 18.00 | 20.00 | OK | |
| r-release-macos-x86_64 | 0.1.3 | 3.00 | 27.00 | 30.00 | OK | |
| r-release-windows-x86_64 | 0.1.3 | 3.00 | 48.00 | 51.00 | OK | |
| r-oldrel-macos-arm64 | 0.1.3 | 1.00 | 18.00 | 19.00 | OK | |
| r-oldrel-macos-x86_64 | 0.1.3 | 2.00 | 23.00 | 25.00 | OK | |
| r-oldrel-windows-x86_64 | 0.1.3 | 5.00 | 57.00 | 62.00 | OK |
Version: 0.1.3
Check: Rd files
Result: NOTE
checkRd: (-1) osm_classify.Rd:13-18: Only 3 columns allowed in this table (row 2 has 1)
checkRd: (-1) osm_classify.Rd:13-18: Only 3 columns allowed in this table (row 3 has 1)
Flavors: r-devel-linux-x86_64-debian-clang, r-devel-linux-x86_64-debian-gcc, r-devel-linux-x86_64-fedora-clang, r-devel-linux-x86_64-fedora-gcc