Last updated on 2025-11-15 00:50:32 CET.
| Flavor | Version | Tinstall | Tcheck | Ttotal | Status | Flags |
|---|---|---|---|---|---|---|
| r-devel-linux-x86_64-debian-clang | 0.1.2 | 1.59 | 32.43 | 34.02 | NOTE | |
| r-devel-linux-x86_64-debian-gcc | 0.1.2 | 1.40 | 26.10 | 27.50 | NOTE | |
| r-devel-linux-x86_64-fedora-clang | 0.1.2 | 50.99 | OK | |||
| r-devel-linux-x86_64-fedora-gcc | 0.1.2 | 66.91 | OK | |||
| r-devel-windows-x86_64 | 0.1.2 | 6.00 | 49.00 | 55.00 | OK | |
| r-patched-linux-x86_64 | 0.1.2 | 1.52 | 29.56 | 31.08 | OK | |
| r-release-linux-x86_64 | 0.1.2 | 1.72 | 29.88 | 31.60 | OK | |
| r-release-macos-arm64 | 0.1.2 | 1.00 | 26.00 | 27.00 | OK | |
| r-release-macos-x86_64 | 0.1.2 | 1.00 | 45.00 | 46.00 | OK | |
| r-release-windows-x86_64 | 0.1.2 | 2.00 | 49.00 | 51.00 | OK | |
| r-oldrel-macos-arm64 | 0.1.2 | 1.00 | 23.00 | 24.00 | NOTE | |
| r-oldrel-macos-x86_64 | 0.1.2 | 1.00 | 34.00 | 35.00 | NOTE | |
| r-oldrel-windows-x86_64 | 0.1.2 | 5.00 | 60.00 | 65.00 | NOTE |
Version: 0.1.2
Check: CRAN incoming feasibility
Result: NOTE
Maintainer: ‘Brodie Gaslam <brodie.gaslam@yahoo.com>’
Found the following (possibly) invalid file URI:
URI: ./Introduction.html
From: inst/doc/nse-fun.html
Flavors: r-devel-linux-x86_64-debian-clang, r-devel-linux-x86_64-debian-gcc
Version: 0.1.2
Check: LazyData
Result: NOTE
'LazyData' is specified without a 'data' directory
Flavors: r-oldrel-macos-arm64, r-oldrel-macos-x86_64, r-oldrel-windows-x86_64