Last updated on 2025-11-14 18:48:41 CET.
| Flavor | Version | Tinstall | Tcheck | Ttotal | Status | Flags |
|---|---|---|---|---|---|---|
| r-devel-linux-x86_64-debian-clang | 0.2.0 | 2.46 | 30.90 | 33.36 | NOTE | |
| r-devel-linux-x86_64-debian-gcc | 0.2.0 | 1.57 | 25.41 | 26.98 | NOTE | |
| r-devel-linux-x86_64-fedora-clang | 0.2.0 | 50.63 | OK | |||
| r-devel-linux-x86_64-fedora-gcc | 0.2.0 | 66.08 | OK | |||
| r-devel-windows-x86_64 | 0.2.0 | 3.00 | 47.00 | 50.00 | OK | |
| r-patched-linux-x86_64 | 0.2.0 | 2.39 | 29.59 | 31.98 | OK | |
| r-release-linux-x86_64 | 0.2.0 | 2.14 | 29.84 | 31.98 | OK | |
| r-release-macos-arm64 | 0.2.0 | 1.00 | 24.00 | 25.00 | OK | |
| r-release-macos-x86_64 | 0.2.0 | 2.00 | 42.00 | 44.00 | OK | |
| r-release-windows-x86_64 | 0.2.0 | 3.00 | 47.00 | 50.00 | OK | |
| r-oldrel-macos-arm64 | 0.2.0 | 1.00 | 24.00 | 25.00 | OK | |
| r-oldrel-macos-x86_64 | 0.2.0 | 2.00 | 33.00 | 35.00 | OK | |
| r-oldrel-windows-x86_64 | 0.2.0 | 5.00 | 55.00 | 60.00 | OK |
Version: 0.2.0
Check: CRAN incoming feasibility
Result: NOTE
Maintainer: ‘Michael D. Sumner <mdsumner@gmail.com>’
Package CITATION file contains call(s) to old-style personList() or
as.personList(). Please use c() on person objects instead.
Package CITATION file contains call(s) to old-style citEntry(). Please
use bibentry() instead.
Flavors: r-devel-linux-x86_64-debian-clang, r-devel-linux-x86_64-debian-gcc