Last updated on 2025-07-24 06:49:34 CEST.
Flavor | Version | Tinstall | Tcheck | Ttotal | Status | Flags |
---|---|---|---|---|---|---|
r-devel-linux-x86_64-debian-clang | 0.1-1 | 29.19 | 66.10 | 95.29 | OK | |
r-devel-linux-x86_64-debian-gcc | 0.1-1 | 21.50 | 48.45 | 69.95 | OK | |
r-devel-linux-x86_64-fedora-clang | 0.1-1 | 176.88 | OK | |||
r-devel-linux-x86_64-fedora-gcc | 0.1-1 | 157.13 | OK | |||
r-devel-windows-x86_64 | 0.1-1 | 42.00 | 89.00 | 131.00 | OK | |
r-patched-linux-x86_64 | 0.1-1 | 31.34 | 62.21 | 93.55 | OK | |
r-release-linux-x86_64 | 0.1-1 | 30.73 | 62.75 | 93.48 | OK | |
r-release-macos-arm64 | 0.1-1 | 48.00 | OK | |||
r-release-macos-x86_64 | 0.1-1 | 82.00 | OK | |||
r-release-windows-x86_64 | 0.1-1 | 43.00 | 94.00 | 137.00 | OK | |
r-oldrel-macos-arm64 | 0.1-1 | 45.00 | NOTE | |||
r-oldrel-macos-x86_64 | 0.1-1 | 73.00 | NOTE | |||
r-oldrel-windows-x86_64 | 0.1-1 | 50.00 | 108.00 | 158.00 | NOTE |
Version: 0.1-1
Check: LazyData
Result: NOTE
'LazyData' is specified without a 'data' directory
Flavors: r-oldrel-macos-arm64, r-oldrel-macos-x86_64, r-oldrel-windows-x86_64