CRAN Package Check Results for Package openmpp

Last updated on 2025-10-21 23:51:02 CEST.

Flavor Version Tinstall Tcheck Ttotal Status Flags
r-devel-linux-x86_64-debian-clang 0.0.1 10.76 53.60 64.36 NOTE
r-devel-linux-x86_64-debian-gcc 0.0.1 5.88 39.99 45.87 NOTE
r-devel-linux-x86_64-fedora-clang 0.0.1 23.00 74.13 97.13 OK
r-devel-linux-x86_64-fedora-gcc 0.0.1 21.00 69.92 90.92 OK
r-devel-windows-x86_64 0.0.1 11.00 116.00 127.00 OK
r-patched-linux-x86_64 0.0.1 10.43 48.93 59.36 OK
r-release-linux-x86_64 0.0.1 7.72 49.55 57.27 OK
r-release-macos-arm64 0.0.1 3.00 42.00 45.00 OK
r-release-macos-x86_64 0.0.1 7.00 57.00 64.00 OK
r-release-windows-x86_64 0.0.1 11.00 194.00 205.00 OK
r-oldrel-macos-arm64 0.0.1 3.00 42.00 45.00 OK
r-oldrel-macos-x86_64 0.0.1 7.00 71.00 78.00 OK
r-oldrel-windows-x86_64 0.0.1 14.00 125.00 139.00 OK

Check Details

Version: 0.0.1
Check: HTML version of manual
Result: NOTE Found the following HTML validation problems: is_compatible.html:50:1 (is_compatible.Rd:12): Warning: missing </ul> before </div> load_model.html:154:1 (load_model.Rd:90): Warning: <h5> anchor "Usage" already defined load_model.html:160:1 (load_model.Rd:94): Warning: <h5> anchor "Arguments" already defined load_model.html:173:1 (load_model.Rd:101): Warning: <h5> anchor "Returns" already defined load_model_run.html:192:1 (load_model_run.Rd:108): Warning: <h5> anchor "Usage" already defined load_model_run.html:198:1 (load_model_run.Rd:112): Warning: <h5> anchor "Arguments" already defined load_model_run.html:211:1 (load_model_run.Rd:119): Warning: <h5> anchor "Returns" already defined load_model_run.html:228:1 (load_model_run.Rd:128): Warning: <h5> anchor "Usage" already defined load_model_run.html:234:1 (load_model_run.Rd:132): Warning: <h5> anchor "Arguments" already defined load_model_run.html:247:1 (load_model_run.Rd:139): Warning: <h5> anchor "Returns" already defined load_model_run.html:264:1 (load_model_run.Rd:148): Warning: <h5> anchor "Usage" already defined load_model_run.html:270:1 (load_model_run.Rd:152): Warning: <h5> anchor "Arguments" already defined load_model_run.html:286:1 (load_model_run.Rd:162): Warning: <h5> anchor "Returns" already defined load_model_run.html:303:1 (load_model_run.Rd:171): Warning: <h5> anchor "Usage" already defined load_model_run.html:309:1 (load_model_run.Rd:175): Warning: <h5> anchor "Arguments" already defined load_model_run.html:327:1 (load_model_run.Rd:187): Warning: <h5> anchor "Returns" already defined load_model_run.html:344:1 (load_model_run.Rd:196): Warning: <h5> anchor "Usage" already defined load_model_run.html:350:1 (load_model_run.Rd:200): Warning: <h5> anchor "Arguments" already defined load_model_run.html:365:1 (load_model_run.Rd:209): Warning: <h5> anchor "Returns" already defined load_model_run.html:382:1 (load_model_run.Rd:218): Warning: <h5> anchor "Usage" already defined load_model_run.html:388:1 (load_model_run.Rd:222): Warning: <h5> anchor "Arguments" already defined load_model_run.html:401:1 (load_model_run.Rd:229): Warning: <h5> anchor "Returns" already defined load_model_run.html:418:1 (load_model_run.Rd:238): Warning: <h5> anchor "Usage" already defined load_model_run.html:424:1 (load_model_run.Rd:242): Warning: <h5> anchor "Returns" already defined load_model_run.html:441:1 (load_model_run.Rd:251): Warning: <h5> anchor "Usage" already defined load_model_run.html:447:1 (load_model_run.Rd:255): Warning: <h5> anchor "Arguments" already defined load_model_run.html:460:1 (load_model_run.Rd:262): Warning: <h5> anchor "Returns" already defined load_model_runs.html:178:1 (load_model_runs.Rd:103): Warning: <h5> anchor "Usage" already defined load_model_runs.html:184:1 (load_model_runs.Rd:107): Warning: <h5> anchor "Arguments" already defined load_model_runs.html:197:1 (load_model_runs.Rd:114): Warning: <h5> anchor "Returns" already defined load_model_runs.html:214:1 (load_model_runs.Rd:123): Warning: <h5> anchor "Usage" already defined load_model_runs.html:220:1 (load_model_runs.Rd:127): Warning: <h5> anchor "Arguments" already defined load_model_runs.html:233:1 (load_model_runs.Rd:134): Warning: <h5> anchor "Returns" already defined load_model_runs.html:250:1 (load_model_runs.Rd:143): Warning: <h5> anchor "Usage" already defined load_model_runs.html:256:1 (load_model_runs.Rd:147): Warning: <h5> anchor "Arguments" already defined load_model_runs.html:272:1 (load_model_runs.Rd:157): Warning: <h5> anchor "Returns" already defined load_model_runs.html:289:1 (load_model_runs.Rd:166): Warning: <h5> anchor "Usage" already defined load_model_runs.html:295:1 (load_model_runs.Rd:170): Warning: <h5> anchor "Arguments" already defined load_model_runs.html:310:1 (load_model_runs.Rd:179): Warning: <h5> anchor "Returns" already defined load_model_runs.html:327:1 (load_model_runs.Rd:188): Warning: <h5> anchor "Usage" already defined load_model_runs.html:333:1 (load_model_runs.Rd:192): Warning: <h5> anchor "Arguments" already defined load_model_runs.html:346:1 (load_model_runs.Rd:199): Warning: <h5> anchor "Returns" already defined load_workset.html:185:1 (load_workset.Rd:102): Warning: <h5> anchor "Usage" already defined load_workset.html:191:1 (load_workset.Rd:106): Warning: <h5> anchor "Arguments" already defined load_workset.html:204:1 (load_workset.Rd:113): Warning: <h5> anchor "Returns" already defined load_workset.html:221:1 (load_workset.Rd:122): Warning: <h5> anchor "Usage" already defined load_workset.html:227:1 (load_workset.Rd:126): Warning: <h5> anchor "Arguments" already defined load_workset.html:240:1 (load_workset.Rd:133): Warning: <h5> anchor "Returns" already defined load_workset.html:257:1 (load_workset.Rd:142): Warning: <h5> anchor "Usage" already defined load_workset.html:263:1 (load_workset.Rd:146): Warning: <h5> anchor "Returns" already defined load_workset.html:280:1 (load_workset.Rd:155): Warning: <h5> anchor "Usage" already defined load_workset.html:286:1 (load_workset.Rd:159): Warning: <h5> anchor "Arguments" already defined load_workset.html:299:1 (load_workset.Rd:166): Warning: <h5> anchor "Returns" already defined load_workset.html:316:1 (load_workset.Rd:175): Warning: <h5> anchor "Usage" already defined load_workset.html:322:1 (load_workset.Rd:179): Warning: <h5> anchor "Arguments" already defined load_workset.html:335:1 (load_workset.Rd:186): Warning: <h5> anchor "Returns" already defined load_workset.html:352:1 (load_workset.Rd:195): Warning: <h5> anchor "Usage" already defined load_workset.html:358:1 (load_workset.Rd:199): Warning: <h5> anchor "Arguments" already defined load_workset.html:371:1 (load_workset.Rd:206): Warning: <h5> anchor "Returns" already defined load_workset.html:388:1 (load_workset.Rd:215): Warning: <h5> anchor "Usage" already defined load_workset.html:394:1 (load_workset.Rd:219): Warning: <h5> anchor "Arguments" already defined load_workset.html:409:1 (load_workset.Rd:228): Warning: <h5> anchor "Returns" already defined load_workset.html:426:1 (load_workset.Rd:237): Warning: <h5> anchor "Usage" already defined load_workset.html:438:1 (load_workset.Rd:247): Warning: <h5> anchor "Arguments" already defined load_workset.html:459:1 (load_workset.Rd:262): Warning: <h5> anchor "Returns" already defined Flavors: r-devel-linux-x86_64-debian-clang, r-devel-linux-x86_64-debian-gcc