Last updated on 2025-10-31 20:48:46 CET.
| Flavor | Version | Tinstall | Tcheck | Ttotal | Status | Flags | 
|---|---|---|---|---|---|---|
| r-devel-linux-x86_64-debian-clang | 0.2.4 | 1.74 | 25.23 | 26.97 | NOTE | |
| r-devel-linux-x86_64-debian-gcc | 0.2.4 | 1.33 | 20.28 | 21.61 | NOTE | |
| r-devel-linux-x86_64-fedora-clang | 0.2.4 | 39.90 | NOTE | |||
| r-devel-linux-x86_64-fedora-gcc | 0.2.4 | 38.49 | NOTE | |||
| r-devel-windows-x86_64 | 0.2.4 | 4.00 | 45.00 | 49.00 | NOTE | |
| r-patched-linux-x86_64 | 0.2.4 | 2.16 | 23.75 | 25.91 | NOTE | |
| r-release-linux-x86_64 | 0.2.4 | 2.03 | 24.08 | 26.11 | NOTE | |
| r-release-macos-arm64 | 0.2.4 | 1.00 | 17.00 | 18.00 | NOTE | |
| r-release-macos-x86_64 | 0.2.4 | 2.00 | 27.00 | 29.00 | NOTE | |
| r-release-windows-x86_64 | 0.2.4 | 5.00 | 45.00 | 50.00 | NOTE | |
| r-oldrel-macos-arm64 | 0.2.4 | 1.00 | 16.00 | 17.00 | OK | |
| r-oldrel-macos-x86_64 | 0.2.4 | 1.00 | 21.00 | 22.00 | OK | |
| r-oldrel-windows-x86_64 | 0.2.4 | 5.00 | 59.00 | 64.00 | OK | 
Version: 0.2.4
Check: DESCRIPTION meta-information
Result: NOTE
    Missing dependency on R >= 4.1.0 because package code uses the pipe
    |> or function shorthand \(...) syntax added in R 4.1.0.
    File(s) using such syntax:
      ‘utils.R’ ‘weather_now.R’
Flavors: r-devel-linux-x86_64-debian-clang, r-devel-linux-x86_64-debian-gcc, r-devel-linux-x86_64-fedora-clang, r-devel-linux-x86_64-fedora-gcc, r-devel-windows-x86_64, r-patched-linux-x86_64, r-release-linux-x86_64, r-release-macos-arm64, r-release-macos-x86_64, r-release-windows-x86_64