Last updated on 2025-10-24 18:50:02 CEST.
| Flavor | Version | Tinstall | Tcheck | Ttotal | Status | Flags |
|---|---|---|---|---|---|---|
| r-devel-linux-x86_64-debian-clang | 1.3.1 | 6.52 | 59.81 | 66.33 | NOTE | |
| r-devel-linux-x86_64-debian-gcc | 1.3.1 | 4.58 | 45.35 | 49.93 | NOTE | |
| r-devel-linux-x86_64-fedora-clang | 1.3.1 | 13.00 | 87.20 | 100.20 | OK | |
| r-devel-linux-x86_64-fedora-gcc | 1.3.1 | 13.00 | 87.03 | 100.03 | OK | |
| r-devel-windows-x86_64 | 1.3.1 | 7.00 | 75.00 | 82.00 | OK | |
| r-patched-linux-x86_64 | 1.3.1 | 6.20 | 57.86 | 64.06 | OK | |
| r-release-linux-x86_64 | 1.3.1 | 5.61 | 57.22 | 62.83 | OK | |
| r-release-macos-arm64 | 1.3.1 | 3.00 | 32.00 | 35.00 | OK | |
| r-release-macos-x86_64 | 1.3.1 | 5.00 | 53.00 | 58.00 | OK | |
| r-release-windows-x86_64 | 1.3.1 | 7.00 | 76.00 | 83.00 | OK | |
| r-oldrel-macos-arm64 | 1.3.1 | 3.00 | 29.00 | 32.00 | OK | |
| r-oldrel-macos-x86_64 | 1.3.1 | 5.00 | 41.00 | 46.00 | OK | |
| r-oldrel-windows-x86_64 | 1.3.1 | 9.00 | 95.00 | 104.00 | OK |
Version: 1.3.1
Check: CRAN incoming feasibility
Result: NOTE
Maintainer: ‘Scott Powers <saberpowers@gmail.com>’
No Authors@R field in DESCRIPTION.
Please add one, modifying
Authors@R: c(person(given = "Scott",
family = "Powers",
role = c("aut", "cre"),
email = "saberpowers@gmail.com"),
person(given = "Trevor",
family = "Hastie",
role = "aut"),
person(given = "Robert",
family = "Tibshirani",
role = "aut"))
as necessary.
Flavors: r-devel-linux-x86_64-debian-clang, r-devel-linux-x86_64-debian-gcc