Last updated on 2025-07-19 19:49:53 CEST.
Flavor | Version | Tinstall | Tcheck | Ttotal | Status | Flags |
---|---|---|---|---|---|---|
r-devel-linux-x86_64-debian-clang | 0.1.4 | 4.45 | 42.81 | 47.26 | NOTE | |
r-devel-linux-x86_64-debian-gcc | 0.1.4 | 2.92 | 32.58 | 35.50 | NOTE | |
r-devel-linux-x86_64-fedora-clang | 0.1.4 | 76.78 | OK | |||
r-devel-linux-x86_64-fedora-gcc | 0.1.4 | 84.21 | OK | |||
r-devel-windows-x86_64 | 0.1.4 | 6.00 | 82.00 | 88.00 | OK | |
r-patched-linux-x86_64 | 0.1.4 | 4.44 | 39.94 | 44.38 | OK | |
r-release-linux-x86_64 | 0.1.4 | 4.41 | 41.05 | 45.46 | OK | |
r-release-macos-arm64 | 0.1.4 | 32.00 | OK | |||
r-release-macos-x86_64 | 0.1.4 | 55.00 | OK | |||
r-release-windows-x86_64 | 0.1.4 | 6.00 | 81.00 | 87.00 | OK | |
r-oldrel-macos-arm64 | 0.1.4 | 30.00 | OK | |||
r-oldrel-macos-x86_64 | 0.1.4 | 45.00 | OK | |||
r-oldrel-windows-x86_64 | 0.1.4 | 7.00 | 77.00 | 84.00 | OK |
Version: 0.1.4
Check: CRAN incoming feasibility
Result: NOTE
Maintainer: ‘Tabea Rebafka <tabea.rebafka@sorbonne-universite.fr>’
The Description field contains
Roquain, F. Villers (2020) <arXiv:1907.10176>.
Please refer to arXiv e-prints via their arXiv DOI <doi:10.48550/arXiv.YYMM.NNNNN>.
Flavors: r-devel-linux-x86_64-debian-clang, r-devel-linux-x86_64-debian-gcc