Last updated on 2025-07-10 08:50:45 CEST.
Flavor | Version | Tinstall | Tcheck | Ttotal | Status | Flags |
---|---|---|---|---|---|---|
r-devel-linux-x86_64-debian-clang | 0.1.2 | 28.06 | 58.52 | 86.58 | NOTE | |
r-devel-linux-x86_64-debian-gcc | 0.1.2 | 20.45 | 47.01 | 67.46 | NOTE | |
r-devel-linux-x86_64-fedora-clang | 0.1.2 | 148.57 | NOTE | |||
r-devel-linux-x86_64-fedora-gcc | 0.1.2 | 152.40 | NOTE | |||
r-devel-windows-x86_64 | 0.1.2 | 34.00 | 96.00 | 130.00 | NOTE | |
r-patched-linux-x86_64 | 0.1.2 | 32.14 | 55.67 | 87.81 | NOTE | |
r-release-linux-x86_64 | 0.1.2 | 28.96 | 55.48 | 84.44 | NOTE | |
r-release-macos-arm64 | 0.1.2 | 56.00 | NOTE | |||
r-release-macos-x86_64 | 0.1.2 | 103.00 | NOTE | |||
r-release-windows-x86_64 | 0.1.2 | 33.00 | 87.00 | 120.00 | NOTE | |
r-oldrel-macos-arm64 | 0.1.2 | 60.00 | NOTE | |||
r-oldrel-macos-x86_64 | 0.1.2 | 144.00 | NOTE | |||
r-oldrel-windows-x86_64 | 0.1.2 | 40.00 | 110.00 | 150.00 | NOTE |
Version: 0.1.2
Check: C++ specification
Result: NOTE
Specified C++14: please drop specification unless essential
Flavors: r-devel-linux-x86_64-debian-clang, r-devel-linux-x86_64-debian-gcc, r-devel-linux-x86_64-fedora-clang, r-devel-linux-x86_64-fedora-gcc, r-devel-windows-x86_64, r-patched-linux-x86_64, r-release-linux-x86_64, r-release-macos-arm64, r-release-macos-x86_64, r-release-windows-x86_64, r-oldrel-macos-arm64, r-oldrel-macos-x86_64, r-oldrel-windows-x86_64