Last updated on 2025-10-31 01:49:05 CET.
| Flavor | Version | Tinstall | Tcheck | Ttotal | Status | Flags | 
|---|---|---|---|---|---|---|
| r-devel-linux-x86_64-debian-clang | 3.3.5 | 7.85 | 29.68 | 37.53 | NOTE | |
| r-devel-linux-x86_64-debian-gcc | 3.3.5 | 5.11 | 24.45 | 29.56 | NOTE | |
| r-devel-linux-x86_64-fedora-clang | 3.3.5 | 16.00 | 39.33 | 55.33 | OK | |
| r-devel-linux-x86_64-fedora-gcc | 3.3.5 | 14.00 | 38.54 | 52.54 | OK | |
| r-devel-windows-x86_64 | 3.3.5 | 14.00 | 55.00 | 69.00 | OK | |
| r-patched-linux-x86_64 | 3.3.5 | 5.11 | 27.94 | 33.05 | OK | |
| r-release-linux-x86_64 | 3.3.5 | 5.02 | 28.30 | 33.32 | OK | |
| r-release-macos-arm64 | 3.3.5 | 5.00 | 19.00 | 24.00 | OK | |
| r-release-macos-x86_64 | 3.3.5 | 6.00 | 34.00 | 40.00 | OK | |
| r-release-windows-x86_64 | 3.3.5 | 19.00 | 69.00 | 88.00 | OK | |
| r-oldrel-macos-arm64 | 3.3.5 | 4.00 | 24.00 | 28.00 | OK | |
| r-oldrel-macos-x86_64 | 3.3.5 | 6.00 | 36.00 | 42.00 | OK | |
| r-oldrel-windows-x86_64 | 3.3.5 | 16.00 | 54.00 | 70.00 | OK | 
Version: 3.3.5
Check: CRAN incoming feasibility
Result: NOTE
  Maintainer: ‘Berend Hasselman <bhh@xs4all.nl>’
  
  No Authors@R field in DESCRIPTION.
  Please add one, modifying
    Authors@R: person(given = "Berend",
                      family = "Hasselman",
                      role = c("aut", "cre"),
                      email = "bhh@xs4all.nl")
  as necessary.
Flavors: r-devel-linux-x86_64-debian-clang, r-devel-linux-x86_64-debian-gcc