CRAN Package Check Results for Package nima

Last updated on 2025-11-15 00:50:31 CET.

Flavor Version Tinstall Tcheck Ttotal Status Flags
r-devel-linux-x86_64-debian-clang 0.6.2 6.58 62.56 69.14 OK
r-devel-linux-x86_64-debian-gcc 0.6.2 4.09 46.28 50.37 OK
r-devel-linux-x86_64-fedora-clang 0.6.2 14.00 95.71 109.71 OK
r-devel-linux-x86_64-fedora-gcc 0.6.2 13.00 89.81 102.81 OK
r-devel-windows-x86_64 0.6.2 11.00 80.00 91.00 OK
r-patched-linux-x86_64 0.6.2 5.92 60.72 66.64 OK
r-release-linux-x86_64 0.6.2 6.43 60.04 66.47 OK
r-release-macos-arm64 0.6.2 2.00 24.00 26.00 OK
r-release-macos-x86_64 0.6.2 4.00 40.00 44.00 OK
r-release-windows-x86_64 0.6.2 9.00 77.00 86.00 OK
r-oldrel-macos-arm64 0.6.2 2.00 23.00 25.00 NOTE
r-oldrel-macos-x86_64 0.6.2 6.00 39.00 45.00 NOTE
r-oldrel-windows-x86_64 0.6.2 10.00 93.00 103.00 NOTE

Check Details

Version: 0.6.2
Check: LazyData
Result: NOTE 'LazyData' is specified without a 'data' directory Flavors: r-oldrel-macos-arm64, r-oldrel-macos-x86_64, r-oldrel-windows-x86_64