Last updated on 2025-10-21 17:49:55 CEST.
Flavor | Version | Tinstall | Tcheck | Ttotal | Status | Flags |
---|---|---|---|---|---|---|
r-devel-linux-x86_64-debian-clang | 0.1.2 | 4.57 | 49.44 | 54.01 | NOTE | |
r-devel-linux-x86_64-debian-gcc | 0.1.2 | 3.71 | 37.20 | 40.91 | NOTE | |
r-devel-linux-x86_64-fedora-clang | 0.1.2 | 13.00 | 71.22 | 84.22 | OK | |
r-devel-linux-x86_64-fedora-gcc | 0.1.2 | 11.00 | 80.98 | 91.98 | OK | |
r-devel-windows-x86_64 | 0.1.2 | 7.00 | 73.00 | 80.00 | OK | |
r-patched-linux-x86_64 | 0.1.2 | 5.17 | 45.64 | 50.81 | OK | |
r-release-linux-x86_64 | 0.1.2 | 4.87 | 45.68 | 50.55 | OK | |
r-release-macos-arm64 | 0.1.2 | 3.00 | 36.00 | 39.00 | OK | |
r-release-macos-x86_64 | 0.1.2 | 6.00 | 88.00 | 94.00 | OK | |
r-release-windows-x86_64 | 0.1.2 | 7.00 | 73.00 | 80.00 | OK | |
r-oldrel-macos-arm64 | 0.1.2 | 2.00 | 38.00 | 40.00 | OK | |
r-oldrel-macos-x86_64 | 0.1.2 | 4.00 | 51.00 | 55.00 | OK | |
r-oldrel-windows-x86_64 | 0.1.2 | 9.00 | 84.00 | 93.00 | OK |
Version: 0.1.2
Check: HTML version of manual
Result: NOTE
Found the following HTML validation problems:
check_url.html:55:1 (check_url.Rd:16): Warning: missing </ul> before </div>
Flavors: r-devel-linux-x86_64-debian-clang, r-devel-linux-x86_64-debian-gcc