Last updated on 2025-07-19 08:48:42 CEST.
Flavor | Version | Tinstall | Tcheck | Ttotal | Status | Flags |
---|---|---|---|---|---|---|
r-devel-linux-x86_64-debian-clang | 1.0.2 | 395.55 | 107.56 | 503.11 | NOTE | |
r-devel-linux-x86_64-debian-gcc | 1.0.2 | 271.66 | 74.35 | 346.01 | NOTE | |
r-devel-linux-x86_64-fedora-clang | 1.0.2 | 1148.16 | NOTE | |||
r-devel-linux-x86_64-fedora-gcc | 1.0.2 | 905.41 | NOTE | |||
r-devel-windows-x86_64 | 1.0.2 | 447.00 | 137.00 | 584.00 | NOTE | |
r-patched-linux-x86_64 | 1.0.2 | 382.26 | 99.10 | 481.36 | NOTE | |
r-release-linux-x86_64 | 1.0.2 | 388.50 | 100.60 | 489.10 | NOTE | |
r-release-macos-arm64 | 1.0.2 | 181.00 | NOTE | |||
r-release-macos-x86_64 | 1.0.2 | 191.00 | NOTE | |||
r-release-windows-x86_64 | 1.0.2 | 435.00 | 141.00 | 576.00 | NOTE | |
r-oldrel-macos-arm64 | 1.0.2 | 212.00 | NOTE | |||
r-oldrel-macos-x86_64 | 1.0.2 | 204.00 | NOTE | |||
r-oldrel-windows-x86_64 | 1.0.2 | 524.00 | 171.00 | 695.00 | NOTE |
Version: 1.0.2
Check: CRAN incoming feasibility
Result: NOTE
Maintainer: ‘George Gerogiannis <g.gerogiannis.1@research.gla.ac.uk>’
No Authors@R field in DESCRIPTION.
Please add one, modifying
Authors@R: c(person(given = "George",
family = "Gerogiannis",
role = c("aut", "cre"),
email = "g.gerogiannis.1@research.gla.ac.uk"),
person(given = "Mark",
family = "Tranmer",
role = "aut"),
person(given = "Duncan",
family = "Lee",
role = "aut"))
as necessary.
Flavors: r-devel-linux-x86_64-debian-clang, r-devel-linux-x86_64-debian-gcc
Version: 1.0.2
Check: C++ specification
Result: NOTE
Specified C++11: please drop specification unless essential
Flavors: r-devel-linux-x86_64-debian-clang, r-devel-linux-x86_64-debian-gcc, r-devel-linux-x86_64-fedora-clang, r-devel-linux-x86_64-fedora-gcc, r-devel-windows-x86_64, r-patched-linux-x86_64, r-release-linux-x86_64, r-release-macos-arm64, r-release-macos-x86_64, r-release-windows-x86_64, r-oldrel-macos-arm64, r-oldrel-macos-x86_64, r-oldrel-windows-x86_64
Version: 1.0.2
Check: installed package size
Result: NOTE
installed size is 11.4Mb
sub-directories of 1Mb or more:
libs 11.2Mb
Flavors: r-oldrel-macos-arm64, r-oldrel-macos-x86_64