Last updated on 2025-10-31 14:49:47 CET.
| Flavor | Version | Tinstall | Tcheck | Ttotal | Status | Flags | 
|---|---|---|---|---|---|---|
| r-devel-linux-x86_64-debian-clang | 1.0.0 | 41.68 | 41.70 | 83.38 | NOTE | |
| r-devel-linux-x86_64-debian-gcc | 1.0.0 | 35.36 | 32.95 | 68.31 | NOTE | |
| r-devel-linux-x86_64-fedora-clang | 1.0.0 | 77.00 | 71.23 | 148.23 | NOTE | |
| r-devel-linux-x86_64-fedora-gcc | 1.0.0 | 91.00 | 63.46 | 154.46 | NOTE | |
| r-devel-windows-x86_64 | 1.0.0 | 54.00 | 85.00 | 139.00 | NOTE | |
| r-patched-linux-x86_64 | 1.0.0 | 51.58 | 40.87 | 92.45 | NOTE | |
| r-release-linux-x86_64 | 1.0.0 | 47.98 | 40.19 | 88.17 | NOTE | |
| r-release-macos-arm64 | 1.0.0 | 18.00 | 26.00 | 44.00 | NOTE | |
| r-release-macos-x86_64 | 1.0.0 | 31.00 | 37.00 | 68.00 | NOTE | |
| r-release-windows-x86_64 | 1.0.0 | 52.00 | 83.00 | 135.00 | NOTE | |
| r-oldrel-macos-arm64 | 1.0.0 | 18.00 | 23.00 | 41.00 | NOTE | |
| r-oldrel-macos-x86_64 | 1.0.0 | 51.00 | 57.00 | 108.00 | NOTE | |
| r-oldrel-windows-x86_64 | 1.0.0 | 64.00 | 101.00 | 165.00 | NOTE | 
Version: 1.0.0
Check: CRAN incoming feasibility
Result: NOTE
  Maintainer: ‘Dongshin Kim <dongshin.kim@live.com>’
  
  The Description field contains
    Kim, D., Lee, S. and Kwon, S. (2018) <arXiv:1811.05061>, Lee, S., Kwon,
  Please refer to arXiv e-prints via their arXiv DOI <doi:10.48550/arXiv.YYMM.NNNNN>.
Flavors: r-devel-linux-x86_64-debian-clang, r-devel-linux-x86_64-debian-gcc
Version: 1.0.0
Check: package subdirectories
Result: NOTE
  Problems with news in ‘NEWS.md’:
  No news entries found.
Flavors: r-devel-linux-x86_64-debian-clang, r-devel-linux-x86_64-debian-gcc, r-devel-linux-x86_64-fedora-clang, r-devel-linux-x86_64-fedora-gcc, r-devel-windows-x86_64, r-patched-linux-x86_64, r-release-linux-x86_64, r-release-macos-arm64, r-release-macos-x86_64, r-release-windows-x86_64, r-oldrel-macos-arm64, r-oldrel-macos-x86_64, r-oldrel-windows-x86_64
Version: 1.0.0
Check: Rd files
Result: NOTE
  checkRd: (-1) ncpen.Rd:108: Lost braces; missing escapes or markup?
     108 |   \item{gamma}{extra shrinkage parameter for \code{classo} and {sridge} only.}
         |                                                                ^
  checkRd: (-1) ncpen.reg.Rd:109: Lost braces; missing escapes or markup?
     109 |   \item{gamma}{extra shrinkage parameter for \code{classo} and {sridge} only.}
         |                                                                ^
Flavors: r-devel-linux-x86_64-debian-clang, r-devel-linux-x86_64-debian-gcc, r-devel-linux-x86_64-fedora-clang, r-devel-linux-x86_64-fedora-gcc, r-devel-windows-x86_64, r-patched-linux-x86_64, r-release-linux-x86_64, r-release-macos-arm64, r-release-macos-x86_64, r-release-windows-x86_64, r-oldrel-macos-arm64, r-oldrel-macos-x86_64, r-oldrel-windows-x86_64
Version: 1.0.0
Check: installed package size
Result: NOTE
    installed size is  7.1Mb
    sub-directories of 1Mb or more:
      libs   6.9Mb
Flavors: r-oldrel-macos-arm64, r-oldrel-macos-x86_64
Version: 1.0.0
Check: LazyData
Result: NOTE
    'LazyData' is specified without a 'data' directory
Flavors: r-oldrel-macos-arm64, r-oldrel-macos-x86_64, r-oldrel-windows-x86_64