CRAN Package Check Results for Package nbc4va

Last updated on 2025-07-24 06:49:33 CEST.

Flavor Version Tinstall Tcheck Ttotal Status Flags
r-devel-linux-x86_64-debian-clang 1.2 2.78 34.86 37.64 NOTE
r-devel-linux-x86_64-debian-gcc 1.2 1.98 26.58 28.56 NOTE
r-devel-linux-x86_64-fedora-clang 1.2 62.57 OK
r-devel-linux-x86_64-fedora-gcc 1.2 73.15 OK
r-devel-windows-x86_64 1.2 5.00 58.00 63.00 OK
r-patched-linux-x86_64 1.2 3.11 32.55 35.66 OK
r-release-linux-x86_64 1.2 2.53 32.79 35.32 OK
r-release-macos-arm64 1.2 30.00 OK
r-release-macos-x86_64 1.2 57.00 OK
r-release-windows-x86_64 1.2 5.00 58.00 63.00 OK
r-oldrel-macos-arm64 1.2 29.00 OK
r-oldrel-macos-x86_64 1.2 40.00 OK
r-oldrel-windows-x86_64 1.2 6.00 67.00 73.00 OK

Check Details

Version: 1.2
Check: CRAN incoming feasibility
Result: NOTE Maintainer: ‘Richard Wen <rrwen.dev@gmail.com>’ Package CITATION file contains call(s) to old-style personList() or as.personList(). Please use c() on person objects instead. Package CITATION file contains call(s) to old-style citEntry(). Please use bibentry() instead. Flavors: r-devel-linux-x86_64-debian-clang, r-devel-linux-x86_64-debian-gcc