Last updated on 2025-11-25 04:50:22 CET.
| Flavor | Version | Tinstall | Tcheck | Ttotal | Status | Flags |
|---|---|---|---|---|---|---|
| r-devel-linux-x86_64-debian-clang | 0.3.1 | 1.75 | 26.25 | 28.00 | NOTE | |
| r-devel-linux-x86_64-debian-gcc | 0.3.1 | 1.49 | 21.41 | 22.90 | NOTE | |
| r-devel-linux-x86_64-fedora-clang | 0.3.1 | 41.65 | NOTE | |||
| r-devel-linux-x86_64-fedora-gcc | 0.3.1 | 39.37 | NOTE | |||
| r-devel-windows-x86_64 | 0.3.1 | 3.00 | 45.00 | 48.00 | NOTE | |
| r-patched-linux-x86_64 | 0.3.1 | 2.24 | 24.50 | 26.74 | NOTE | |
| r-release-linux-x86_64 | 0.3.1 | 1.83 | 24.29 | 26.12 | NOTE | |
| r-release-macos-arm64 | 0.3.1 | NOTE | ||||
| r-release-macos-x86_64 | 0.3.1 | 2.00 | 29.00 | 31.00 | NOTE | |
| r-release-windows-x86_64 | 0.3.1 | 3.00 | 46.00 | 49.00 | NOTE | |
| r-oldrel-macos-arm64 | 0.3.1 | NOTE | ||||
| r-oldrel-macos-x86_64 | 0.3.1 | 2.00 | 21.00 | 23.00 | NOTE | |
| r-oldrel-windows-x86_64 | 0.3.1 | 4.00 | 51.00 | 55.00 | NOTE |
Version: 0.3.1
Check: package subdirectories
Result: NOTE
Problems with news in ‘NEWS.md’:
Cannot extract version info from the following section titles:
Version (2018-01-22)
Version (2017-08-22)
Version
Flavors: r-devel-linux-x86_64-debian-clang, r-devel-linux-x86_64-debian-gcc, r-devel-linux-x86_64-fedora-clang, r-devel-linux-x86_64-fedora-gcc, r-devel-windows-x86_64, r-patched-linux-x86_64, r-release-linux-x86_64, r-release-macos-arm64, r-release-macos-x86_64, r-release-windows-x86_64, r-oldrel-macos-arm64, r-oldrel-macos-x86_64, r-oldrel-windows-x86_64
Version: 0.3.1
Check: LazyData
Result: NOTE
'LazyData' is specified without a 'data' directory
Flavors: r-oldrel-macos-arm64, r-oldrel-macos-x86_64, r-oldrel-windows-x86_64