Last updated on 2025-07-20 07:48:38 CEST.
Flavor | Version | Tinstall | Tcheck | Ttotal | Status | Flags |
---|---|---|---|---|---|---|
r-devel-linux-x86_64-debian-clang | 0.1.0 | 73.44 | 116.93 | 190.37 | NOTE | |
r-devel-linux-x86_64-debian-gcc | 0.1.0 | 48.68 | 83.18 | 131.86 | NOTE | |
r-devel-linux-x86_64-fedora-clang | 0.1.0 | 362.67 | NOTE | |||
r-devel-linux-x86_64-fedora-gcc | 0.1.0 | 302.90 | NOTE | |||
r-devel-windows-x86_64 | 0.1.0 | 87.00 | 135.00 | 222.00 | NOTE | |
r-patched-linux-x86_64 | 0.1.0 | 68.39 | 112.23 | 180.62 | NOTE | |
r-release-linux-x86_64 | 0.1.0 | 66.42 | 113.08 | 179.50 | NOTE | |
r-release-macos-arm64 | 0.1.0 | 84.00 | NOTE | |||
r-release-macos-x86_64 | 0.1.0 | 136.00 | NOTE | |||
r-release-windows-x86_64 | 0.1.0 | 88.00 | 132.00 | 220.00 | NOTE | |
r-oldrel-macos-arm64 | 0.1.0 | 92.00 | OK | |||
r-oldrel-macos-x86_64 | 0.1.0 | 203.00 | OK | |||
r-oldrel-windows-x86_64 | 0.1.0 | 101.00 | 190.00 | 291.00 | OK |
Version: 0.1.0
Check: DESCRIPTION meta-information
Result: NOTE
Missing dependency on R >= 4.2.0 because package code uses the pipe
placeholder syntax added in R 4.2.0.
File(s) using such syntax:
‘get_individual_algebra_results.R’
Flavors: r-devel-linux-x86_64-debian-clang, r-devel-linux-x86_64-debian-gcc, r-devel-linux-x86_64-fedora-clang, r-devel-linux-x86_64-fedora-gcc, r-devel-windows-x86_64, r-patched-linux-x86_64, r-release-linux-x86_64, r-release-macos-arm64, r-release-macos-x86_64, r-release-windows-x86_64