Last updated on 2025-11-04 09:50:04 CET.
| Flavor | Version | Tinstall | Tcheck | Ttotal | Status | Flags | 
|---|---|---|---|---|---|---|
| r-devel-linux-x86_64-debian-clang | 0.2.6 | 56.67 | 188.31 | 244.98 | OK | |
| r-devel-linux-x86_64-debian-gcc | 0.2.6 | 37.44 | 123.17 | 160.61 | OK | |
| r-devel-linux-x86_64-fedora-clang | 0.2.6 | 95.00 | 337.83 | 432.83 | OK | |
| r-devel-linux-x86_64-fedora-gcc | 0.2.6 | 91.00 | 338.14 | 429.14 | OK | |
| r-devel-windows-x86_64 | 0.2.6 | 63.00 | 244.00 | 307.00 | OK | |
| r-patched-linux-x86_64 | 0.2.6 | 55.02 | 179.95 | 234.97 | OK | |
| r-release-linux-x86_64 | 0.2.6 | 53.99 | 180.67 | 234.66 | OK | |
| r-release-macos-arm64 | 0.2.6 | 21.00 | 98.00 | 119.00 | OK | |
| r-release-macos-x86_64 | 0.2.6 | 24.00 | 209.00 | 233.00 | OK | |
| r-release-windows-x86_64 | 0.2.6 | 54.00 | 246.00 | 300.00 | OK | |
| r-oldrel-macos-arm64 | 0.2.6 | 21.00 | 87.00 | 108.00 | NOTE | |
| r-oldrel-macos-x86_64 | 0.2.6 | 23.00 | 158.00 | 181.00 | NOTE | |
| r-oldrel-windows-x86_64 | 0.2.6 | 74.00 | 298.00 | 372.00 | OK | 
Version: 0.2.6
Check: installed package size
Result: NOTE
    installed size is  6.1Mb
    sub-directories of 1Mb or more:
      libs   4.7Mb
Flavors: r-oldrel-macos-arm64, r-oldrel-macos-x86_64