Last updated on 2025-10-24 18:50:01 CEST.
| Flavor | Version | Tinstall | Tcheck | Ttotal | Status | Flags |
|---|---|---|---|---|---|---|
| r-devel-linux-x86_64-debian-clang | 1.0.1 | 17.20 | 28.94 | 46.14 | NOTE | |
| r-devel-linux-x86_64-debian-gcc | 1.0.1 | 13.26 | 22.86 | 36.12 | NOTE | |
| r-devel-linux-x86_64-fedora-clang | 1.0.1 | 46.00 | 33.35 | 79.35 | OK | |
| r-devel-linux-x86_64-fedora-gcc | 1.0.1 | 45.00 | 32.64 | 77.64 | OK | |
| r-devel-windows-x86_64 | 1.0.1 | 21.00 | 63.00 | 84.00 | OK | |
| r-patched-linux-x86_64 | 1.0.1 | 18.79 | 27.48 | 46.27 | OK | |
| r-release-linux-x86_64 | 1.0.1 | 16.66 | 27.47 | 44.13 | OK | |
| r-release-macos-arm64 | 1.0.1 | 8.00 | 19.00 | 27.00 | OK | |
| r-release-macos-x86_64 | 1.0.1 | 15.00 | 29.00 | 44.00 | OK | |
| r-release-windows-x86_64 | 1.0.1 | 23.00 | 64.00 | 87.00 | OK | |
| r-oldrel-macos-arm64 | 1.0.1 | 7.00 | 22.00 | 29.00 | OK | |
| r-oldrel-macos-x86_64 | 1.0.1 | 13.00 | 23.00 | 36.00 | OK | |
| r-oldrel-windows-x86_64 | 1.0.1 | 23.00 | 76.00 | 99.00 | OK |
Version: 1.0.1
Check: CRAN incoming feasibility
Result: NOTE
Maintainer: ‘James Curran <j.curran@auckland.ac.nz>’
No Authors@R field in DESCRIPTION.
Please add one, modifying
Authors@R: c(person(given = "James",
family = "Curran",
role = c("aut", "cre"),
email = "j.curran@auckland.ac.nz"),
person(given = "Aaron",
family = "Williams",
role = "aut"),
person(given = "Jerome",
family = "Kelleher",
role = "aut"),
person(given = "Dave",
family = "Barber",
role = "aut"))
as necessary.
Flavors: r-devel-linux-x86_64-debian-clang, r-devel-linux-x86_64-debian-gcc