Last updated on 2025-10-24 05:50:48 CEST.
| Flavor | Version | Tinstall | Tcheck | Ttotal | Status | Flags |
|---|---|---|---|---|---|---|
| r-devel-linux-x86_64-debian-clang | 0.1-2 | 3.60 | 33.71 | 37.31 | NOTE | |
| r-devel-linux-x86_64-debian-gcc | 0.1-2 | 2.58 | 23.96 | 26.54 | NOTE | |
| r-devel-linux-x86_64-fedora-clang | 0.1-2 | 18.00 | 41.17 | 59.17 | OK | |
| r-devel-linux-x86_64-fedora-gcc | 0.1-2 | 52.83 | OK | |||
| r-devel-windows-x86_64 | 0.1-2 | 4.00 | 52.00 | 56.00 | OK | |
| r-patched-linux-x86_64 | 0.1-2 | 2.86 | 31.22 | 34.08 | OK | |
| r-release-linux-x86_64 | 0.1-2 | 3.75 | 31.02 | 34.77 | OK | |
| r-release-macos-arm64 | 0.1-2 | 2.00 | 21.00 | 23.00 | OK | |
| r-release-macos-x86_64 | 0.1-2 | 3.00 | 31.00 | 34.00 | OK | |
| r-release-windows-x86_64 | 0.1-2 | 4.00 | 51.00 | 55.00 | OK | |
| r-oldrel-macos-arm64 | 0.1-2 | 2.00 | 19.00 | 21.00 | OK | |
| r-oldrel-macos-x86_64 | 0.1-2 | 3.00 | 29.00 | 32.00 | OK | |
| r-oldrel-windows-x86_64 | 0.1-2 | 5.00 | 61.00 | 66.00 | OK |
Version: 0.1-2
Check: CRAN incoming feasibility
Result: NOTE
Maintainer: ‘Michael Eichenberger <mike.eichenberger@gmail.com>’
No Authors@R field in DESCRIPTION.
Please add one, modifying
Authors@R: c(person(given = "Michael",
family = "Eichenberger",
role = c("aut", "cre"),
email = "mike.eichenberger@gmail.com"),
person(given = "Carlo",
family = "Rosa",
role = "aut"))
as necessary.
Flavors: r-devel-linux-x86_64-debian-clang, r-devel-linux-x86_64-debian-gcc