Last updated on 2025-11-19 14:55:04 CET.
| Flavor | Version | Tinstall | Tcheck | Ttotal | Status | Flags |
|---|---|---|---|---|---|---|
| r-devel-linux-x86_64-debian-clang | 0.1.1 | 0.20 | 3.03 | 3.23 | ERROR | |
| r-devel-linux-x86_64-debian-gcc | 0.1.1 | 0.28 | 2.62 | 2.90 | ERROR | |
| r-devel-linux-x86_64-fedora-clang | 0.1.1 | 2.36 | ERROR | |||
| r-devel-linux-x86_64-fedora-gcc | 0.1.1 | 2.40 | ERROR | |||
| r-devel-windows-x86_64 | 0.1.1 | 9.00 | 49.00 | 58.00 | OK | |
| r-patched-linux-x86_64 | 0.1.1 | 0.19 | 1.72 | 1.91 | ERROR | |
| r-release-linux-x86_64 | 0.1.1 | 0.33 | 1.80 | 2.13 | ERROR | |
| r-release-macos-arm64 | 0.1.1 | OK | ||||
| r-release-macos-x86_64 | 0.1.1 | 6.00 | 43.00 | 49.00 | OK | |
| r-release-windows-x86_64 | 0.1.1 | 8.00 | 52.00 | 60.00 | OK | |
| r-oldrel-macos-arm64 | 0.1.1 | OK | ||||
| r-oldrel-macos-x86_64 | 0.1.1 | 3.00 | 29.00 | 32.00 | OK | |
| r-oldrel-windows-x86_64 | 0.1.1 | 8.00 | 59.00 | 67.00 | OK |
Version: 0.1.1
Check: package dependencies
Result: ERROR
Package required but not available: ‘tidyjson’
See section ‘The DESCRIPTION file’ in the ‘Writing R Extensions’
manual.
Flavors: r-devel-linux-x86_64-debian-clang, r-devel-linux-x86_64-debian-gcc, r-devel-linux-x86_64-fedora-clang, r-devel-linux-x86_64-fedora-gcc, r-patched-linux-x86_64, r-release-linux-x86_64