Last updated on 2025-10-24 18:50:01 CEST.
| Flavor | Version | Tinstall | Tcheck | Ttotal | Status | Flags | 
|---|---|---|---|---|---|---|
| r-devel-linux-x86_64-debian-clang | 0.5-3 | 11.14 | 70.14 | 81.28 | NOTE | |
| r-devel-linux-x86_64-debian-gcc | 0.5-3 | 8.61 | 58.29 | 66.90 | NOTE | |
| r-devel-linux-x86_64-fedora-clang | 0.5-3 | 32.00 | 98.18 | 130.18 | OK | |
| r-devel-linux-x86_64-fedora-gcc | 0.5-3 | 23.00 | 100.88 | 123.88 | OK | |
| r-devel-windows-x86_64 | 0.5-3 | 14.00 | 83.00 | 97.00 | OK | |
| r-patched-linux-x86_64 | 0.5-3 | 10.35 | 65.06 | 75.41 | OK | |
| r-release-linux-x86_64 | 0.5-3 | 9.49 | 65.76 | 75.25 | OK | |
| r-release-windows-x86_64 | 0.5-3 | 18.00 | 89.00 | 107.00 | OK | |
| r-oldrel-windows-x86_64 | 0.5-3 | 18.00 | 96.00 | 114.00 | OK | 
Version: 0.5-3
Check: CRAN incoming feasibility
Result: NOTE
  Maintainer: ‘Jon Clayden <code@clayden.org>’
  
  Package CITATION file contains call(s) to old-style personList() or
  as.personList().  Please use c() on person objects instead.
  Package CITATION file contains call(s) to old-style citEntry().  Please
  use bibentry() instead.
Flavors: r-devel-linux-x86_64-debian-clang, r-devel-linux-x86_64-debian-gcc