CRAN Package Check Results for Package movementsync

Last updated on 2025-07-17 05:49:54 CEST.

Flavor Version Tinstall Tcheck Ttotal Status Flags
r-devel-linux-x86_64-debian-clang 0.1.4 9.56 176.86 186.42 NOTE
r-devel-linux-x86_64-debian-gcc 0.1.4 6.56 115.51 122.07 NOTE
r-devel-linux-x86_64-fedora-clang 0.1.4 291.97 OK
r-devel-linux-x86_64-fedora-gcc 0.1.4 280.73 OK
r-devel-windows-x86_64 0.1.4 13.00 207.00 220.00 NOTE
r-patched-linux-x86_64 0.1.4 12.40 162.46 174.86 NOTE
r-release-linux-x86_64 0.1.4 6.79 166.39 173.18 NOTE
r-release-macos-arm64 0.1.4 86.00 OK
r-release-macos-x86_64 0.1.4 176.00 OK
r-release-windows-x86_64 0.1.4 13.00 202.00 215.00 NOTE
r-oldrel-macos-arm64 0.1.4 96.00 OK
r-oldrel-macos-x86_64 0.1.4 130.00 OK
r-oldrel-windows-x86_64 0.1.4 16.00 274.00 290.00 OK

Check Details

Version: 0.1.4
Check: Rd cross-references
Result: NOTE Found the following Rd file(s) with Rd \link{} targets missing package anchors: plot.GrangerInteraction.Rd: plot.igraph plot.View.Rd: plot.zoo Please provide package anchors for all Rd \link{} targets not in the package itself and the base packages. Flavors: r-devel-linux-x86_64-debian-clang, r-devel-linux-x86_64-debian-gcc, r-devel-windows-x86_64, r-patched-linux-x86_64, r-release-linux-x86_64, r-release-windows-x86_64