Last updated on 2025-10-23 05:52:00 CEST.
Flavor | Version | Tinstall | Tcheck | Ttotal | Status | Flags |
---|---|---|---|---|---|---|
r-devel-linux-x86_64-debian-clang | 1.4 | 1.63 | 31.22 | 32.85 | NOTE | |
r-devel-linux-x86_64-debian-gcc | 1.4 | 1.47 | 26.12 | 27.59 | OK | |
r-devel-linux-x86_64-fedora-clang | 1.4 | 51.46 | OK | |||
r-devel-linux-x86_64-fedora-gcc | 1.4 | 62.90 | OK | |||
r-devel-windows-x86_64 | 1.4 | 3.00 | 46.00 | 49.00 | OK | |
r-patched-linux-x86_64 | 1.4 | 1.77 | 30.26 | 32.03 | OK | |
r-release-linux-x86_64 | 1.4 | 1.55 | 30.47 | 32.02 | OK | |
r-release-macos-arm64 | 1.4 | 1.00 | 23.00 | 24.00 | OK | |
r-release-macos-x86_64 | 1.4 | 2.00 | 40.00 | 42.00 | OK | |
r-release-windows-x86_64 | 1.4 | 4.00 | 46.00 | 50.00 | OK | |
r-oldrel-macos-arm64 | 1.4 | 1.00 | 22.00 | 23.00 | OK | |
r-oldrel-macos-x86_64 | 1.4 | 2.00 | 35.00 | 37.00 | OK | |
r-oldrel-windows-x86_64 | 1.4 | 4.00 | 53.00 | 57.00 | OK |
Version: 1.4
Check: HTML version of manual
Result: NOTE
Found the following HTML validation problems:
panel.mountainplot.html:62:1 (panel.mountainplot.Rd:18): Warning: missing </ul> before </div>
prepanel.mountainplot.html:50:1 (prepanel.mountainplot.Rd:12): Warning: missing </ul> before </div>
Flavor: r-devel-linux-x86_64-debian-clang