CRAN Package Check Results for Package modelimpact

Last updated on 2025-11-13 12:54:15 CET.

Flavor Version Tinstall Tcheck Ttotal Status Flags
r-devel-linux-x86_64-debian-clang 1.0.0 1.89 23.79 25.68 NOTE
r-devel-linux-x86_64-debian-gcc 1.0.0 1.30 19.26 20.56 NOTE
r-devel-linux-x86_64-fedora-clang 1.0.0 36.08 NOTE
r-devel-linux-x86_64-fedora-gcc 1.0.0 33.68 NOTE
r-devel-windows-x86_64 1.0.0 4.00 40.00 44.00 OK
r-patched-linux-x86_64 1.0.0 1.53 21.27 22.80 OK
r-release-linux-x86_64 1.0.0 1.65 21.12 22.77 OK
r-release-macos-arm64 1.0.0 1.00 15.00 16.00 OK
r-release-macos-x86_64 1.0.0 2.00 23.00 25.00 OK
r-release-windows-x86_64 1.0.0 5.00 40.00 45.00 OK
r-oldrel-macos-arm64 1.0.0 1.00 14.00 15.00 OK
r-oldrel-macos-x86_64 1.0.0 2.00 20.00 22.00 OK
r-oldrel-windows-x86_64 1.0.0 4.00 48.00 52.00 OK

Check Details

Version: 1.0.0
Check: CRAN incoming feasibility
Result: NOTE Maintainer: ‘Peer Christensen <hr.pchristensen@gmail.com>’ No Authors@R field in DESCRIPTION. Please add one, modifying Authors@R: person(given = "Peer", family = "Christensen", role = c("aut", "cre"), email = "hr.pchristensen@gmail.com") as necessary. Flavors: r-devel-linux-x86_64-debian-clang, r-devel-linux-x86_64-debian-gcc

Version: 1.0.0
Check: dependencies in R code
Result: NOTE Namespace in Imports field not imported from: ‘utils’ All declared Imports should be used. Flavors: r-devel-linux-x86_64-fedora-clang, r-devel-linux-x86_64-fedora-gcc