Last updated on 2025-10-21 11:53:30 CEST.
Flavor | Version | Tinstall | Tcheck | Ttotal | Status | Flags |
---|---|---|---|---|---|---|
r-devel-linux-x86_64-debian-clang | 0.1.3 | 3.10 | 33.72 | 36.82 | OK | |
r-devel-linux-x86_64-debian-gcc | 0.1.3 | 2.67 | 28.87 | 31.54 | OK | |
r-devel-linux-x86_64-fedora-clang | 0.1.3 | 60.68 | OK | |||
r-devel-linux-x86_64-fedora-gcc | 0.1.3 | 12.00 | 45.46 | 57.46 | OK | |
r-devel-windows-x86_64 | 0.1.3 | 4.00 | 49.00 | 53.00 | OK | |
r-patched-linux-x86_64 | 0.1.3 | 3.22 | 31.87 | 35.09 | OK | |
r-release-linux-x86_64 | 0.1.3 | 3.06 | 32.06 | 35.12 | OK | |
r-release-macos-arm64 | 0.1.3 | 5.00 | ERROR | |||
r-release-macos-x86_64 | 0.1.3 | 6.00 | ERROR | |||
r-release-windows-x86_64 | 0.1.3 | 4.00 | 52.00 | 56.00 | OK | |
r-oldrel-macos-arm64 | 0.1.3 | 9.00 | ERROR | |||
r-oldrel-macos-x86_64 | 0.1.3 | 12.00 | ERROR | |||
r-oldrel-windows-x86_64 | 0.1.3 | 5.00 | 58.00 | 63.00 | OK |
Version: 0.1.3
Check: package dependencies
Result: ERROR
Package required but not available: ‘doMPI’
See section ‘The DESCRIPTION file’ in the ‘Writing R Extensions’
manual.
Flavors: r-release-macos-arm64, r-release-macos-x86_64, r-oldrel-macos-arm64, r-oldrel-macos-x86_64