Last updated on 2025-10-31 14:49:47 CET.
| Flavor | Version | Tinstall | Tcheck | Ttotal | Status | Flags | 
|---|---|---|---|---|---|---|
| r-devel-linux-x86_64-debian-clang | 2.1.1 | 6.72 | 29.87 | 36.59 | NOTE | |
| r-devel-linux-x86_64-debian-gcc | 2.1.1 | 4.47 | 22.72 | 27.19 | NOTE | |
| r-devel-linux-x86_64-fedora-clang | 2.1.1 | 16.00 | 39.61 | 55.61 | NOTE | |
| r-devel-linux-x86_64-fedora-gcc | 2.1.1 | 15.00 | 35.57 | 50.57 | NOTE | |
| r-devel-windows-x86_64 | 2.1.1 | 10.00 | 45.00 | 55.00 | NOTE | |
| r-patched-linux-x86_64 | 2.1.1 | 5.12 | 27.60 | 32.72 | NOTE | |
| r-release-linux-x86_64 | 2.1.1 | 4.75 | 27.47 | 32.22 | NOTE | |
| r-release-macos-arm64 | 2.1.1 | 4.00 | 16.00 | 20.00 | NOTE | |
| r-release-macos-x86_64 | 2.1.1 | 7.00 | 26.00 | 33.00 | NOTE | |
| r-release-windows-x86_64 | 2.1.1 | 11.00 | 49.00 | 60.00 | NOTE | |
| r-oldrel-macos-arm64 | 2.1.1 | 4.00 | 19.00 | 23.00 | NOTE | |
| r-oldrel-macos-x86_64 | 2.1.1 | 6.00 | 22.00 | 28.00 | NOTE | |
| r-oldrel-windows-x86_64 | 2.1.1 | 9.00 | 47.00 | 56.00 | NOTE | 
Version: 2.1.1
Check: CRAN incoming feasibility
Result: NOTE
  Maintainer: ‘Adelchi Azzalini <adelchi.azzalini@unipd.it>’
  
  No Authors@R field in DESCRIPTION.
  Please add one, modifying
    Authors@R: c(person(given = "Adelchi",
                        family = "Azzalini",
                        role = c("aut", "cre"),
                        email = "adelchi.azzalini@unipd.it"),
                 person(given = "Alan",
                        family = "Genz",
                        role = "aut",
                        comment = "most Fortran code"),
                 person(given = "Alan",
                        family = "Miller",
                        role = "ctb",
                        comment = "Fortran routine PHI"),
                 person(given = c("Michael", "J."),
                        family = "Wichura",
                        role = "ctb",
                        comment = "Fortran routine PHINV"),
                 person(given = c("G.", "W."),
                        family = "Hill",
                        role = "ctb",
                        comment = "Fortran routine STDINV"),
                 person(given = "Yihong",
                        family = "Ge.",
                        role = "ctb",
                        comment = "Fortran routines BNVU and MVBVU"))
  as necessary.
  
  Package CITATION file contains call(s) to old-style personList() or
  as.personList().  Please use c() on person objects instead.
  Package CITATION file contains call(s) to old-style citEntry().  Please
  use bibentry() instead.
Flavors: r-devel-linux-x86_64-debian-clang, r-devel-linux-x86_64-debian-gcc
Version: 2.1.1
Check: Rd files
Result: NOTE
  checkRd: (-1) mom.mtruncnorm.Rd:35: Lost braces
      35 |   \item{cum}{a logical value; if  code{TRUE}  (default value), cumulants 
         |                                       ^
  checkRd: (-1) mom.mtruncnorm.Rd:43: Lost braces; missing escapes or markup?
      43 | The maximal value of {d} is \code{20}. If this threshold is exceeded, \code{NA}s
         |                      ^
  checkRd: (-1) mt.Rd:110: Lost braces
     110 |   and code{tvpack}, downloaded in 2005 and again in 2007 from his webpage, 
         |           ^
Flavors: r-devel-linux-x86_64-debian-clang, r-devel-linux-x86_64-debian-gcc, r-devel-linux-x86_64-fedora-clang, r-devel-linux-x86_64-fedora-gcc, r-devel-windows-x86_64, r-patched-linux-x86_64, r-release-linux-x86_64, r-release-macos-arm64, r-release-macos-x86_64, r-release-windows-x86_64, r-oldrel-macos-arm64, r-oldrel-macos-x86_64, r-oldrel-windows-x86_64