Last updated on 2025-10-31 14:49:47 CET.
| Flavor | Version | Tinstall | Tcheck | Ttotal | Status | Flags | 
|---|---|---|---|---|---|---|
| r-devel-linux-x86_64-debian-clang | 0.6-22 | 7.96 | 35.39 | 43.35 | NOTE | |
| r-devel-linux-x86_64-debian-gcc | 0.6-22 | 6.24 | 27.91 | 34.15 | NOTE | |
| r-devel-linux-x86_64-fedora-clang | 0.6-22 | 20.00 | 43.94 | 63.94 | NOTE | |
| r-devel-linux-x86_64-fedora-gcc | 0.6-22 | 22.00 | 55.61 | 77.61 | NOTE | |
| r-devel-windows-x86_64 | 0.6-22 | 17.00 | 54.00 | 71.00 | NOTE | |
| r-patched-linux-x86_64 | 0.6-22 | 6.58 | 33.86 | 40.44 | NOTE | |
| r-release-linux-x86_64 | 0.6-22 | 6.80 | 33.80 | 40.60 | NOTE | |
| r-release-macos-arm64 | 0.6-22 | 13.00 | 27.00 | 40.00 | NOTE | |
| r-release-macos-x86_64 | 0.6-22 | 25.00 | 45.00 | 70.00 | NOTE | |
| r-release-windows-x86_64 | 0.6-22 | 16.00 | 62.00 | 78.00 | NOTE | |
| r-oldrel-macos-arm64 | 0.6-22 | 12.00 | 24.00 | 36.00 | OK | |
| r-oldrel-macos-x86_64 | 0.6-22 | 16.00 | 36.00 | 52.00 | OK | |
| r-oldrel-windows-x86_64 | 0.6-22 | 19.00 | 58.00 | 77.00 | OK | 
Version: 0.6-22
Check: CRAN incoming feasibility
Result: NOTE
  Maintainer: ‘Jeffrey A. Ryan <jeff.a.ryan@gmail.com>’
  
  No Authors@R field in DESCRIPTION.
  Please add one, modifying
    Authors@R: person(given = c("Jeffrey", "A."),
                      family = "Ryan",
                      role = c("aut", "cre"),
                      email = "jeff.a.ryan@gmail.com")
  as necessary.
Flavors: r-devel-linux-x86_64-debian-clang, r-devel-linux-x86_64-debian-gcc
Version: 0.6-22
Check: compiled code
Result: NOTE
  File ‘mmap/libs/mmap.so’:
    Found non-API calls to R: ‘Rf_allocSExp’, ‘SET_ENCLOS’, ‘SET_FRAME’,
      ‘SET_HASHTAB’
  
  Compiled code should not call non-API entry points in R.
  
  See ‘Writing portable packages’ in the ‘Writing R Extensions’ manual,
  and section ‘Moving into C API compliance’ for issues with the use of
  non-API entry points.
Flavors: r-devel-linux-x86_64-debian-clang, r-devel-linux-x86_64-debian-gcc, r-devel-linux-x86_64-fedora-clang, r-devel-linux-x86_64-fedora-gcc, r-patched-linux-x86_64, r-release-linux-x86_64, r-release-macos-arm64, r-release-macos-x86_64
Version: 0.6-22
Check: compiled code
Result: NOTE
  File 'mmap/libs/x64/mmap.dll':
    Found non-API calls to R: 'Rf_allocSExp', 'SET_ENCLOS', 'SET_FRAME',
      'SET_HASHTAB'
  
  Compiled code should not call non-API entry points in R.
  
  See 'Writing portable packages' in the 'Writing R Extensions' manual,
  and section 'Moving into C API compliance' for issues with the use of
  non-API entry points.
Flavors: r-devel-windows-x86_64, r-release-windows-x86_64