Last updated on 2025-10-20 23:50:12 CEST.
Flavor | Version | Tinstall | Tcheck | Ttotal | Status | Flags |
---|---|---|---|---|---|---|
r-devel-linux-x86_64-debian-clang | 0.3.1 | 63.82 | 404.99 | 468.81 | OK | |
r-devel-linux-x86_64-debian-gcc | 0.3.1 | 42.14 | 276.91 | 319.05 | NOTE | |
r-devel-linux-x86_64-fedora-clang | 0.3.1 | 762.62 | OK | |||
r-devel-linux-x86_64-fedora-gcc | 0.3.1 | 695.20 | OK | |||
r-devel-windows-x86_64 | 0.3.1 | 58.00 | 298.00 | 356.00 | ERROR | |
r-patched-linux-x86_64 | 0.3.1 | 66.30 | 321.18 | 387.48 | OK | |
r-release-linux-x86_64 | 0.3.1 | 61.79 | 384.14 | 445.93 | OK | |
r-release-macos-arm64 | 0.3.1 | 108.00 | OK | |||
r-release-macos-x86_64 | 0.3.1 | 234.00 | OK | |||
r-release-windows-x86_64 | 0.3.1 | 58.00 | 319.00 | 377.00 | ERROR | |
r-oldrel-macos-arm64 | 0.3.1 | 109.00 | OK | |||
r-oldrel-macos-x86_64 | 0.3.1 | 228.00 | OK | |||
r-oldrel-windows-x86_64 | 0.3.1 | 76.00 | 385.00 | 461.00 | ERROR |
Version: 0.3.1
Check: HTML version of manual
Result: NOTE
Found the following HTML validation problems:
DataDescriptor.html:180:1 (DataDescriptor.Rd:142): Warning: <h5> anchor "Usage" already defined
DataDescriptor.html:186:1 (DataDescriptor.Rd:146): Warning: <h5> anchor "Arguments" already defined
DataDescriptor.html:210:1 (DataDescriptor.Rd:160): Warning: <h5> anchor "Usage" already defined
DataDescriptor.html:216:1 (DataDescriptor.Rd:164): Warning: <h5> anchor "Arguments" already defined
TorchCallback.html:141:1 (TorchCallback.Rd:154): Warning: <h5> anchor "Usage" already defined
TorchCallback.html:147:1 (TorchCallback.Rd:158): Warning: <h5> anchor "Arguments" already defined
TorchDescriptor.html:175:1 (TorchDescriptor.Rd:128): Warning: <h5> anchor "Usage" already defined
TorchDescriptor.html:181:1 (TorchDescriptor.Rd:132): Warning: <h5> anchor "Arguments" already defined
TorchDescriptor.html:204:1 (TorchDescriptor.Rd:145): Warning: <h5> anchor "Usage" already defined
TorchDescriptor.html:220:1 (TorchDescriptor.Rd:155): Warning: <h5> anchor "Usage" already defined
TorchDescriptor.html:236:1 (TorchDescriptor.Rd:165): Warning: <h5> anchor "Usage" already defined
TorchDescriptor.html:242:1 (TorchDescriptor.Rd:169): Warning: <h5> anchor "Arguments" already defined
TorchLoss.html:159:1 (TorchLoss.Rd:148): Warning: <h5> anchor "Usage" already defined
TorchLoss.html:165:1 (TorchLoss.Rd:152): Warning: <h5> anchor "Arguments" already defined
TorchLoss.html:188:1 (TorchLoss.Rd:165): Warning: <h5> anchor "Usage" already defined
TorchLoss.html:194:1 (TorchLoss.Rd:169): Warning: <h5> anchor "Arguments" already defined
TorchLoss.html:225:1 (TorchLoss.Rd:186): Warning: <h5> anchor "Usage" already defined
TorchLoss.html:231:1 (TorchLoss.Rd:190): Warning: <h5> anchor "Arguments" already defined
TorchOptimizer.html:139:1 (TorchOptimizer.Rd:134): Warning: <h5> anchor "Usage" already defined
TorchOptimizer.html:145:1 (TorchOptimizer.Rd:138): Warning: <h5> anchor "Arguments" already defined
TorchOptimizer.html:176:1 (TorchOptimizer.Rd:155): Warning: <h5> anchor "Usage" already defined
TorchOptimizer.html:182:1 (TorchOptimizer.Rd:159): Warning: <h5> anchor "Arguments" already defined
as_lr_scheduler.html:52:1 (as_lr_scheduler.Rd:14): Warning: missing </ul> before </div>
assert_lazy_tensor.html:47:1 (assert_lazy_tensor.Rd:11): Warning: missing </ul> before </div>
auto_device.html:47:1 (auto_device.Rd:11): Warning: missing </ul> before </div>
batchgetter_categ.html:53:1 (batchgetter_categ.Rd:14): Warning: missing </ul> before </div>
batchgetter_num.html:53:1 (batchgetter_num.Rd:14): Warning: missing </ul> before </div>
equals-.lazy_tensor.html:58:1 (equals-.lazy_tensor.Rd:11): Warning: missing </ul> before </div>
is_lazy_tensor.html:47:1 (is_lazy_tensor.Rd:11): Warning: missing </ul> before </div>
mlr_backends_lazy.html:191:1 (mlr_backends_lazy.Rd:158): Warning: <h5> anchor "Usage" already defined
mlr_backends_lazy.html:197:1 (mlr_backends_lazy.Rd:162): Warning: <h5> anchor "Arguments" already defined
mlr_backends_lazy.html:225:1 (mlr_backends_lazy.Rd:180): Warning: <h5> anchor "Usage" already defined
mlr_backends_lazy.html:231:1 (mlr_backends_lazy.Rd:184): Warning: <h5> anchor "Arguments" already defined
mlr_backends_lazy.html:267:1 (mlr_backends_lazy.Rd:206): Warning: <h5> anchor "Usage" already defined
mlr_backends_lazy.html:273:1 (mlr_backends_lazy.Rd:210): Warning: <h5> anchor "Arguments" already defined
mlr_backends_lazy.html:293:1 (mlr_backends_lazy.Rd:224): Warning: <h5> anchor "Returns" already defined
mlr_backends_lazy.html:313:1 (mlr_backends_lazy.Rd:236): Warning: <h5> anchor "Usage" already defined
mlr_backends_lazy.html:319:1 (mlr_backends_lazy.Rd:240): Warning: <h5> anchor "Arguments" already defined
mlr_backends_lazy.html:336:1 (mlr_backends_lazy.Rd:251): Warning: <h5> anchor "Returns" already defined
mlr_backends_lazy.html:353:1 (mlr_backends_lazy.Rd:260): Warning: <h5> anchor "Usage" already defined
mlr_callback_set.html:196:1 (mlr_callback_set.Rd:129): Warning: <h5> anchor "Usage" already defined
mlr_callback_set.html:212:1 (mlr_callback_set.Rd:139): Warning: <h5> anchor "Usage" already defined
mlr_callback_set.html:218:1 (mlr_callback_set.Rd:143): Warning: <h5> anchor "Arguments" already defined
mlr_callback_set.html:242:1 (mlr_callback_set.Rd:157): Warning: <h5> anchor "Usage" already defined
mlr_callback_set.html:248:1 (mlr_callback_set.Rd:161): Warning: <h5> anchor "Arguments" already defined
mlr_callback_set.checkpoint.html:124:1 (mlr_callback_set.checkpoint.Rd:98): Warning: <h5> anchor "Usage" already defined
mlr_callback_set.checkpoint.html:141:1 (mlr_callback_set.checkpoint.Rd:109): Warning: <h5> anchor "Usage" already defined
mlr_callback_set.checkpoint.html:157:1 (mlr_callback_set.checkpoint.Rd:119): Warning: <h5> anchor "Usage" already defined
mlr_callback_set.checkpoint.html:173:1 (mlr_callback_set.checkpoint.Rd:129): Warning: <h5> anchor "Usage" already defined
mlr_callback_set.checkpoint.html:179:1 (mlr_callback_set.checkpoint.Rd:133): Warning: <h5> anchor "Arguments" already defined
mlr_callback_set.history.html:97:1 (mlr_callback_set.history.Rd:65): Warning: <h5> anchor "Usage" already defined
mlr_callback_set.history.html:113:1 (mlr_callback_set.history.Rd:75): Warning: <h5> anchor "Usage" already defined
mlr_callback_set.history.html:143:1 (mlr_callback_set.history.Rd:93): Warning: <h5> anchor "Usage" already defined
mlr_callback_set.history.html:159:1 (mlr_callback_set.history.Rd:103): Warning: <h5> anchor "Usage" already defined
mlr_callback_set.history.html:175:1 (mlr_callback_set.history.Rd:113): Warning: <h5> anchor "Usage" already defined
mlr_callback_set.history.html:181:1 (mlr_callback_set.history.Rd:117): Warning: <h5> anchor "Arguments" already defined
mlr_callback_set.lr_scheduler.html:189:1 (mlr_callback_set.lr_scheduler.Rd:102): Warning: missing </ul> before </div>
mlr_callback_set.lr_scheduler.html:150:1 (mlr_callback_set.lr_scheduler.Rd:81): Warning: <h5> anchor "Usage" already defined
mlr_callback_set.lr_scheduler.html:166:1 (mlr_callback_set.lr_scheduler.Rd:91): Warning: <h5> anchor "Usage" already defined
mlr_callback_set.lr_scheduler.html:172:1 (mlr_callback_set.lr_scheduler.Rd:95): Warning: <h5> anchor "Arguments" already defined
mlr_callback_set.lr_scheduler_one_cycle.html:143:1 (mlr_callback_set.lr_scheduler_one_cycle.Rd:76): Warning: missing </ul> before </div>
mlr_callback_set.lr_scheduler_one_cycle.html:104:1 (mlr_callback_set.lr_scheduler_one_cycle.Rd:55): Warning: <h5> anchor "Usage" already defined
mlr_callback_set.lr_scheduler_one_cycle.html:120:1 (mlr_callback_set.lr_scheduler_one_cycle.Rd:65): Warning: <h5> anchor "Usage" already defined
mlr_callback_set.lr_scheduler_one_cycle.html:126:1 (mlr_callback_set.lr_scheduler_one_cycle.Rd:69): Warning: <h5> anchor "Arguments" already defined
mlr_callback_set.lr_scheduler_reduce_on_plateau.html:124:1 (mlr_callback_set.lr_scheduler_reduce_on_plateau.Rd:65): Warning: missing </ul> before </div>
mlr_callback_set.lr_scheduler_reduce_on_plateau.html:101:1 (mlr_callback_set.lr_scheduler_reduce_on_plateau.Rd:54): Warning: <h5> anchor "Usage" already defined
mlr_callback_set.lr_scheduler_reduce_on_plateau.html:107:1 (mlr_callback_set.lr_scheduler_reduce_on_plateau.Rd:58): Warning: <h5> anchor "Arguments" already defined
mlr_callback_set.progress.html:117:1 (mlr_callback_set.progress.Rd:88): Warning: <h5> anchor "Usage" already defined
mlr_callback_set.progress.html:133:1 (mlr_callback_set.progress.Rd:98): Warning: <h5> anchor "Usage" already defined
mlr_callback_set.progress.html:149:1 (mlr_callback_set.progress.Rd:108): Warning: <h5> anchor "Usage" already defined
mlr_callback_set.progress.html:165:1 (mlr_callback_set.progress.Rd:118): Warning: <h5> anchor "Usage" already defined
mlr_callback_set.progress.html:181:1 (mlr_callback_set.progress.Rd:128): Warning: <h5> anchor "Usage" already defined
mlr_callback_set.progress.html:197:1 (mlr_callback_set.progress.Rd:138): Warning: <h5> anchor "Usage" already defined
mlr_callback_set.progress.html:213:1 (mlr_callback_set.progress.Rd:148): Warning: <h5> anchor "Usage" already defined
mlr_callback_set.progress.html:219:1 (mlr_callback_set.progress.Rd:152): Warning: <h5> anchor "Arguments" already defined
mlr_callback_set.tb.html:113:1 (mlr_callback_set.tb.Rd:77): Warning: <h5> anchor "Usage" already defined
mlr_callback_set.tb.html:129:1 (mlr_callback_set.tb.Rd:87): Warning: <h5> anchor "Usage" already defined
mlr_callback_set.tb.html:135:1 (mlr_callback_set.tb.Rd:91): Warning: <h5> anchor "Arguments" already defined
mlr_callback_set.unfreeze.html:112:1 (mlr_callback_set.unfreeze.Rd:93): Warning: <h5> anchor "Usage" already defined
mlr_callback_set.unfreeze.html:128:1 (mlr_callback_set.unfreeze.Rd:103): Warning: <h5> anchor "Usage" already defined
mlr_callback_set.unfreeze.html:144:1 (mlr_callback_set.unfreeze.Rd:113): Warning: <h5> anchor "Usage" already defined
mlr_callback_set.unfreeze.html:160:1 (mlr_callback_set.unfreeze.Rd:123): Warning: <h5> anchor "Usage" already defined
mlr_callback_set.unfreeze.html:166:1 (mlr_callback_set.unfreeze.Rd:127): Warning: <h5> anchor "Arguments" already defined
mlr_context_torch.html:218:1 (mlr_context_torch.Rd:185): Warning: <h5> anchor "Usage" already defined
mlr_context_torch.html:224:1 (mlr_context_torch.Rd:189): Warning: <h5> anchor "Arguments" already defined
mlr_learners.ft_transformer.html:199:1 (mlr_learners.ft_transformer.Rd:167): Warning: <h5> anchor "Usage" already defined
mlr_learners.ft_transformer.html:205:1 (mlr_learners.ft_transformer.Rd:171): Warning: <h5> anchor "Arguments" already defined
mlr_learners.mlp.html:201:1 (mlr_learners.mlp.Rd:167): Warning: <h5> anchor "Usage" already defined
mlr_learners.mlp.html:207:1 (mlr_learners.mlp.Rd:171): Warning: <h5> anchor "Arguments" already defined
mlr_learners.module.html:202:1 (mlr_learners.module.Rd:187): Warning: <h5> anchor "Usage" already defined
mlr_learners.module.html:208:1 (mlr_learners.module.Rd:191): Warning: <h5> anchor "Arguments" already defined
mlr_learners.tab_resnet.html:201:1 (mlr_learners.tab_resnet.Rd:165): Warning: <h5> anchor "Usage" already defined
mlr_learners.tab_resnet.html:207:1 (mlr_learners.tab_resnet.Rd:169): Warning: <h5> anchor "Arguments" already defined
mlr_learners.torch_featureless.html:172:1 (mlr_learners.torch_featureless.Rd:146): Warning: <h5> anchor "Usage" already defined
mlr_learners.torch_featureless.html:178:1 (mlr_learners.torch_featureless.Rd:150): Warning: <h5> anchor "Arguments" already defined
mlr_learners.torchvision.html:172:1 (mlr_learners.torchvision.Rd:126): Warning: <h5> anchor "Usage" already defined
mlr_learners.torchvision.html:178:1 (mlr_learners.torchvision.Rd:130): Warning: <h5> anchor "Arguments" already defined
mlr_learners_torch.html:586:1 (mlr_learners_torch.Rd:421): Warning: <h5> anchor "Usage" already defined
mlr_learners_torch.html:592:1 (mlr_learners_torch.Rd:425): Warning: <h5> anchor "Arguments" already defined
mlr_learners_torch.html:615:1 (mlr_learners_torch.Rd:438): Warning: <h5> anchor "Usage" already defined
mlr_learners_torch.html:621:1 (mlr_learners_torch.Rd:442): Warning: <h5> anchor "Arguments" already defined
mlr_learners_torch.html:645:1 (mlr_learners_torch.Rd:456): Warning: <h5> anchor "Usage" already defined
mlr_learners_torch.html:651:1 (mlr_learners_torch.Rd:460): Warning: <h5> anchor "Arguments" already defined
mlr_learners_torch.html:682:1 (mlr_learners_torch.Rd:477): Warning: <h5> anchor "Usage" already defined
mlr_learners_torch.html:688:1 (mlr_learners_torch.Rd:481): Warning: <h5> anchor "Arguments" already defined
mlr_learners_torch.html:702:1 (mlr_learners_torch.Rd:489): Warning: <h5> anchor "Returns" already defined
mlr_learners_torch.html:719:1 (mlr_learners_torch.Rd:498): Warning: <h5> anchor "Usage" already defined
mlr_learners_torch.html:725:1 (mlr_learners_torch.Rd:502): Warning: <h5> anchor "Arguments" already defined
mlr_learners_torch.html:739:1 (mlr_learners_torch.Rd:510): Warning: <h5> anchor "Returns" already defined
mlr_learners_torch.html:756:1 (mlr_learners_torch.Rd:519): Warning: <h5> anchor "Usage" already defined
mlr_learners_torch.html:762:1 (mlr_learners_torch.Rd:523): Warning: <h5> anchor "Arguments" already defined
mlr_learners_torch_image.html:168:1 (mlr_learners_torch_image.Rd:131): Warning: <h5> anchor "Usage" already defined
mlr_learners_torch_image.html:174:1 (mlr_learners_torch_image.Rd:135): Warning: <h5> anchor "Arguments" already defined
mlr_learners_torch_model.html:168:1 (mlr_learners_torch_model.Rd:170): Warning: <h5> anchor "Usage" already defined
mlr_learners_torch_model.html:174:1 (mlr_learners_torch_model.Rd:174): Warning: <h5> anchor "Arguments" already defined
mlr_pipeops_module.html:170:1 (mlr_pipeops_module.Rd:193): Warning: <h5> anchor "Usage" already defined
mlr_pipeops_module.html:176:1 (mlr_pipeops_module.Rd:197): Warning: <h5> anchor "Arguments" already defined
mlr_pipeops_nn_adaptive_avg_pool1d.html:139:1 (mlr_pipeops_nn_adaptive_avg_pool1d.Rd:166): Warning: <h5> anchor "Usage" already defined
mlr_pipeops_nn_adaptive_avg_pool1d.html:145:1 (mlr_pipeops_nn_adaptive_avg_pool1d.Rd:170): Warning: <h5> anchor "Arguments" already defined
mlr_pipeops_nn_adaptive_avg_pool2d.html:139:1 (mlr_pipeops_nn_adaptive_avg_pool2d.Rd:166): Warning: <h5> anchor "Usage" already defined
mlr_pipeops_nn_adaptive_avg_pool2d.html:145:1 (mlr_pipeops_nn_adaptive_avg_pool2d.Rd:170): Warning: <h5> anchor "Arguments" already defined
mlr_pipeops_nn_adaptive_avg_pool3d.html:139:1 (mlr_pipeops_nn_adaptive_avg_pool3d.Rd:166): Warning: <h5> anchor "Usage" already defined
mlr_pipeops_nn_adaptive_avg_pool3d.html:145:1 (mlr_pipeops_nn_adaptive_avg_pool3d.Rd:170): Warning: <h5> anchor "Arguments" already defined
mlr_pipeops_nn_avg_pool1d.html:157:1 (mlr_pipeops_nn_avg_pool1d.Rd:174): Warning: <h5> anchor "Usage" already defined
mlr_pipeops_nn_avg_pool1d.html:163:1 (mlr_pipeops_nn_avg_pool1d.Rd:178): Warning: <h5> anchor "Arguments" already defined
mlr_pipeops_nn_avg_pool2d.html:158:1 (mlr_pipeops_nn_avg_pool2d.Rd:175): Warning: <h5> anchor "Usage" already defined
mlr_pipeops_nn_avg_pool2d.html:164:1 (mlr_pipeops_nn_avg_pool2d.Rd:179): Warning: <h5> anchor "Arguments" already defined
mlr_pipeops_nn_avg_pool3d.html:158:1 (mlr_pipeops_nn_avg_pool3d.Rd:175): Warning: <h5> anchor "Usage" already defined
mlr_pipeops_nn_avg_pool3d.html:164:1 (mlr_pipeops_nn_avg_pool3d.Rd:179): Warning: <h5> anchor "Arguments" already defined
mlr_pipeops_nn_batch_norm1d.html:151:1 (mlr_pipeops_nn_batch_norm1d.Rd:172): Warning: <h5> anchor "Usage" already defined
mlr_pipeops_nn_batch_norm1d.html:157:1 (mlr_pipeops_nn_batch_norm1d.Rd:176): Warning: <h5> anchor "Arguments" already defined
mlr_pipeops_nn_batch_norm2d.html:151:1 (mlr_pipeops_nn_batch_norm2d.Rd:172): Warning: <h5> anchor "Usage" already defined
mlr_pipeops_nn_batch_norm2d.html:157:1 (mlr_pipeops_nn_batch_norm2d.Rd:176): Warning: <h5> anchor "Arguments" already defined
mlr_pipeops_nn_batch_norm3d.html:151:1 (mlr_pipeops_nn_batch_norm3d.Rd:172): Warning: <h5> anchor "Usage" already defined
mlr_pipeops_nn_batch_norm3d.html:157:1 (mlr_pipeops_nn_batch_norm3d.Rd:176): Warning: <h5> anchor "Arguments" already defined
mlr_pipeops_nn_block.html:178:1 (mlr_pipeops_nn_block.Rd:203): Warning: <h5> anchor "Usage" already defined
mlr_pipeops_nn_block.html:184:1 (mlr_pipeops_nn_block.Rd:207): Warning: <h5> anchor "Arguments" already defined
mlr_pipeops_nn_celu.html:139:1 (mlr_pipeops_nn_celu.Rd:163): Warning: <h5> anchor "Usage" already defined
mlr_pipeops_nn_celu.html:145:1 (mlr_pipeops_nn_celu.Rd:167): Warning: <h5> anchor "Arguments" already defined
mlr_pipeops_nn_conv1d.html:165:1 (mlr_pipeops_nn_conv1d.Rd:178): Warning: <h5> anchor "Usage" already defined
mlr_pipeops_nn_conv1d.html:171:1 (mlr_pipeops_nn_conv1d.Rd:182): Warning: <h5> anchor "Arguments" already defined
mlr_pipeops_nn_conv2d.html:165:1 (mlr_pipeops_nn_conv2d.Rd:178): Warning: <h5> anchor "Usage" already defined
mlr_pipeops_nn_conv2d.html:171:1 (mlr_pipeops_nn_conv2d.Rd:182): Warning: <h5> anchor "Arguments" already defined
mlr_pipeops_nn_conv3d.html:165:1 (mlr_pipeops_nn_conv3d.Rd:178): Warning: <h5> anchor "Usage" already defined
mlr_pipeops_nn_conv3d.html:171:1 (mlr_pipeops_nn_conv3d.Rd:182): Warning: <h5> anchor "Arguments" already defined
mlr_pipeops_nn_conv_transpose1d.html:169:1 (mlr_pipeops_nn_conv_transpose1d.Rd:180): Warning: <h5> anchor "Usage" already defined
mlr_pipeops_nn_conv_transpose1d.html:175:1 (mlr_pipeops_nn_conv_transpose1d.Rd:184): Warning: <h5> anchor "Arguments" already defined
mlr_pipeops_nn_conv_transpose2d.html:169:1 (mlr_pipeops_nn_conv_transpose2d.Rd:180): Warning: <h5> anchor "Usage" already defined
mlr_pipeops_nn_conv_transpose2d.html:175:1 (mlr_pipeops_nn_conv_transpose2d.Rd:184): Warning: <h5> anchor "Arguments" already defined
mlr_pipeops_nn_conv_transpose3d.html:169:1 (mlr_pipeops_nn_conv_transpose3d.Rd:180): Warning: <h5> anchor "Usage" already defined
mlr_pipeops_nn_conv_transpose3d.html:175:1 (mlr_pipeops_nn_conv_transpose3d.Rd:184): Warning: <h5> anchor "Arguments" already defined
mlr_pipeops_nn_dropout.html:141:1 (mlr_pipeops_nn_dropout.Rd:166): Warning: <h5> anchor "Usage" already defined
mlr_pipeops_nn_dropout.html:147:1 (mlr_pipeops_nn_dropout.Rd:170): Warning: <h5> anchor "Arguments" already defined
mlr_pipeops_nn_elu.html:143:1 (mlr_pipeops_nn_elu.Rd:164): Warning: <h5> anchor "Usage" already defined
mlr_pipeops_nn_elu.html:149:1 (mlr_pipeops_nn_elu.Rd:168): Warning: <h5> anchor "Arguments" already defined
mlr_pipeops_nn_flatten.html:133:1 (mlr_pipeops_nn_flatten.Rd:162): Warning: <h5> anchor "Usage" already defined
mlr_pipeops_nn_flatten.html:139:1 (mlr_pipeops_nn_flatten.Rd:166): Warning: <h5> anchor "Arguments" already defined
mlr_pipeops_nn_fn.html:138:1 (mlr_pipeops_nn_fn.Rd:108): Warning: <h5> anchor "Usage" already defined
mlr_pipeops_nn_fn.html:144:1 (mlr_pipeops_nn_fn.Rd:112): Warning: <h5> anchor "Arguments" already defined
mlr_pipeops_nn_ft_cls.html:121:1 (mlr_pipeops_nn_ft_cls.Rd:152): Warning: <h5> anchor "Usage" already defined
mlr_pipeops_nn_ft_cls.html:127:1 (mlr_pipeops_nn_ft_cls.Rd:156): Warning: <h5> anchor "Arguments" already defined
mlr_pipeops_nn_ft_transformer_block.html:123:1 (mlr_pipeops_nn_ft_transformer_block.Rd:154): Warning: <h5> anchor "Usage" already defined
mlr_pipeops_nn_ft_transformer_block.html:129:1 (mlr_pipeops_nn_ft_transformer_block.Rd:158): Warning: <h5> anchor "Arguments" already defined
mlr_pipeops_nn_geglu.html:125:1 (mlr_pipeops_nn_geglu.Rd:155): Warning: <h5> anchor "Usage" already defined
mlr_pipeops_nn_geglu.html:131:1 (mlr_pipeops_nn_geglu.Rd:159): Warning: <h5> anchor "Arguments" already defined
mlr_pipeops_nn_gelu.html:135:1 (mlr_pipeops_nn_gelu.Rd:161): Warning: <h5> anchor "Usage" already defined
mlr_pipeops_nn_gelu.html:141:1 (mlr_pipeops_nn_gelu.Rd:165): Warning: <h5> anchor "Arguments" already defined
mlr_pipeops_nn_glu.html:135:1 (mlr_pipeops_nn_glu.Rd:161): Warning: <h5> anchor "Usage" already defined
mlr_pipeops_nn_glu.html:141:1 (mlr_pipeops_nn_glu.Rd:165): Warning: <h5> anchor "Arguments" already defined
mlr_pipeops_nn_hardshrink.html:135:1 (mlr_pipeops_nn_hardshrink.Rd:161): Warning: <h5> anchor "Usage" already defined
mlr_pipeops_nn_hardshrink.html:141:1 (mlr_pipeops_nn_hardshrink.Rd:165): Warning: <h5> anchor "Arguments" already defined
mlr_pipeops_nn_hardsigmoid.html:130:1 (mlr_pipeops_nn_hardsigmoid.Rd:158): Warning: <h5> anchor "Usage" already defined
mlr_pipeops_nn_hardsigmoid.html:136:1 (mlr_pipeops_nn_hardsigmoid.Rd:162): Warning: <h5> anchor "Arguments" already defined
mlr_pipeops_nn_hardtanh.html:136:1 (mlr_pipeops_nn_hardtanh.Rd:159): Warning: <h5> anchor "Usage" already defined
mlr_pipeops_nn_hardtanh.html:142:1 (mlr_pipeops_nn_hardtanh.Rd:163): Warning: <h5> anchor "Arguments" already defined
mlr_pipeops_nn_head.html:155:1 (mlr_pipeops_nn_head.Rd:172): Warning: <h5> anchor "Usage" already defined
mlr_pipeops_nn_head.html:161:1 (mlr_pipeops_nn_head.Rd:176): Warning: <h5> anchor "Arguments" already defined
mlr_pipeops_nn_identity.html:124:1 (mlr_pipeops_nn_identity.Rd:154): Warning: <h5> anchor "Usage" already defined
mlr_pipeops_nn_identity.html:130:1 (mlr_pipeops_nn_identity.Rd:158): Warning: <h5> anchor "Arguments" already defined
mlr_pipeops_nn_layer_norm.html:145:1 (mlr_pipeops_nn_layer_norm.Rd:168): Warning: <h5> anchor "Usage" already defined
mlr_pipeops_nn_layer_norm.html:151:1 (mlr_pipeops_nn_layer_norm.Rd:172): Warning: <h5> anchor "Arguments" already defined
mlr_pipeops_nn_leaky_relu.html:140:1 (mlr_pipeops_nn_leaky_relu.Rd:164): Warning: <h5> anchor "Usage" already defined
mlr_pipeops_nn_leaky_relu.html:146:1 (mlr_pipeops_nn_leaky_relu.Rd:168): Warning: <h5> anchor "Arguments" already defined
mlr_pipeops_nn_linear.html:141:1 (mlr_pipeops_nn_linear.Rd:166): Warning: <h5> anchor "Usage" already defined
mlr_pipeops_nn_linear.html:147:1 (mlr_pipeops_nn_linear.Rd:170): Warning: <h5> anchor "Arguments" already defined
mlr_pipeops_nn_log_sigmoid.html:130:1 (mlr_pipeops_nn_log_sigmoid.Rd:158): Warning: <h5> anchor "Usage" already defined
mlr_pipeops_nn_log_sigmoid.html:136:1 (mlr_pipeops_nn_log_sigmoid.Rd:162): Warning: <h5> anchor "Arguments" already defined
mlr_pipeops_nn_max_pool1d.html:161:1 (mlr_pipeops_nn_max_pool1d.Rd:180): Warning: <h5> anchor "Usage" already defined
mlr_pipeops_nn_max_pool1d.html:167:1 (mlr_pipeops_nn_max_pool1d.Rd:184): Warning: <h5> anchor "Arguments" already defined
mlr_pipeops_nn_max_pool2d.html:161:1 (mlr_pipeops_nn_max_pool2d.Rd:180): Warning: <h5> anchor "Usage" already defined
mlr_pipeops_nn_max_pool2d.html:167:1 (mlr_pipeops_nn_max_pool2d.Rd:184): Warning: <h5> anchor "Arguments" already defined
mlr_pipeops_nn_max_pool3d.html:161:1 (mlr_pipeops_nn_max_pool3d.Rd:180): Warning: <h5> anchor "Usage" already defined
mlr_pipeops_nn_max_pool3d.html:167:1 (mlr_pipeops_nn_max_pool3d.Rd:184): Warning: <h5> anchor "Arguments" already defined
mlr_pipeops_nn_merge.html:158:1 (mlr_pipeops_nn_merge.Rd:172): Warning: <h5> anchor "Usage" already defined
mlr_pipeops_nn_merge.html:164:1 (mlr_pipeops_nn_merge.Rd:176): Warning: <h5> anchor "Arguments" already defined
mlr_pipeops_nn_merge_cat.html:146:1 (mlr_pipeops_nn_merge_cat.Rd:172): Warning: <h5> anchor "Usage" already defined
mlr_pipeops_nn_merge_cat.html:162:1 (mlr_pipeops_nn_merge_cat.Rd:182): Warning: <h5> anchor "Usage" already defined
mlr_pipeops_nn_merge_cat.html:168:1 (mlr_pipeops_nn_merge_cat.Rd:186): Warning: <h5> anchor "Arguments" already defined
mlr_pipeops_nn_merge_prod.html:137:1 (mlr_pipeops_nn_merge_prod.Rd:167): Warning: <h5> anchor "Usage" already defined
mlr_pipeops_nn_merge_prod.html:143:1 (mlr_pipeops_nn_merge_prod.Rd:171): Warning: <h5> anchor "Arguments" already defined
mlr_pipeops_nn_merge_sum.html:137:1 (mlr_pipeops_nn_merge_sum.Rd:236): Warning: <h5> anchor "Usage" already defined
mlr_pipeops_nn_merge_sum.html:143:1 (mlr_pipeops_nn_merge_sum.Rd:240): Warning: <h5> anchor "Arguments" already defined
mlr_pipeops_nn_prelu.html:142:1 (mlr_pipeops_nn_prelu.Rd:166): Warning: <h5> anchor "Usage" already defined
mlr_pipeops_nn_prelu.html:148:1 (mlr_pipeops_nn_prelu.Rd:170): Warning: <h5> anchor "Arguments" already defined
mlr_pipeops_nn_reglu.html:125:1 (mlr_pipeops_nn_reglu.Rd:155): Warning: <h5> anchor "Usage" already defined
mlr_pipeops_nn_reglu.html:131:1 (mlr_pipeops_nn_reglu.Rd:159): Warning: <h5> anchor "Arguments" already defined
mlr_pipeops_nn_relu.html:135:1 (mlr_pipeops_nn_relu.Rd:161): Warning: <h5> anchor "Usage" already defined
mlr_pipeops_nn_relu.html:141:1 (mlr_pipeops_nn_relu.Rd:165): Warning: <h5> anchor "Arguments" already defined
mlr_pipeops_nn_relu6.html:135:1 (mlr_pipeops_nn_relu6.Rd:161): Warning: <h5> anchor "Usage" already defined
mlr_pipeops_nn_relu6.html:141:1 (mlr_pipeops_nn_relu6.Rd:165): Warning: <h5> anchor "Arguments" already defined
mlr_pipeops_nn_reshape.html:136:1 (mlr_pipeops_nn_reshape.Rd:163): Warning: <h5> anchor "Usage" already defined
mlr_pipeops_nn_reshape.html:142:1 (mlr_pipeops_nn_reshape.Rd:167): Warning: <h5> anchor "Arguments" already defined
mlr_pipeops_nn_rrelu.html:143:1 (mlr_pipeops_nn_rrelu.Rd:165): Warning: <h5> anchor "Usage" already defined
mlr_pipeops_nn_rrelu.html:149:1 (mlr_pipeops_nn_rrelu.Rd:169): Warning: <h5> anchor "Arguments" already defined
mlr_pipeops_nn_selu.html:141:1 (mlr_pipeops_nn_selu.Rd:164): Warning: <h5> anchor "Usage" already defined
mlr_pipeops_nn_selu.html:147:1 (mlr_pipeops_nn_selu.Rd:168): Warning: <h5> anchor "Arguments" already defined
mlr_pipeops_nn_sigmoid.html:130:1 (mlr_pipeops_nn_sigmoid.Rd:158): Warning: <h5> anchor "Usage" already defined
mlr_pipeops_nn_sigmoid.html:136:1 (mlr_pipeops_nn_sigmoid.Rd:162): Warning: <h5> anchor "Arguments" already defined
mlr_pipeops_nn_softmax.html:135:1 (mlr_pipeops_nn_softmax.Rd:162): Warning: <h5> anchor "Usage" already defined
mlr_pipeops_nn_softmax.html:141:1 (mlr_pipeops_nn_softmax.Rd:166): Warning: <h5> anchor "Arguments" already defined
mlr_pipeops_nn_softplus.html:139:1 (mlr_pipeops_nn_softplus.Rd:163): Warning: <h5> anchor "Usage" already defined
mlr_pipeops_nn_softplus.html:145:1 (mlr_pipeops_nn_softplus.Rd:167): Warning: <h5> anchor "Arguments" already defined
mlr_pipeops_nn_softshrink.html:135:1 (mlr_pipeops_nn_softshrink.Rd:161): Warning: <h5> anchor "Usage" already defined
mlr_pipeops_nn_softshrink.html:141:1 (mlr_pipeops_nn_softshrink.Rd:165): Warning: <h5> anchor "Arguments" already defined
mlr_pipeops_nn_softsign.html:130:1 (mlr_pipeops_nn_softsign.Rd:158): Warning: <h5> anchor "Usage" already defined
mlr_pipeops_nn_softsign.html:136:1 (mlr_pipeops_nn_softsign.Rd:162): Warning: <h5> anchor "Arguments" already defined
mlr_pipeops_nn_squeeze.html:136:1 (mlr_pipeops_nn_squeeze.Rd:163): Warning: <h5> anchor "Usage" already defined
mlr_pipeops_nn_squeeze.html:142:1 (mlr_pipeops_nn_squeeze.Rd:167): Warning: <h5> anchor "Arguments" already defined
mlr_pipeops_nn_tanh.html:130:1 (mlr_pipeops_nn_tanh.Rd:158): Warning: <h5> anchor "Usage" already defined
mlr_pipeops_nn_tanh.html:136:1 (mlr_pipeops_nn_tanh.Rd:162): Warning: <h5> anchor "Arguments" already defined
mlr_pipeops_nn_tanhshrink.html:130:1 (mlr_pipeops_nn_tanhshrink.Rd:158): Warning: <h5> anchor "Usage" already defined
mlr_pipeops_nn_tanhshrink.html:136:1 (mlr_pipeops_nn_tanhshrink.Rd:162): Warning: <h5> anchor "Arguments" already defined
mlr_pipeops_nn_threshold.html:143:1 (mlr_pipeops_nn_threshold.Rd:165): Warning: <h5> anchor "Usage" already defined
mlr_pipeops_nn_threshold.html:149:1 (mlr_pipeops_nn_threshold.Rd:169): Warning: <h5> anchor "Arguments" already defined
mlr_pipeops_nn_tokenizer_categ.html:151:1 (mlr_pipeops_nn_tokenizer_categ.Rd:172): Warning: <h5> anchor "Usage" already defined
mlr_pipeops_nn_tokenizer_categ.html:157:1 (mlr_pipeops_nn_tokenizer_categ.Rd:176): Warning: <h5> anchor "Arguments" already defined
mlr_pipeops_nn_tokenizer_num.html:146:1 (mlr_pipeops_nn_tokenizer_num.Rd:169): Warning: <h5> anchor "Usage" already defined
mlr_pipeops_nn_tokenizer_num.html:152:1 (mlr_pipeops_nn_tokenizer_num.Rd:173): Warning: <h5> anchor "Arguments" already defined
mlr_pipeops_nn_unsqueeze.html:136:1 (mlr_pipeops_nn_unsqueeze.Rd:163): Warning: <h5> anchor "Usage" already defined
mlr_pipeops_nn_unsqueeze.html:142:1 (mlr_pipeops_nn_unsqueeze.Rd:167): Warning: <h5> anchor "Arguments" already defined
mlr_pipeops_preproc_torch.html:241:1 (mlr_pipeops_preproc_torch.Rd:265): Warning: <h5> anchor "Usage" already defined
mlr_pipeops_preproc_torch.html:247:1 (mlr_pipeops_preproc_torch.Rd:269): Warning: <h5> anchor "Arguments" already defined
mlr_pipeops_preproc_torch.html:286:1 (mlr_pipeops_preproc_torch.Rd:294): Warning: <h5> anchor "Usage" already defined
mlr_pipeops_preproc_torch.html:292:1 (mlr_pipeops_preproc_torch.Rd:298): Warning: <h5> anchor "Arguments" already defined
mlr_pipeops_torch.html:267:1 (mlr_pipeops_torch.Rd:357): Warning: <h5> anchor "Usage" already defined
mlr_pipeops_torch.html:273:1 (mlr_pipeops_torch.Rd:361): Warning: <h5> anchor "Arguments" already defined
mlr_pipeops_torch.html:308:1 (mlr_pipeops_torch.Rd:382): Warning: <h5> anchor "Usage" already defined
mlr_pipeops_torch.html:314:1 (mlr_pipeops_torch.Rd:386): Warning: <h5> anchor "Arguments" already defined
mlr_pipeops_torch_callbacks.html:140:1 (mlr_pipeops_torch_callbacks.Rd:116): Warning: <h5> anchor "Usage" already defined
mlr_pipeops_torch_callbacks.html:146:1 (mlr_pipeops_torch_callbacks.Rd:120): Warning: <h5> anchor "Arguments" already defined
mlr_pipeops_torch_ingress.html:163:1 (mlr_pipeops_torch_ingress.Rd:193): Warning: <h5> anchor "Usage" already defined
mlr_pipeops_torch_ingress.html:169:1 (mlr_pipeops_torch_ingress.Rd:197): Warning: <h5> anchor "Arguments" already defined
mlr_pipeops_torch_ingress_categ.html:138:1 (mlr_pipeops_torch_ingress_categ.Rd:182): Warning: <h5> anchor "Usage" already defined
mlr_pipeops_torch_ingress_categ.html:144:1 (mlr_pipeops_torch_ingress_categ.Rd:186): Warning: <h5> anchor "Arguments" already defined
mlr_pipeops_torch_ingress_ltnsr.html:139:1 (mlr_pipeops_torch_ingress_ltnsr.Rd:217): Warning: <h5> anchor "Usage" already defined
mlr_pipeops_torch_ingress_ltnsr.html:145:1 (mlr_pipeops_torch_ingress_ltnsr.Rd:221): Warning: <h5> anchor "Arguments" already defined
mlr_pipeops_torch_ingress_num.html:123:1 (mlr_pipeops_torch_ingress_num.Rd:170): Warning: <h5> anchor "Usage" already defined
mlr_pipeops_torch_ingress_num.html:129:1 (mlr_pipeops_torch_ingress_num.Rd:174): Warning: <h5> anchor "Arguments" already defined
mlr_pipeops_torch_loss.html:132:1 (mlr_pipeops_torch_loss.Rd:169): Warning: <h5> anchor "Usage" already defined
mlr_pipeops_torch_loss.html:138:1 (mlr_pipeops_torch_loss.Rd:173): Warning: <h5> anchor "Arguments" already defined
mlr_pipeops_torch_model.html:285:1 (mlr_pipeops_torch_model.Rd:256): Warning: <h5> anchor "Usage" already defined
mlr_pipeops_torch_model.html:291:1 (mlr_pipeops_torch_model.Rd:260): Warning: <h5> anchor "Arguments" already defined
mlr_pipeops_torch_model_classif.html:133:1 (mlr_pipeops_torch_model_classif.Rd:170): Warning: <h5> anchor "Usage" already defined
mlr_pipeops_torch_model_classif.html:139:1 (mlr_pipeops_torch_model_classif.Rd:174): Warning: <h5> anchor "Arguments" already defined
mlr_pipeops_torch_model_regr.html:133:1 (mlr_pipeops_torch_model_regr.Rd:170): Warning: <h5> anchor "Usage" already defined
mlr_pipeops_torch_model_regr.html:139:1 (mlr_pipeops_torch_model_regr.Rd:174): Warning: <h5> anchor "Arguments" already defined
mlr_pipeops_torch_optimizer.html:139:1 (mlr_pipeops_torch_optimizer.Rd:111): Warning: <h5> anchor "Usage" already defined
mlr_pipeops_torch_optimizer.html:145:1 (mlr_pipeops_torch_optimizer.Rd:115): Warning: <h5> anchor "Arguments" already defined
nn_merge_cat.html:48:1 (nn_merge_cat.Rd:11): Warning: missing </ul> before </div>
nn_reshape.html:47:1 (nn_reshape.Rd:11): Warning: missing </ul> before </div>
nn_squeeze.html:47:1 (nn_squeeze.Rd:11): Warning: missing </ul> before </div>
nn_unsqueeze.html:47:1 (nn_unsqueeze.Rd:11): Warning: missing </ul> before </div>
output_dim_for.html:55:1 (output_dim_for.Rd:14): Warning: missing </ul> before </div>
replace_head.html:54:1 (replace_head.Rd:15): Warning: missing </ul> before </div>
Flavor: r-devel-linux-x86_64-debian-gcc
Version: 0.3.1
Check: examples
Result: ERROR
Running examples in 'mlr3torch-Ex.R' failed
The error most likely occurred in:
> ### Name: DataDescriptor
> ### Title: Data Descriptor
> ### Aliases: DataDescriptor
>
> ### ** Examples
>
> ## Don't show:
> if (torch::torch_is_installed()) (if (getRversion() >= "3.4") withAutoprint else force)({ # examplesIf
+ ## End(Don't show)
+ # Create a dataset
+ ds = dataset(
+ initialize = function() self$x = torch_randn(10, 3, 3),
+ .getitem = function(i) list(x = self$x[i, ]),
+ .length = function() nrow(self$x)
+ )()
+ dd = DataDescriptor$new(ds, list(x = c(NA, 3, 3)))
+ dd
+ # is the same as using the converter:
+ as_data_descriptor(ds, list(x = c(NA, 3, 3)))
+ ## Don't show:
+ }) # examplesIf
> ds = dataset(initialize = function() self$x = torch_randn(10, 3, 3), .getitem = function(i) list(x = self$x[i,
+ ]), .length = function() nrow(self$x))()
Flavors: r-devel-windows-x86_64, r-release-windows-x86_64, r-oldrel-windows-x86_64