Last updated on 2025-10-21 23:51:00 CEST.
Flavor | Version | Tinstall | Tcheck | Ttotal | Status | Flags |
---|---|---|---|---|---|---|
r-devel-linux-x86_64-debian-clang | 0.9.0 | 10.28 | 184.08 | 194.36 | NOTE | |
r-devel-linux-x86_64-debian-gcc | 0.9.0 | 6.61 | 120.70 | 127.31 | NOTE | |
r-devel-linux-x86_64-fedora-clang | 0.9.0 | 31.00 | 263.42 | 294.42 | OK | |
r-devel-linux-x86_64-fedora-gcc | 0.9.0 | 23.00 | 232.56 | 255.56 | OK | |
r-devel-windows-x86_64 | 0.9.0 | 11.00 | 163.00 | 174.00 | OK | |
r-patched-linux-x86_64 | 0.9.0 | 12.66 | 158.75 | 171.41 | OK | |
r-release-linux-x86_64 | 0.9.0 | 10.70 | 156.48 | 167.18 | OK | |
r-release-macos-arm64 | 0.9.0 | 5.00 | 70.00 | 75.00 | OK | |
r-release-macos-x86_64 | 0.9.0 | 11.00 | 133.00 | 144.00 | OK | |
r-release-windows-x86_64 | 0.9.0 | 13.00 | 164.00 | 177.00 | OK | |
r-oldrel-macos-arm64 | 0.9.0 | 5.00 | 73.00 | 78.00 | OK | |
r-oldrel-macos-x86_64 | 0.9.0 | 10.00 | 135.00 | 145.00 | OK | |
r-oldrel-windows-x86_64 | 0.9.0 | 15.00 | 209.00 | 224.00 | OK |
Version: 0.9.0
Check: HTML version of manual
Result: NOTE
Found the following HTML validation problems:
Filter.html:219:1 (Filter.Rd:181): Warning: <h5> anchor "Usage" already defined
Filter.html:225:1 (Filter.Rd:185): Warning: <h5> anchor "Arguments" already defined
Filter.html:248:1 (Filter.Rd:198): Warning: <h5> anchor "Usage" already defined
Filter.html:264:1 (Filter.Rd:208): Warning: <h5> anchor "Usage" already defined
Filter.html:291:1 (Filter.Rd:229): Warning: <h5> anchor "Usage" already defined
Filter.html:297:1 (Filter.Rd:233): Warning: <h5> anchor "Arguments" already defined
Filter.html:324:1 (Filter.Rd:250): Warning: <h5> anchor "Usage" already defined
Filter.html:330:1 (Filter.Rd:254): Warning: <h5> anchor "Arguments" already defined
mlr_filters_anova.html:91:1 (mlr_filters_anova.Rd:112): Warning: <h5> anchor "Usage" already defined
mlr_filters_auc.html:90:1 (mlr_filters_auc.Rd:108): Warning: <h5> anchor "Usage" already defined
mlr_filters_boruta.html:113:1 (mlr_filters_boruta.Rd:110): Warning: <h5> anchor "Usage" already defined
mlr_filters_carscore.html:92:1 (mlr_filters_carscore.Rd:110): Warning: <h5> anchor "Usage" already defined
mlr_filters_carsurvscore.html:88:1 (mlr_filters_carsurvscore.Rd:86): Warning: <h5> anchor "Usage" already defined
mlr_filters_cmim.html:101:1 (mlr_filters_cmim.Rd:123): Warning: <h5> anchor "Usage" already defined
mlr_filters_correlation.html:87:1 (mlr_filters_correlation.Rd:119): Warning: <h5> anchor "Usage" already defined
mlr_filters_disr.html:101:1 (mlr_filters_disr.Rd:123): Warning: <h5> anchor "Usage" already defined
mlr_filters_find_correlation.html:96:1 (mlr_filters_find_correlation.Rd:112): Warning: <h5> anchor "Usage" already defined
mlr_filters_importance.html:116:1 (mlr_filters_importance.Rd:121): Warning: <h5> anchor "Usage" already defined
mlr_filters_importance.html:122:1 (mlr_filters_importance.Rd:125): Warning: <h5> anchor "Arguments" already defined
mlr_filters_information_gain.html:93:1 (mlr_filters_information_gain.Rd:116): Warning: <h5> anchor "Usage" already defined
mlr_filters_jmi.html:101:1 (mlr_filters_jmi.Rd:123): Warning: <h5> anchor "Usage" already defined
mlr_filters_jmim.html:101:1 (mlr_filters_jmim.Rd:123): Warning: <h5> anchor "Usage" already defined
mlr_filters_kruskal_test.html:90:1 (mlr_filters_kruskal_test.Rd:119): Warning: <h5> anchor "Usage" already defined
mlr_filters_mim.html:101:1 (mlr_filters_mim.Rd:123): Warning: <h5> anchor "Usage" already defined
mlr_filters_mrmr.html:101:1 (mlr_filters_mrmr.Rd:123): Warning: <h5> anchor "Usage" already defined
mlr_filters_njmim.html:101:1 (mlr_filters_njmim.Rd:123): Warning: <h5> anchor "Usage" already defined
mlr_filters_performance.html:130:1 (mlr_filters_performance.Rd:133): Warning: <h5> anchor "Usage" already defined
mlr_filters_performance.html:136:1 (mlr_filters_performance.Rd:137): Warning: <h5> anchor "Arguments" already defined
mlr_filters_permutation.html:163:1 (mlr_filters_permutation.Rd:159): Warning: <h5> anchor "Usage" already defined
mlr_filters_permutation.html:169:1 (mlr_filters_permutation.Rd:163): Warning: <h5> anchor "Arguments" already defined
mlr_filters_relief.html:87:1 (mlr_filters_relief.Rd:108): Warning: <h5> anchor "Usage" already defined
mlr_filters_selected_features.html:122:1 (mlr_filters_selected_features.Rd:128): Warning: <h5> anchor "Usage" already defined
mlr_filters_selected_features.html:128:1 (mlr_filters_selected_features.Rd:132): Warning: <h5> anchor "Arguments" already defined
mlr_filters_univariate_cox.html:100:1 (mlr_filters_univariate_cox.Rd:98): Warning: <h5> anchor "Usage" already defined
mlr_filters_variance.html:88:1 (mlr_filters_variance.Rd:107): Warning: <h5> anchor "Usage" already defined
Flavors: r-devel-linux-x86_64-debian-clang, r-devel-linux-x86_64-debian-gcc