Last updated on 2025-10-21 11:53:30 CEST.
Flavor | Version | Tinstall | Tcheck | Ttotal | Status | Flags |
---|---|---|---|---|---|---|
r-devel-linux-x86_64-debian-clang | 0.1.11 | 27.92 | 150.35 | 178.27 | NOTE | |
r-devel-linux-x86_64-debian-gcc | 0.1.11 | 18.76 | 101.83 | 120.59 | NOTE | |
r-devel-linux-x86_64-fedora-clang | 0.1.11 | 283.49 | OK | |||
r-devel-linux-x86_64-fedora-gcc | 0.1.11 | 61.00 | 192.70 | 253.70 | OK | |
r-devel-windows-x86_64 | 0.1.11 | 26.00 | 153.00 | 179.00 | OK | |
r-patched-linux-x86_64 | 0.1.11 | 29.65 | 142.96 | 172.61 | OK | |
r-release-linux-x86_64 | 0.1.11 | 23.04 | 136.89 | 159.93 | OK | |
r-release-macos-arm64 | 0.1.11 | 81.00 | OK | |||
r-release-macos-x86_64 | 0.1.11 | 26.00 | 108.00 | 134.00 | OK | |
r-release-windows-x86_64 | 0.1.11 | 28.00 | 155.00 | 183.00 | OK | |
r-oldrel-macos-arm64 | 0.1.11 | 66.00 | OK | |||
r-oldrel-macos-x86_64 | 0.1.11 | 146.00 | OK | |||
r-oldrel-windows-x86_64 | 0.1.11 | 38.00 | 200.00 | 238.00 | OK |
Version: 0.1.11
Check: HTML version of manual
Result: NOTE
Found the following HTML validation problems:
LearnerClust.html:200:1 (LearnerClust.Rd:132): Warning: <h5> anchor "Usage" already defined
LearnerClust.html:216:1 (LearnerClust.Rd:142): Warning: <h5> anchor "Usage" already defined
LearnerClust.html:222:1 (LearnerClust.Rd:146): Warning: <h5> anchor "Arguments" already defined
PredictionClust.html:141:1 (PredictionClust.Rd:98): Warning: <h5> anchor "Usage" already defined
PredictionClust.html:147:1 (PredictionClust.Rd:102): Warning: <h5> anchor "Arguments" already defined
TaskClust.html:126:1 (TaskClust.Rd:93): Warning: <h5> anchor "Usage" already defined
TaskClust.html:132:1 (TaskClust.Rd:97): Warning: <h5> anchor "Arguments" already defined
mlr_learners_clust.MBatchKMeans.html:186:1 (mlr_learners_clust.MBatchKMeans.Rd:149): Warning: <h5> anchor "Usage" already defined
mlr_learners_clust.SimpleKMeans.html:203:1 (mlr_learners_clust.SimpleKMeans.Rd:163): Warning: <h5> anchor "Usage" already defined
mlr_learners_clust.agnes.html:160:1 (mlr_learners_clust.agnes.Rd:141): Warning: <h5> anchor "Usage" already defined
mlr_learners_clust.ap.html:179:1 (mlr_learners_clust.ap.Rd:152): Warning: <h5> anchor "Usage" already defined
mlr_learners_clust.bico.html:150:1 (mlr_learners_clust.bico.Rd:143): Warning: <h5> anchor "Usage" already defined
mlr_learners_clust.birch.html:154:1 (mlr_learners_clust.birch.Rd:147): Warning: <h5> anchor "Usage" already defined
mlr_learners_clust.cmeans.html:173:1 (mlr_learners_clust.cmeans.Rd:149): Warning: <h5> anchor "Usage" already defined
mlr_learners_clust.cobweb.html:147:1 (mlr_learners_clust.cobweb.Rd:145): Warning: <h5> anchor "Usage" already defined
mlr_learners_clust.dbscan.html:166:1 (mlr_learners_clust.dbscan.Rd:146): Warning: <h5> anchor "Usage" already defined
mlr_learners_clust.dbscan_fpc.html:162:1 (mlr_learners_clust.dbscan_fpc.Rd:140): Warning: <h5> anchor "Usage" already defined
mlr_learners_clust.diana.html:152:1 (mlr_learners_clust.diana.Rd:139): Warning: <h5> anchor "Usage" already defined
mlr_learners_clust.em.html:184:1 (mlr_learners_clust.em.Rd:151): Warning: <h5> anchor "Usage" already defined
mlr_learners_clust.fanny.html:167:1 (mlr_learners_clust.fanny.Rd:145): Warning: <h5> anchor "Usage" already defined
mlr_learners_clust.featureless.html:138:1 (mlr_learners_clust.featureless.Rd:129): Warning: <h5> anchor "Usage" already defined
mlr_learners_clust.ff.html:147:1 (mlr_learners_clust.ff.Rd:141): Warning: <h5> anchor "Usage" already defined
mlr_learners_clust.hclust.html:162:1 (mlr_learners_clust.hclust.Rd:179): Warning: <h5> anchor "Usage" already defined
mlr_learners_clust.hdbscan.html:150:1 (mlr_learners_clust.hdbscan.Rd:143): Warning: <h5> anchor "Usage" already defined
mlr_learners_clust.kkmeans.html:174:1 (mlr_learners_clust.kkmeans.Rd:150): Warning: <h5> anchor "Usage" already defined
mlr_learners_clust.kmeans.html:157:1 (mlr_learners_clust.kmeans.Rd:154): Warning: <h5> anchor "Usage" already defined
mlr_learners_clust.mclust.html:159:1 (mlr_learners_clust.mclust.Rd:144): Warning: <h5> anchor "Usage" already defined
mlr_learners_clust.meanshift.html:155:1 (mlr_learners_clust.meanshift.Rd:139): Warning: <h5> anchor "Usage" already defined
mlr_learners_clust.optics.html:162:1 (mlr_learners_clust.optics.Rd:145): Warning: <h5> anchor "Usage" already defined
mlr_learners_clust.pam.html:166:1 (mlr_learners_clust.pam.Rd:149): Warning: <h5> anchor "Usage" already defined
mlr_learners_clust.xmeans.html:199:1 (mlr_learners_clust.xmeans.Rd:154): Warning: <h5> anchor "Usage" already defined
Flavors: r-devel-linux-x86_64-debian-clang, r-devel-linux-x86_64-debian-gcc